{"id":34415,"date":"2021-09-10T11:03:19","date_gmt":"2021-09-10T16:03:19","guid":{"rendered":"https:\/\/nebraskadem.wpenginepowered.com\/?page_id=34415"},"modified":"2021-09-10T11:03:19","modified_gmt":"2021-09-10T16:03:19","slug":"carol-blood-introducer-bios","status":"publish","type":"page","link":"https:\/\/nebraskademocrats.org\/es\/carol-blood-introducer-bios\/","title":{"rendered":"Biograf\u00edas del introductor de Carol Blood"},"content":{"rendered":"<p><b>Charles &quot;Charley&quot; Gould <\/b><span style=\"font-weight: 400;\">era la maestra de discursos \/ debates de la escuela secundaria de Blood. <\/span><span style=\"font-weight: 400;\">De Arcadia, asisti\u00f3 a Kearney State College y se especializ\u00f3 en ingl\u00e9s y educaci\u00f3n. Comenz\u00f3 su carrera docente en Elba, Neb., Y se mud\u00f3 a Hastings Adam Central. M\u00e1s tarde asisti\u00f3 a la escuela de posgrado en la Universidad de Nebraska-Lincoln y luego ense\u00f1\u00f3 para las Escuelas P\u00fablicas de Omaha y luego se retir\u00f3 de la docencia en 2009. Luego pas\u00f3 a trabajar en el personal del Distrito Escolar Comunitario de Council Bluffs (Iowa) antes de jubilarse en 2015. Fue nombrado Maestro del A\u00f1o en Artes del Lenguaje de Nebraska al final de su carrera. Tambi\u00e9n fue presidente nacional y representante estatal del Consejo Nacional de Profesores de Ingl\u00e9s. Es voluntario en Omaha Together One Community.<\/span><\/p>\n<p><b>Mary Macias-Cox<\/b><span style=\"font-weight: 400;\"> es propietaria de Texture Salon and Spa en Bellevue con su esposo, Rick, un sargento mayor retirado de la Fuerza A\u00e9rea. Nacida y criada en La Paz, Bolivia, la familia de Mary emigr\u00f3 a los Estados Unidos y se estableci\u00f3 en Alamogordo, Nuevo M\u00e9xico. Mary es ahora ciudadana estadounidense naturalizada. Se gradu\u00f3 de la Universidad Estatal de Nuevo M\u00e9xico con una licenciatura en hoteler\u00eda y turismo y en 1994 cambi\u00f3 su carrera a la cosmetolog\u00eda. Ella y Rick tienen tres hijos: Victoria 24, Diego 21 y Fernando 19. Son miembros de la Iglesia Cat\u00f3lica St. Mary en Bellevue.<\/span><\/p>\n<p><b>Sello de Joslyn<\/b><span style=\"font-weight: 400;\">, De 13 a\u00f1os, es hija de Jerod y Margaret Stamp de Plattsmouth, Nebraska. Es conocida en los condados de Sarpy y Cass por su compromiso de ayudar al medio ambiente. Obtuvo el Premio Ambiental Juvenil Presidencial 2018-2019 de la Agencia de Protecci\u00f3n Ambiental por sus esfuerzos de reciclaje y es la Homenajeada 2021 Prudential Spirit of Community Middle School de Nebraska. Joslyn es una estudiante de octavo grado en Brownell Talbot College Preparatory School. Tambi\u00e9n est\u00e1 activa en Cass County 4-H y es reportera infantil de Sports Illustrated Kids.<\/span><\/p>","protected":false},"excerpt":{"rendered":"<p>Charles &#8220;Charley&#8221; Gould was Blood\u2019s high school speech\/debate teacher. From Arcadia, he attended Kearney State College and majored in English and education. He began his teaching career in Elba, Neb., and moved to Hastings Adam Central. He later attended graduate school at the University of Nebraska-Lincoln and then taught for Omaha Public Schools and then &#8230; <a title=\"Biograf\u00edas del introductor de Carol Blood\" class=\"read-more\" href=\"https:\/\/nebraskademocrats.org\/es\/carol-blood-introducer-bios\/\" aria-label=\"More on Carol Blood introducer bios\">Lee mas<\/a><\/p>","protected":false},"author":19,"featured_media":0,"parent":0,"menu_order":0,"comment_status":"closed","ping_status":"closed","template":"","meta":{"_acf_changed":false,"_exactmetrics_skip_tracking":false,"_exactmetrics_sitenote_active":false,"_exactmetrics_sitenote_note":"","_exactmetrics_sitenote_category":0,"footnotes":""},"class_list":["post-34415","page","type-page","status-publish"],"acf":[],"yoast_head":"<!-- This site is optimized with the Yoast SEO plugin v27.4 - https:\/\/yoast.com\/product\/yoast-seo-wordpress\/ -->\n<title>Carol Blood introducer bios &#8211; Nebraska Democratic Party<\/title>\n<meta name=\"robots\" content=\"index, follow, max-snippet:-1, max-image-preview:large, max-video-preview:-1\" \/>\n<link rel=\"canonical\" href=\"https:\/\/nebraskademocrats.org\/es\/carol-blood-introducer-bios\/\" \/>\n<meta property=\"og:locale\" content=\"es_MX\" \/>\n<meta property=\"og:type\" content=\"article\" \/>\n<meta property=\"og:title\" content=\"Carol Blood introducer bios &#8211; Nebraska Democratic Party\" \/>\n<meta property=\"og:description\" content=\"Charles &#8220;Charley&#8221; Gould was Blood\u2019s high school speech\/debate teacher. From Arcadia, he attended Kearney State College and majored in English and education. He began his teaching career in Elba, Neb., and moved to Hastings Adam Central. He later attended graduate school at the University of Nebraska-Lincoln and then taught for Omaha Public Schools and then ... Read more\" \/>\n<meta property=\"og:url\" content=\"https:\/\/nebraskademocrats.org\/es\/carol-blood-introducer-bios\/\" \/>\n<meta property=\"og:site_name\" content=\"Nebraska Democratic Party\" \/>\n<meta property=\"article:publisher\" content=\"https:\/\/www.facebook.com\/NebraskaDemocraticParty\/\" \/>\n<meta property=\"og:image\" content=\"https:\/\/nebraskademocrats.org\/wp-content\/uploads\/2018\/09\/ne-dems-fb.jpg\" \/>\n\t<meta property=\"og:image:width\" content=\"1200\" \/>\n\t<meta property=\"og:image:height\" content=\"630\" \/>\n\t<meta property=\"og:image:type\" content=\"image\/jpeg\" \/>\n<meta name=\"twitter:card\" content=\"summary_large_image\" \/>\n<meta name=\"twitter:site\" content=\"@nebraskadems\" \/>\n<meta name=\"twitter:label1\" content=\"Tiempo de lectura\" \/>\n\t<meta name=\"twitter:data1\" content=\"2 minutos\" \/>\n<script type=\"application\/ld+json\" class=\"yoast-schema-graph\">{\"@context\":\"https:\\\/\\\/schema.org\",\"@graph\":[{\"@type\":\"WebPage\",\"@id\":\"https:\\\/\\\/nebraskademocrats.org\\\/carol-blood-introducer-bios\\\/\",\"url\":\"https:\\\/\\\/nebraskademocrats.org\\\/carol-blood-introducer-bios\\\/\",\"name\":\"Carol Blood introducer bios &#8211; Nebraska Democratic Party\",\"isPartOf\":{\"@id\":\"https:\\\/\\\/nebraskademocrats.org\\\/#website\"},\"datePublished\":\"2021-09-10T16:03:19+00:00\",\"breadcrumb\":{\"@id\":\"https:\\\/\\\/nebraskademocrats.org\\\/carol-blood-introducer-bios\\\/#breadcrumb\"},\"inLanguage\":\"es\",\"potentialAction\":[{\"@type\":\"ReadAction\",\"target\":[\"https:\\\/\\\/nebraskademocrats.org\\\/carol-blood-introducer-bios\\\/\"]}]},{\"@type\":\"BreadcrumbList\",\"@id\":\"https:\\\/\\\/nebraskademocrats.org\\\/carol-blood-introducer-bios\\\/#breadcrumb\",\"itemListElement\":[{\"@type\":\"ListItem\",\"position\":1,\"name\":\"Home\",\"item\":\"https:\\\/\\\/nebraskademocrats.org\\\/\"},{\"@type\":\"ListItem\",\"position\":2,\"name\":\"Carol Blood introducer bios\"}]},{\"@type\":\"WebSite\",\"@id\":\"https:\\\/\\\/nebraskademocrats.org\\\/#website\",\"url\":\"https:\\\/\\\/nebraskademocrats.org\\\/\",\"name\":\"Nebraska Democratic Party\",\"description\":\"Growing the Good Life for All Nebraskans\",\"publisher\":{\"@id\":\"https:\\\/\\\/nebraskademocrats.org\\\/#organization\"},\"potentialAction\":[{\"@type\":\"SearchAction\",\"target\":{\"@type\":\"EntryPoint\",\"urlTemplate\":\"https:\\\/\\\/nebraskademocrats.org\\\/?s={search_term_string}\"},\"query-input\":{\"@type\":\"PropertyValueSpecification\",\"valueRequired\":true,\"valueName\":\"search_term_string\"}}],\"inLanguage\":\"es\"},{\"@type\":\"Organization\",\"@id\":\"https:\\\/\\\/nebraskademocrats.org\\\/#organization\",\"name\":\"Nebraska Democratic Party\",\"url\":\"https:\\\/\\\/nebraskademocrats.org\\\/\",\"logo\":{\"@type\":\"ImageObject\",\"inLanguage\":\"es\",\"@id\":\"https:\\\/\\\/nebraskademocrats.org\\\/#\\\/schema\\\/logo\\\/image\\\/\",\"url\":\"https:\\\/\\\/nebraskadem.wpenginepowered.com\\\/wp-content\\\/uploads\\\/2016\\\/05\\\/NDP2.jpg\",\"contentUrl\":\"https:\\\/\\\/nebraskadem.wpenginepowered.com\\\/wp-content\\\/uploads\\\/2016\\\/05\\\/NDP2.jpg\",\"width\":1000,\"height\":396,\"caption\":\"Nebraska Democratic Party\"},\"image\":{\"@id\":\"https:\\\/\\\/nebraskademocrats.org\\\/#\\\/schema\\\/logo\\\/image\\\/\"},\"sameAs\":[\"https:\\\/\\\/www.facebook.com\\\/NebraskaDemocraticParty\\\/\",\"https:\\\/\\\/x.com\\\/nebraskadems\"]}]}<\/script>\n<!-- \/ Yoast SEO plugin. -->","yoast_head_json":{"title":"Carol Blood introducer bios &#8211; Nebraska Democratic Party","robots":{"index":"index","follow":"follow","max-snippet":"max-snippet:-1","max-image-preview":"max-image-preview:large","max-video-preview":"max-video-preview:-1"},"canonical":"https:\/\/nebraskademocrats.org\/es\/carol-blood-introducer-bios\/","og_locale":"es_MX","og_type":"article","og_title":"Carol Blood introducer bios &#8211; Nebraska Democratic Party","og_description":"Charles &#8220;Charley&#8221; Gould was Blood\u2019s high school speech\/debate teacher. From Arcadia, he attended Kearney State College and majored in English and education. He began his teaching career in Elba, Neb., and moved to Hastings Adam Central. He later attended graduate school at the University of Nebraska-Lincoln and then taught for Omaha Public Schools and then ... Read more","og_url":"https:\/\/nebraskademocrats.org\/es\/carol-blood-introducer-bios\/","og_site_name":"Nebraska Democratic Party","article_publisher":"https:\/\/www.facebook.com\/NebraskaDemocraticParty\/","og_image":[{"width":1200,"height":630,"url":"https:\/\/nebraskademocrats.org\/wp-content\/uploads\/2018\/09\/ne-dems-fb.jpg","type":"image\/jpeg"}],"twitter_card":"summary_large_image","twitter_site":"@nebraskadems","twitter_misc":{"Tiempo de lectura":"2 minutos"},"schema":{"@context":"https:\/\/schema.org","@graph":[{"@type":"WebPage","@id":"https:\/\/nebraskademocrats.org\/carol-blood-introducer-bios\/","url":"https:\/\/nebraskademocrats.org\/carol-blood-introducer-bios\/","name":"Carol Blood introducer bios &#8211; Nebraska Democratic Party","isPartOf":{"@id":"https:\/\/nebraskademocrats.org\/#website"},"datePublished":"2021-09-10T16:03:19+00:00","breadcrumb":{"@id":"https:\/\/nebraskademocrats.org\/carol-blood-introducer-bios\/#breadcrumb"},"inLanguage":"es","potentialAction":[{"@type":"ReadAction","target":["https:\/\/nebraskademocrats.org\/carol-blood-introducer-bios\/"]}]},{"@type":"BreadcrumbList","@id":"https:\/\/nebraskademocrats.org\/carol-blood-introducer-bios\/#breadcrumb","itemListElement":[{"@type":"ListItem","position":1,"name":"Home","item":"https:\/\/nebraskademocrats.org\/"},{"@type":"ListItem","position":2,"name":"Carol Blood introducer bios"}]},{"@type":"WebSite","@id":"https:\/\/nebraskademocrats.org\/#website","url":"https:\/\/nebraskademocrats.org\/","name":"Partido Dem\u00f3crata de Nebraska","description":"Cultivando la buena vida para todos los nebraskenses","publisher":{"@id":"https:\/\/nebraskademocrats.org\/#organization"},"potentialAction":[{"@type":"SearchAction","target":{"@type":"EntryPoint","urlTemplate":"https:\/\/nebraskademocrats.org\/?s={search_term_string}"},"query-input":{"@type":"PropertyValueSpecification","valueRequired":true,"valueName":"search_term_string"}}],"inLanguage":"es"},{"@type":"Organization","@id":"https:\/\/nebraskademocrats.org\/#organization","name":"Partido Dem\u00f3crata de Nebraska","url":"https:\/\/nebraskademocrats.org\/","logo":{"@type":"ImageObject","inLanguage":"es","@id":"https:\/\/nebraskademocrats.org\/#\/schema\/logo\/image\/","url":"https:\/\/nebraskadem.wpenginepowered.com\/wp-content\/uploads\/2016\/05\/NDP2.jpg","contentUrl":"https:\/\/nebraskadem.wpenginepowered.com\/wp-content\/uploads\/2016\/05\/NDP2.jpg","width":1000,"height":396,"caption":"Nebraska Democratic Party"},"image":{"@id":"https:\/\/nebraskademocrats.org\/#\/schema\/logo\/image\/"},"sameAs":["https:\/\/www.facebook.com\/NebraskaDemocraticParty\/","https:\/\/x.com\/nebraskadems"]}]}},"_links":{"self":[{"href":"https:\/\/nebraskademocrats.org\/es\/wp-json\/wp\/v2\/pages\/34415","targetHints":{"allow":["GET"]}}],"collection":[{"href":"https:\/\/nebraskademocrats.org\/es\/wp-json\/wp\/v2\/pages"}],"about":[{"href":"https:\/\/nebraskademocrats.org\/es\/wp-json\/wp\/v2\/types\/page"}],"author":[{"embeddable":true,"href":"https:\/\/nebraskademocrats.org\/es\/wp-json\/wp\/v2\/users\/19"}],"replies":[{"embeddable":true,"href":"https:\/\/nebraskademocrats.org\/es\/wp-json\/wp\/v2\/comments?post=34415"}],"version-history":[{"count":0,"href":"https:\/\/nebraskademocrats.org\/es\/wp-json\/wp\/v2\/pages\/34415\/revisions"}],"wp:attachment":[{"href":"https:\/\/nebraskademocrats.org\/es\/wp-json\/wp\/v2\/media?parent=34415"}],"curies":[{"name":"wp","href":"https:\/\/api.w.org\/{rel}","templated":true}]}}

Biografías del introductor de Carol Blood

<p><b>Charles &quot;Charley&quot; Gould </b><span style="font-weight: 400;">era la maestra de discursos / debates de la escuela secundaria de Blood. </span><span style="font-weight: 400;">De Arcadia, asistió a Kearney State College y se especializó en inglés y educación. Comenzó su carrera docente en Elba, Neb., Y se mudó a Hastings Adam Central. Más tarde asistió a la escuela de posgrado en la Universidad de Nebraska-Lincoln y luego enseñó para las Escuelas Públicas de Omaha y luego se retiró de la docencia en 2009. Luego pasó a trabajar en el personal del Distrito Escolar Comunitario de Council Bluffs (Iowa) antes de jubilarse en 2015. Fue nombrado Maestro del Año en Artes del Lenguaje de Nebraska al final de su carrera. También fue presidente nacional y representante estatal del Consejo Nacional de Profesores de Inglés. Es voluntario en Omaha Together One Community.</span></p>
<p><b>Mary Macias-Cox</b><span style="font-weight: 400;"> es propietaria de Texture Salon and Spa en Bellevue con su esposo, Rick, un sargento mayor retirado de la Fuerza Aérea. Nacida y criada en La Paz, Bolivia, la familia de Mary emigró a los Estados Unidos y se estableció en Alamogordo, Nuevo México. Mary es ahora ciudadana estadounidense naturalizada. Se graduó de la Universidad Estatal de Nuevo México con una licenciatura en hotelería y turismo y en 1994 cambió su carrera a la cosmetología. Ella y Rick tienen tres hijos: Victoria 24, Diego 21 y Fernando 19. Son miembros de la Iglesia Católica St. Mary en Bellevue.</span></p>
<p><b>Sello de Joslyn</b><span style="font-weight: 400;">, De 13 años, es hija de Jerod y Margaret Stamp de Plattsmouth, Nebraska. Es conocida en los condados de Sarpy y Cass por su compromiso de ayudar al medio ambiente. Obtuvo el Premio Ambiental Juvenil Presidencial 2018-2019 de la Agencia de Protección Ambiental por sus esfuerzos de reciclaje y es la Homenajeada 2021 Prudential Spirit of Community Middle School de Nebraska. Joslyn es una estudiante de octavo grado en Brownell Talbot College Preparatory School. También está activa en Cass County 4-H y es reportera infantil de Sports Illustrated Kids.</span></p>

<p>Charles &#8220;Charley&#8221; Gould was Blood’s high school speech/debate teacher. From Arcadia, he attended Kearney State College and majored in English and education. He began his teaching career in Elba, Neb., and moved to Hastings Adam Central. He later attended graduate school at the University of Nebraska-Lincoln and then taught for Omaha Public Schools and then &#8230; <a title="Biografías del introductor de Carol Blood" class="read-more" href="https://nebraskademocrats.org/es/carol-blood-introducer-bios/" aria-label="More on Carol Blood introducer bios">Lee mas</a></p>

Partido Demócrata de Nebraska
