{"id":11775,"date":"2020-02-12T11:57:05","date_gmt":"2020-02-12T17:57:05","guid":{"rendered":"https:\/\/nebraskadem.wpenginepowered.com\/event\/john-kerry-speaks-at-uno-hagel-even\/"},"modified":"2020-02-26T20:53:37","modified_gmt":"2020-02-27T02:53:37","slug":"john-kerry-speaks-at-uno-hagel-even","status":"publish","type":"tribe_events","link":"https:\/\/nebraskademocrats.org\/es\/event\/john-kerry-speaks-at-uno-hagel-even\/","title":{"rendered":"John Kerry habla en UNO Hagel Event"},"content":{"rendered":"<p><\/p>\n<p>John Kerry, exsecretario de Estado de Estados Unidos y ex candidato presidencial, hablar\u00e1 el 26 de febrero en la Universidad de Nebraska en el Foro Hagel de Liderazgo Global de Omaha.<\/p>\n<p><\/p>\n<p>Kerry y Chuck Hagel, ambos veteranos de la Guerra de Vietnam, discutir\u00e1n los desaf\u00edos que enfrenta la naci\u00f3n y el mundo. Se espera que temas como los acuerdos internacionales sobre seguridad, comercio, energ\u00eda, derechos humanos y otros temas formen parte del foro.<\/p>\n<p><\/p>\n<p>El foro es gratis. Los boletos pueden ser adquiridos por el p\u00fablico en&nbsp;<a href=\"http:\/\/events.unomaha.edu\/hagelforum\" id=\"ow466\">events.unomaha.edu\/hagelforum<\/a>. El cupo es limitado.<\/p>\n<p><\/p>\n<p>Kerry, un ex senador estadounidense de Massachusetts, dar\u00e1 un discurso de apertura. Seguir\u00e1 una discusi\u00f3n moderada con Hagel.<\/p>","protected":false},"excerpt":{"rendered":"<p>John Kerry, former U.S. secretary of state and former presidential candidate, will speak Feb. 26 at the University of Nebraska at Omaha&#8217;s Hagel Forum in Global Leadership. Kerry and Chuck Hagel, both Vietnam War veterans, will discuss the challenges facing the nation and world. Topics such as international agreements on security, trade, energy, human rights &#8230; <a title=\"John Kerry habla en UNO Hagel Event\" class=\"read-more\" href=\"https:\/\/nebraskademocrats.org\/es\/event\/john-kerry-speaks-at-uno-hagel-even\/\" aria-label=\"More on John Kerry speaks at UNO Hagel Event\">Lee mas<\/a><\/p>","protected":false},"author":17,"featured_media":0,"template":"","meta":{"_acf_changed":false,"_exactmetrics_skip_tracking":false,"_exactmetrics_sitenote_active":false,"_exactmetrics_sitenote_note":"","_exactmetrics_sitenote_category":0,"_tribe_events_status":"","_tribe_events_status_reason":"","footnotes":""},"tags":[],"tribe_events_cat":[69],"class_list":["post-11775","tribe_events","type-tribe_events","status-publish","hentry","tribe_events_cat-we-the-people","cat_we-the-people"],"acf":[],"yoast_head":"<!-- This site is optimized with the Yoast SEO plugin v27.4 - https:\/\/yoast.com\/product\/yoast-seo-wordpress\/ -->\n<title>John Kerry speaks at UNO Hagel Event &#8211; Nebraska Democratic Party<\/title>\n<meta name=\"robots\" content=\"index, follow, max-snippet:-1, max-image-preview:large, max-video-preview:-1\" \/>\n<link rel=\"canonical\" href=\"https:\/\/nebraskademocrats.org\/es\/event\/john-kerry-speaks-at-uno-hagel-even\/\" \/>\n<meta property=\"og:locale\" content=\"es_MX\" \/>\n<meta property=\"og:type\" content=\"article\" \/>\n<meta property=\"og:title\" content=\"John Kerry speaks at UNO Hagel Event &#8211; Nebraska Democratic Party\" \/>\n<meta property=\"og:description\" content=\"John Kerry, former U.S. secretary of state and former presidential candidate, will speak Feb. 26 at the University of Nebraska at Omaha&#8217;s Hagel Forum in Global Leadership. Kerry and Chuck Hagel, both Vietnam War veterans, will discuss the challenges facing the nation and world. Topics such as international agreements on security, trade, energy, human rights ... Read more\" \/>\n<meta property=\"og:url\" content=\"https:\/\/nebraskademocrats.org\/es\/event\/john-kerry-speaks-at-uno-hagel-even\/\" \/>\n<meta property=\"og:site_name\" content=\"Nebraska Democratic Party\" \/>\n<meta property=\"article:publisher\" content=\"https:\/\/www.facebook.com\/NebraskaDemocraticParty\/\" \/>\n<meta property=\"article:modified_time\" content=\"2020-02-27T02:53:37+00:00\" \/>\n<meta property=\"og:image\" content=\"https:\/\/nebraskademocrats.org\/wp-content\/uploads\/2018\/09\/ne-dems-fb.jpg\" \/>\n\t<meta property=\"og:image:width\" content=\"1200\" \/>\n\t<meta property=\"og:image:height\" content=\"630\" \/>\n\t<meta property=\"og:image:type\" content=\"image\/jpeg\" \/>\n<meta name=\"twitter:card\" content=\"summary_large_image\" \/>\n<meta name=\"twitter:site\" content=\"@nebraskadems\" \/>\n<meta name=\"twitter:label1\" content=\"Tiempo de lectura\" \/>\n\t<meta name=\"twitter:data1\" content=\"1 minuto\" \/>\n<script type=\"application\/ld+json\" class=\"yoast-schema-graph\">{\"@context\":\"https:\\\/\\\/schema.org\",\"@graph\":[{\"@type\":\"WebPage\",\"@id\":\"https:\\\/\\\/nebraskademocrats.org\\\/event\\\/john-kerry-speaks-at-uno-hagel-even\\\/\",\"url\":\"https:\\\/\\\/nebraskademocrats.org\\\/event\\\/john-kerry-speaks-at-uno-hagel-even\\\/\",\"name\":\"John Kerry speaks at UNO Hagel Event &#8211; Nebraska Democratic Party\",\"isPartOf\":{\"@id\":\"https:\\\/\\\/nebraskademocrats.org\\\/#website\"},\"datePublished\":\"2020-02-12T17:57:05+00:00\",\"dateModified\":\"2020-02-27T02:53:37+00:00\",\"breadcrumb\":{\"@id\":\"https:\\\/\\\/nebraskademocrats.org\\\/event\\\/john-kerry-speaks-at-uno-hagel-even\\\/#breadcrumb\"},\"inLanguage\":\"es\",\"potentialAction\":[{\"@type\":\"ReadAction\",\"target\":[\"https:\\\/\\\/nebraskademocrats.org\\\/event\\\/john-kerry-speaks-at-uno-hagel-even\\\/\"]}]},{\"@type\":\"BreadcrumbList\",\"@id\":\"https:\\\/\\\/nebraskademocrats.org\\\/event\\\/john-kerry-speaks-at-uno-hagel-even\\\/#breadcrumb\",\"itemListElement\":[{\"@type\":\"ListItem\",\"position\":1,\"name\":\"Home\",\"item\":\"https:\\\/\\\/nebraskademocrats.org\\\/\"},{\"@type\":\"ListItem\",\"position\":2,\"name\":\"Events\",\"item\":\"https:\\\/\\\/nebraskademocrats.org\\\/vi\\\/events\\\/\"},{\"@type\":\"ListItem\",\"position\":3,\"name\":\"John Kerry speaks at UNO Hagel Event\"}]},{\"@type\":\"WebSite\",\"@id\":\"https:\\\/\\\/nebraskademocrats.org\\\/#website\",\"url\":\"https:\\\/\\\/nebraskademocrats.org\\\/\",\"name\":\"Nebraska Democratic Party\",\"description\":\"Growing the Good Life for All Nebraskans\",\"publisher\":{\"@id\":\"https:\\\/\\\/nebraskademocrats.org\\\/#organization\"},\"potentialAction\":[{\"@type\":\"SearchAction\",\"target\":{\"@type\":\"EntryPoint\",\"urlTemplate\":\"https:\\\/\\\/nebraskademocrats.org\\\/?s={search_term_string}\"},\"query-input\":{\"@type\":\"PropertyValueSpecification\",\"valueRequired\":true,\"valueName\":\"search_term_string\"}}],\"inLanguage\":\"es\"},{\"@type\":\"Organization\",\"@id\":\"https:\\\/\\\/nebraskademocrats.org\\\/#organization\",\"name\":\"Nebraska Democratic Party\",\"url\":\"https:\\\/\\\/nebraskademocrats.org\\\/\",\"logo\":{\"@type\":\"ImageObject\",\"inLanguage\":\"es\",\"@id\":\"https:\\\/\\\/nebraskademocrats.org\\\/#\\\/schema\\\/logo\\\/image\\\/\",\"url\":\"https:\\\/\\\/nebraskadem.wpenginepowered.com\\\/wp-content\\\/uploads\\\/2016\\\/05\\\/NDP2.jpg\",\"contentUrl\":\"https:\\\/\\\/nebraskadem.wpenginepowered.com\\\/wp-content\\\/uploads\\\/2016\\\/05\\\/NDP2.jpg\",\"width\":1000,\"height\":396,\"caption\":\"Nebraska Democratic Party\"},\"image\":{\"@id\":\"https:\\\/\\\/nebraskademocrats.org\\\/#\\\/schema\\\/logo\\\/image\\\/\"},\"sameAs\":[\"https:\\\/\\\/www.facebook.com\\\/NebraskaDemocraticParty\\\/\",\"https:\\\/\\\/x.com\\\/nebraskadems\"]}]}<\/script>\n<!-- \/ Yoast SEO plugin. -->","yoast_head_json":{"title":"John Kerry speaks at UNO Hagel Event &#8211; Nebraska Democratic Party","robots":{"index":"index","follow":"follow","max-snippet":"max-snippet:-1","max-image-preview":"max-image-preview:large","max-video-preview":"max-video-preview:-1"},"canonical":"https:\/\/nebraskademocrats.org\/es\/event\/john-kerry-speaks-at-uno-hagel-even\/","og_locale":"es_MX","og_type":"article","og_title":"John Kerry speaks at UNO Hagel Event &#8211; Nebraska Democratic Party","og_description":"John Kerry, former U.S. secretary of state and former presidential candidate, will speak Feb. 26 at the University of Nebraska at Omaha&#8217;s Hagel Forum in Global Leadership. Kerry and Chuck Hagel, both Vietnam War veterans, will discuss the challenges facing the nation and world. Topics such as international agreements on security, trade, energy, human rights ... Read more","og_url":"https:\/\/nebraskademocrats.org\/es\/event\/john-kerry-speaks-at-uno-hagel-even\/","og_site_name":"Nebraska Democratic Party","article_publisher":"https:\/\/www.facebook.com\/NebraskaDemocraticParty\/","article_modified_time":"2020-02-27T02:53:37+00:00","og_image":[{"width":1200,"height":630,"url":"https:\/\/nebraskademocrats.org\/wp-content\/uploads\/2018\/09\/ne-dems-fb.jpg","type":"image\/jpeg"}],"twitter_card":"summary_large_image","twitter_site":"@nebraskadems","twitter_misc":{"Tiempo de lectura":"1 minuto"},"schema":{"@context":"https:\/\/schema.org","@graph":[{"@type":"WebPage","@id":"https:\/\/nebraskademocrats.org\/event\/john-kerry-speaks-at-uno-hagel-even\/","url":"https:\/\/nebraskademocrats.org\/event\/john-kerry-speaks-at-uno-hagel-even\/","name":"John Kerry speaks at UNO Hagel Event &#8211; Nebraska Democratic Party","isPartOf":{"@id":"https:\/\/nebraskademocrats.org\/#website"},"datePublished":"2020-02-12T17:57:05+00:00","dateModified":"2020-02-27T02:53:37+00:00","breadcrumb":{"@id":"https:\/\/nebraskademocrats.org\/event\/john-kerry-speaks-at-uno-hagel-even\/#breadcrumb"},"inLanguage":"es","potentialAction":[{"@type":"ReadAction","target":["https:\/\/nebraskademocrats.org\/event\/john-kerry-speaks-at-uno-hagel-even\/"]}]},{"@type":"BreadcrumbList","@id":"https:\/\/nebraskademocrats.org\/event\/john-kerry-speaks-at-uno-hagel-even\/#breadcrumb","itemListElement":[{"@type":"ListItem","position":1,"name":"Home","item":"https:\/\/nebraskademocrats.org\/"},{"@type":"ListItem","position":2,"name":"Events","item":"https:\/\/nebraskademocrats.org\/vi\/events\/"},{"@type":"ListItem","position":3,"name":"John Kerry speaks at UNO Hagel Event"}]},{"@type":"WebSite","@id":"https:\/\/nebraskademocrats.org\/#website","url":"https:\/\/nebraskademocrats.org\/","name":"Partido Dem\u00f3crata de Nebraska","description":"Cultivando la buena vida para todos los nebraskenses","publisher":{"@id":"https:\/\/nebraskademocrats.org\/#organization"},"potentialAction":[{"@type":"SearchAction","target":{"@type":"EntryPoint","urlTemplate":"https:\/\/nebraskademocrats.org\/?s={search_term_string}"},"query-input":{"@type":"PropertyValueSpecification","valueRequired":true,"valueName":"search_term_string"}}],"inLanguage":"es"},{"@type":"Organization","@id":"https:\/\/nebraskademocrats.org\/#organization","name":"Partido Dem\u00f3crata de Nebraska","url":"https:\/\/nebraskademocrats.org\/","logo":{"@type":"ImageObject","inLanguage":"es","@id":"https:\/\/nebraskademocrats.org\/#\/schema\/logo\/image\/","url":"https:\/\/nebraskadem.wpenginepowered.com\/wp-content\/uploads\/2016\/05\/NDP2.jpg","contentUrl":"https:\/\/nebraskadem.wpenginepowered.com\/wp-content\/uploads\/2016\/05\/NDP2.jpg","width":1000,"height":396,"caption":"Nebraska Democratic Party"},"image":{"@id":"https:\/\/nebraskademocrats.org\/#\/schema\/logo\/image\/"},"sameAs":["https:\/\/www.facebook.com\/NebraskaDemocraticParty\/","https:\/\/x.com\/nebraskadems"]}]}},"_links":{"self":[{"href":"https:\/\/nebraskademocrats.org\/es\/wp-json\/wp\/v2\/tribe_events\/11775","targetHints":{"allow":["GET"]}}],"collection":[{"href":"https:\/\/nebraskademocrats.org\/es\/wp-json\/wp\/v2\/tribe_events"}],"about":[{"href":"https:\/\/nebraskademocrats.org\/es\/wp-json\/wp\/v2\/types\/tribe_events"}],"author":[{"embeddable":true,"href":"https:\/\/nebraskademocrats.org\/es\/wp-json\/wp\/v2\/users\/17"}],"version-history":[{"count":0,"href":"https:\/\/nebraskademocrats.org\/es\/wp-json\/wp\/v2\/tribe_events\/11775\/revisions"}],"wp:attachment":[{"href":"https:\/\/nebraskademocrats.org\/es\/wp-json\/wp\/v2\/media?parent=11775"}],"wp:term":[{"taxonomy":"post_tag","embeddable":true,"href":"https:\/\/nebraskademocrats.org\/es\/wp-json\/wp\/v2\/tags?post=11775"},{"taxonomy":"tribe_events_cat","embeddable":true,"href":"https:\/\/nebraskademocrats.org\/es\/wp-json\/wp\/v2\/tribe_events_cat?post=11775"}],"curies":[{"name":"wp","href":"https:\/\/api.w.org\/{rel}","templated":true}]}}

<p></p>
<p>John Kerry, exsecretario de Estado de Estados Unidos y ex candidato presidencial, hablará el 26 de febrero en la Universidad de Nebraska en el Foro Hagel de Liderazgo Global de Omaha.</p>
<p></p>
<p>Kerry y Chuck Hagel, ambos veteranos de la Guerra de Vietnam, discutirán los desafíos que enfrenta la nación y el mundo. Se espera que temas como los acuerdos internacionales sobre seguridad, comercio, energía, derechos humanos y otros temas formen parte del foro.</p>
<p></p>
<p>El foro es gratis. Los boletos pueden ser adquiridos por el público en&nbsp;<a href="http://events.unomaha.edu/hagelforum" id="ow466">events.unomaha.edu/hagelforum</a>. El cupo es limitado.</p>
<p></p>
<p>Kerry, un ex senador estadounidense de Massachusetts, dará un discurso de apertura. Seguirá una discusión moderada con Hagel.</p>

Partido Demócrata de Nebraska
