{"id":28524,"date":"2020-12-15T20:09:37","date_gmt":"2020-12-16T02:09:37","guid":{"rendered":"https:\/\/nebraskadem.wpenginepowered.com\/event\/r-j-neary-for-omaha-mayor-holiday-fundraiser\/"},"modified":"2020-12-21T18:26:29","modified_gmt":"2020-12-22T00:26:29","slug":"r-j-neary-for-omaha-mayor-holiday-fundraiser","status":"publish","type":"tribe_events","link":"https:\/\/nebraskademocrats.org\/es\/event\/r-j-neary-for-omaha-mayor-holiday-fundraiser\/","title":{"rendered":"RJ Neary para la recaudaci\u00f3n de fondos navide\u00f1a del alcalde de Omaha"},"content":{"rendered":"<p>\u00danase a RJ Neary en la primera recaudaci\u00f3n de fondos de su campa\u00f1a para aprender m\u00e1s sobre \u00e9l y sus audaces planes para el futuro de Omaha.<br \/>\nEste evento virtual se llevar\u00e1 a cabo el lunes 21 de diciembre a las 6PM CT. Confirme su asistencia a continuaci\u00f3n para participar y recibir el enlace oficial de Zoom.<br \/>\nhttps:\/\/secure.actblue.com\/donate\/2021holidaykickoff?refcode=20201215_em_inv_b2_rj_all<\/p>","protected":false},"excerpt":{"rendered":"<p>\u00danase a RJ Neary en la primera recaudaci\u00f3n de fondos de su campa\u00f1a para aprender m\u00e1s sobre \u00e9l y sus audaces planes para el futuro de Omaha. Este evento virtual se llevar\u00e1 a cabo el lunes 21 de diciembre a las 6PM CT. Confirme su asistencia a continuaci\u00f3n para participar y recibir el enlace oficial de Zoom. https:\/\/secure.actblue.com\/donate\/2021holidaykickoff?refcode=20201215_em_inv_b2_rj_all<\/p>","protected":false},"author":17,"featured_media":0,"template":"","meta":{"_acf_changed":false,"_exactmetrics_skip_tracking":false,"_exactmetrics_sitenote_active":false,"_exactmetrics_sitenote_note":"","_exactmetrics_sitenote_category":0,"_tribe_events_status":"","_tribe_events_status_reason":"","footnotes":""},"tags":[],"tribe_events_cat":[69],"class_list":["post-28524","tribe_events","type-tribe_events","status-publish","hentry","tribe_events_cat-we-the-people","cat_we-the-people"],"acf":[],"yoast_head":"<!-- This site is optimized with the Yoast SEO plugin v27.4 - https:\/\/yoast.com\/product\/yoast-seo-wordpress\/ -->\n<title>R.J. Neary for Omaha Mayor Holiday Fundraiser &#8211; Nebraska Democratic Party<\/title>\n<meta name=\"robots\" content=\"index, follow, max-snippet:-1, max-image-preview:large, max-video-preview:-1\" \/>\n<link rel=\"canonical\" href=\"https:\/\/nebraskademocrats.org\/es\/event\/r-j-neary-for-omaha-mayor-holiday-fundraiser\/\" \/>\n<meta property=\"og:locale\" content=\"es_MX\" \/>\n<meta property=\"og:type\" content=\"article\" \/>\n<meta property=\"og:title\" content=\"R.J. Neary for Omaha Mayor Holiday Fundraiser &#8211; Nebraska Democratic Party\" \/>\n<meta property=\"og:description\" content=\"Join R.J. Neary for the very first fundraiser of his campaign to learn more about him and his bold plans for Omaha\u2019s future. This virtual event will take place on Monday, December 21st at 6PM CT. RSVP below to chip in and receive the official Zoom link. https:\/\/secure.actblue.com\/donate\/2021holidaykickoff?refcode=20201215_em_inv_b2_rj_all\" \/>\n<meta property=\"og:url\" content=\"https:\/\/nebraskademocrats.org\/es\/event\/r-j-neary-for-omaha-mayor-holiday-fundraiser\/\" \/>\n<meta property=\"og:site_name\" content=\"Nebraska Democratic Party\" \/>\n<meta property=\"article:publisher\" content=\"https:\/\/www.facebook.com\/NebraskaDemocraticParty\/\" \/>\n<meta property=\"article:modified_time\" content=\"2020-12-22T00:26:29+00:00\" \/>\n<meta property=\"og:image\" content=\"https:\/\/nebraskademocrats.org\/wp-content\/uploads\/2018\/09\/ne-dems-fb.jpg\" \/>\n\t<meta property=\"og:image:width\" content=\"1200\" \/>\n\t<meta property=\"og:image:height\" content=\"630\" \/>\n\t<meta property=\"og:image:type\" content=\"image\/jpeg\" \/>\n<meta name=\"twitter:card\" content=\"summary_large_image\" \/>\n<meta name=\"twitter:site\" content=\"@nebraskadems\" \/>\n<script type=\"application\/ld+json\" class=\"yoast-schema-graph\">{\"@context\":\"https:\\\/\\\/schema.org\",\"@graph\":[{\"@type\":\"WebPage\",\"@id\":\"https:\\\/\\\/nebraskademocrats.org\\\/event\\\/r-j-neary-for-omaha-mayor-holiday-fundraiser\\\/\",\"url\":\"https:\\\/\\\/nebraskademocrats.org\\\/event\\\/r-j-neary-for-omaha-mayor-holiday-fundraiser\\\/\",\"name\":\"R.J. Neary for Omaha Mayor Holiday Fundraiser &#8211; Nebraska Democratic Party\",\"isPartOf\":{\"@id\":\"https:\\\/\\\/nebraskademocrats.org\\\/#website\"},\"datePublished\":\"2020-12-16T02:09:37+00:00\",\"dateModified\":\"2020-12-22T00:26:29+00:00\",\"breadcrumb\":{\"@id\":\"https:\\\/\\\/nebraskademocrats.org\\\/event\\\/r-j-neary-for-omaha-mayor-holiday-fundraiser\\\/#breadcrumb\"},\"inLanguage\":\"es\",\"potentialAction\":[{\"@type\":\"ReadAction\",\"target\":[\"https:\\\/\\\/nebraskademocrats.org\\\/event\\\/r-j-neary-for-omaha-mayor-holiday-fundraiser\\\/\"]}]},{\"@type\":\"BreadcrumbList\",\"@id\":\"https:\\\/\\\/nebraskademocrats.org\\\/event\\\/r-j-neary-for-omaha-mayor-holiday-fundraiser\\\/#breadcrumb\",\"itemListElement\":[{\"@type\":\"ListItem\",\"position\":1,\"name\":\"Home\",\"item\":\"https:\\\/\\\/nebraskademocrats.org\\\/\"},{\"@type\":\"ListItem\",\"position\":2,\"name\":\"Events\",\"item\":\"https:\\\/\\\/nebraskademocrats.org\\\/vi\\\/events\\\/\"},{\"@type\":\"ListItem\",\"position\":3,\"name\":\"R.J. Neary for Omaha Mayor Holiday Fundraiser\"}]},{\"@type\":\"WebSite\",\"@id\":\"https:\\\/\\\/nebraskademocrats.org\\\/#website\",\"url\":\"https:\\\/\\\/nebraskademocrats.org\\\/\",\"name\":\"Nebraska Democratic Party\",\"description\":\"Growing the Good Life for All Nebraskans\",\"publisher\":{\"@id\":\"https:\\\/\\\/nebraskademocrats.org\\\/#organization\"},\"potentialAction\":[{\"@type\":\"SearchAction\",\"target\":{\"@type\":\"EntryPoint\",\"urlTemplate\":\"https:\\\/\\\/nebraskademocrats.org\\\/?s={search_term_string}\"},\"query-input\":{\"@type\":\"PropertyValueSpecification\",\"valueRequired\":true,\"valueName\":\"search_term_string\"}}],\"inLanguage\":\"es\"},{\"@type\":\"Organization\",\"@id\":\"https:\\\/\\\/nebraskademocrats.org\\\/#organization\",\"name\":\"Nebraska Democratic Party\",\"url\":\"https:\\\/\\\/nebraskademocrats.org\\\/\",\"logo\":{\"@type\":\"ImageObject\",\"inLanguage\":\"es\",\"@id\":\"https:\\\/\\\/nebraskademocrats.org\\\/#\\\/schema\\\/logo\\\/image\\\/\",\"url\":\"https:\\\/\\\/nebraskadem.wpenginepowered.com\\\/wp-content\\\/uploads\\\/2016\\\/05\\\/NDP2.jpg\",\"contentUrl\":\"https:\\\/\\\/nebraskadem.wpenginepowered.com\\\/wp-content\\\/uploads\\\/2016\\\/05\\\/NDP2.jpg\",\"width\":1000,\"height\":396,\"caption\":\"Nebraska Democratic Party\"},\"image\":{\"@id\":\"https:\\\/\\\/nebraskademocrats.org\\\/#\\\/schema\\\/logo\\\/image\\\/\"},\"sameAs\":[\"https:\\\/\\\/www.facebook.com\\\/NebraskaDemocraticParty\\\/\",\"https:\\\/\\\/x.com\\\/nebraskadems\"]}]}<\/script>\n<!-- \/ Yoast SEO plugin. -->","yoast_head_json":{"title":"R.J. Neary for Omaha Mayor Holiday Fundraiser &#8211; Nebraska Democratic Party","robots":{"index":"index","follow":"follow","max-snippet":"max-snippet:-1","max-image-preview":"max-image-preview:large","max-video-preview":"max-video-preview:-1"},"canonical":"https:\/\/nebraskademocrats.org\/es\/event\/r-j-neary-for-omaha-mayor-holiday-fundraiser\/","og_locale":"es_MX","og_type":"article","og_title":"R.J. Neary for Omaha Mayor Holiday Fundraiser &#8211; Nebraska Democratic Party","og_description":"Join R.J. Neary for the very first fundraiser of his campaign to learn more about him and his bold plans for Omaha\u2019s future. This virtual event will take place on Monday, December 21st at 6PM CT. RSVP below to chip in and receive the official Zoom link. https:\/\/secure.actblue.com\/donate\/2021holidaykickoff?refcode=20201215_em_inv_b2_rj_all","og_url":"https:\/\/nebraskademocrats.org\/es\/event\/r-j-neary-for-omaha-mayor-holiday-fundraiser\/","og_site_name":"Nebraska Democratic Party","article_publisher":"https:\/\/www.facebook.com\/NebraskaDemocraticParty\/","article_modified_time":"2020-12-22T00:26:29+00:00","og_image":[{"width":1200,"height":630,"url":"https:\/\/nebraskademocrats.org\/wp-content\/uploads\/2018\/09\/ne-dems-fb.jpg","type":"image\/jpeg"}],"twitter_card":"summary_large_image","twitter_site":"@nebraskadems","schema":{"@context":"https:\/\/schema.org","@graph":[{"@type":"WebPage","@id":"https:\/\/nebraskademocrats.org\/event\/r-j-neary-for-omaha-mayor-holiday-fundraiser\/","url":"https:\/\/nebraskademocrats.org\/event\/r-j-neary-for-omaha-mayor-holiday-fundraiser\/","name":"R.J. Neary for Omaha Mayor Holiday Fundraiser &#8211; Nebraska Democratic Party","isPartOf":{"@id":"https:\/\/nebraskademocrats.org\/#website"},"datePublished":"2020-12-16T02:09:37+00:00","dateModified":"2020-12-22T00:26:29+00:00","breadcrumb":{"@id":"https:\/\/nebraskademocrats.org\/event\/r-j-neary-for-omaha-mayor-holiday-fundraiser\/#breadcrumb"},"inLanguage":"es","potentialAction":[{"@type":"ReadAction","target":["https:\/\/nebraskademocrats.org\/event\/r-j-neary-for-omaha-mayor-holiday-fundraiser\/"]}]},{"@type":"BreadcrumbList","@id":"https:\/\/nebraskademocrats.org\/event\/r-j-neary-for-omaha-mayor-holiday-fundraiser\/#breadcrumb","itemListElement":[{"@type":"ListItem","position":1,"name":"Home","item":"https:\/\/nebraskademocrats.org\/"},{"@type":"ListItem","position":2,"name":"Events","item":"https:\/\/nebraskademocrats.org\/vi\/events\/"},{"@type":"ListItem","position":3,"name":"R.J. Neary for Omaha Mayor Holiday Fundraiser"}]},{"@type":"WebSite","@id":"https:\/\/nebraskademocrats.org\/#website","url":"https:\/\/nebraskademocrats.org\/","name":"Partido Dem\u00f3crata de Nebraska","description":"Cultivando la buena vida para todos los nebraskenses","publisher":{"@id":"https:\/\/nebraskademocrats.org\/#organization"},"potentialAction":[{"@type":"SearchAction","target":{"@type":"EntryPoint","urlTemplate":"https:\/\/nebraskademocrats.org\/?s={search_term_string}"},"query-input":{"@type":"PropertyValueSpecification","valueRequired":true,"valueName":"search_term_string"}}],"inLanguage":"es"},{"@type":"Organization","@id":"https:\/\/nebraskademocrats.org\/#organization","name":"Partido Dem\u00f3crata de Nebraska","url":"https:\/\/nebraskademocrats.org\/","logo":{"@type":"ImageObject","inLanguage":"es","@id":"https:\/\/nebraskademocrats.org\/#\/schema\/logo\/image\/","url":"https:\/\/nebraskadem.wpenginepowered.com\/wp-content\/uploads\/2016\/05\/NDP2.jpg","contentUrl":"https:\/\/nebraskadem.wpenginepowered.com\/wp-content\/uploads\/2016\/05\/NDP2.jpg","width":1000,"height":396,"caption":"Nebraska Democratic Party"},"image":{"@id":"https:\/\/nebraskademocrats.org\/#\/schema\/logo\/image\/"},"sameAs":["https:\/\/www.facebook.com\/NebraskaDemocraticParty\/","https:\/\/x.com\/nebraskadems"]}]}},"_links":{"self":[{"href":"https:\/\/nebraskademocrats.org\/es\/wp-json\/wp\/v2\/tribe_events\/28524","targetHints":{"allow":["GET"]}}],"collection":[{"href":"https:\/\/nebraskademocrats.org\/es\/wp-json\/wp\/v2\/tribe_events"}],"about":[{"href":"https:\/\/nebraskademocrats.org\/es\/wp-json\/wp\/v2\/types\/tribe_events"}],"author":[{"embeddable":true,"href":"https:\/\/nebraskademocrats.org\/es\/wp-json\/wp\/v2\/users\/17"}],"version-history":[{"count":0,"href":"https:\/\/nebraskademocrats.org\/es\/wp-json\/wp\/v2\/tribe_events\/28524\/revisions"}],"wp:attachment":[{"href":"https:\/\/nebraskademocrats.org\/es\/wp-json\/wp\/v2\/media?parent=28524"}],"wp:term":[{"taxonomy":"post_tag","embeddable":true,"href":"https:\/\/nebraskademocrats.org\/es\/wp-json\/wp\/v2\/tags?post=28524"},{"taxonomy":"tribe_events_cat","embeddable":true,"href":"https:\/\/nebraskademocrats.org\/es\/wp-json\/wp\/v2\/tribe_events_cat?post=28524"}],"curies":[{"name":"wp","href":"https:\/\/api.w.org\/{rel}","templated":true}]}}

RJ Neary para la recaudación de fondos navideña del alcalde de Omaha

<p>Únase a RJ Neary en la primera recaudación de fondos de su campaña para aprender más sobre él y sus audaces planes para el futuro de Omaha.<br />
Este evento virtual se llevará a cabo el lunes 21 de diciembre a las 6PM CT. Confirme su asistencia a continuación para participar y recibir el enlace oficial de Zoom.<br />
https://secure.actblue.com/donate/2021holidaykickoff?refcode=20201215_em_inv_b2_rj_all</p>

<p>Únase a RJ Neary en la primera recaudación de fondos de su campaña para aprender más sobre él y sus audaces planes para el futuro de Omaha. Este evento virtual se llevará a cabo el lunes 21 de diciembre a las 6PM CT. Confirme su asistencia a continuación para participar y recibir el enlace oficial de Zoom. https://secure.actblue.com/donate/2021holidaykickoff?refcode=20201215_em_inv_b2_rj_all</p>

Partido Demócrata de Nebraska
