{"id":8032,"date":"2019-03-15T14:15:29","date_gmt":"2019-03-15T19:15:29","guid":{"rendered":"http:\/\/nebraskadem.wpenginepowered.com\/?post_type=tribe_events&#038;p=8032"},"modified":"2020-01-01T15:53:23","modified_gmt":"2020-01-01T21:53:23","slug":"scc-meeting-crete","status":"publish","type":"tribe_events","link":"https:\/\/nebraskademocrats.org\/es\/event\/scc-meeting-crete\/","title":{"rendered":"Reuni\u00f3n del SCC: Hastings"},"content":{"rendered":"<div class=\"\" data-block=\"true\" data-editor=\"6k9ak\" data-offset-key=\"dgivd-0-0\">\n<div class=\"_1mf _1mj\" data-offset-key=\"dgivd-0-0\"><span data-offset-key=\"dgivd-0-0\">Caucus destacado: j\u00f3venes dem\u00f3cratas<\/span><\/div>\n<\/div>\n<div class=\"\" data-block=\"true\" data-editor=\"6k9ak\" data-offset-key=\"1p0l9-0-0\">\n<div class=\"_1mf _1mj\" data-offset-key=\"1p0l9-0-0\"><span data-offset-key=\"1p0l9-0-0\">\u00a0<\/span><\/div>\n<\/div>\n<div class=\"\" data-block=\"true\" data-editor=\"6k9ak\" data-offset-key=\"3mgn4-0-0\">\n<div class=\"_1mf _1mj\" data-offset-key=\"3mgn4-0-0\"><span data-offset-key=\"3mgn4-0-0\">El lugar de reuni\u00f3n es en The Lark, 809 W. 2nd Street, en el centro de Hastings\u00a0<\/span><\/div>\n<\/div>\n<div class=\"\" data-block=\"true\" data-editor=\"6k9ak\" data-offset-key=\"6i64k-0-0\">\n<div class=\"_1mf _1mj\" data-offset-key=\"6i64k-0-0\"><span data-offset-key=\"6i64k-0-0\">\u00a0<\/span><\/div>\n<\/div>\n<div class=\"\" data-block=\"true\" data-editor=\"6k9ak\" data-offset-key=\"6bjgc-0-0\">\n<div class=\"_1mf _1mj\" data-offset-key=\"6bjgc-0-0\">El hotel abrir\u00e1 el 2 de enero<\/div>\n<\/div>\n<div class=\"\" data-block=\"true\" data-editor=\"6k9ak\" data-offset-key=\"bk34m-0-0\">\n<div class=\"_1mf _1mj\" data-offset-key=\"bk34m-0-0\"><span data-offset-key=\"bk34m-0-0\">\u00a0<\/span><\/div>\n<\/div>\n<div class=\"\" data-block=\"true\" data-editor=\"6k9ak\" data-offset-key=\"4lr24-0-0\">\n<div class=\"_1mf _1mj\" data-offset-key=\"4lr24-0-0\"><span data-offset-key=\"4lr24-0-0\"><a href=\"https:\/\/www.myplacehotels.com\/my-place-hotel-hastings-ne?utm_source=Sojern&amp;utm_medium=SEM&amp;utm_campaign=Sojern&amp;gclid=CjwKCAiAo7HwBRBKEiwAvC_Q8VWV4amRaSobP2YogDdRWdm983k-BpCa3bJbZ5KmntWMfQBJIbOBRRoCjkEQAvD_BwE\">My Place Hotel<\/a>, 200 East 31st Street\u00a0 \u00a0<\/span><\/div>\n<\/div>\n<div class=\"\" data-block=\"true\" data-editor=\"6k9ak\" data-offset-key=\"1f53f-0-0\">\n<div class=\"_1mf _1mj\" data-offset-key=\"1f53f-0-0\"><span data-offset-key=\"1f53f-0-0\">\u00a0<\/span><\/div>\n<\/div>\n<div class=\"\" data-block=\"true\" data-editor=\"6k9ak\" data-offset-key=\"8loe3-0-0\">\n<div class=\"_1mf _1mj\" data-offset-key=\"8loe3-0-0\"><span data-offset-key=\"8loe3-0-0\">Tarifas $94.99 (individual) y $104.99 (doble) hasta el 31 de agosto de 2020. Las habitaciones se liberar\u00e1n a una tarifa m\u00e1s alta. El bloque de habitaciones est\u00e1 bajo el Partido Dem\u00f3crata de Nebraska. Llame al 402-303-6060 para hacer reservaciones.\u00a0<\/span><\/div>\n<\/div>\n<div class=\"\" data-block=\"true\" data-editor=\"6k9ak\" data-offset-key=\"2bo97-0-0\">\n<div class=\"_1mf _1mj\" data-offset-key=\"2bo97-0-0\"><span data-offset-key=\"2bo97-0-0\">\u00a0<\/span><\/div>\n<\/div>\n<div class=\"\" data-block=\"true\" data-editor=\"6k9ak\" data-offset-key=\"2uml8-0-0\">\n<div class=\"_1mf _1mj\" data-offset-key=\"2uml8-0-0\"><span data-offset-key=\"2uml8-0-0\">Publicaremos el enlace de entradas de comida y m\u00e1s informaci\u00f3n al menos 30 d\u00edas antes de cada evento. Si tiene preguntas, env\u00ede un correo electr\u00f3nico: info@nebraskademocrats.org).<\/span><\/div>\n<\/div>","protected":false},"excerpt":{"rendered":"<p>Featured Caucus: Young Democrats \u00a0 Meeting location is at The Lark, 809 W. 2nd Street, in downtown Hastings\u00a0 \u00a0 Hotel block will open January 2nd \u00a0 My Place Hotel, 200 East 31st Street\u00a0 \u00a0 \u00a0 Rates $94.99 (single) and $104.99 (double) until August 31st, 2020. Rooms will then release to higher rate. The room block &#8230; <a title=\"Reuni\u00f3n del SCC: Hastings\" class=\"read-more\" href=\"https:\/\/nebraskademocrats.org\/es\/event\/scc-meeting-crete\/\" aria-label=\"More on SCC Meeting: Hastings\">Lee mas<\/a><\/p>","protected":false},"author":17,"featured_media":0,"template":"","meta":{"_acf_changed":false,"_exactmetrics_skip_tracking":false,"_exactmetrics_sitenote_active":false,"_exactmetrics_sitenote_note":"","_exactmetrics_sitenote_category":0,"_tribe_events_status":"","_tribe_events_status_reason":"","footnotes":""},"tags":[],"tribe_events_cat":[67],"class_list":["post-8032","tribe_events","type-tribe_events","status-publish","hentry","tribe_events_cat-ndp-dnc","cat_ndp-dnc"],"acf":[],"yoast_head":"<!-- This site is optimized with the Yoast SEO plugin v27.4 - https:\/\/yoast.com\/product\/yoast-seo-wordpress\/ -->\n<title>SCC Meeting: Hastings &#8211; Nebraska Democratic Party<\/title>\n<meta name=\"robots\" content=\"index, follow, max-snippet:-1, max-image-preview:large, max-video-preview:-1\" \/>\n<link rel=\"canonical\" href=\"https:\/\/nebraskademocrats.org\/es\/event\/scc-meeting-crete\/\" \/>\n<meta property=\"og:locale\" content=\"es_MX\" \/>\n<meta property=\"og:type\" content=\"article\" \/>\n<meta property=\"og:title\" content=\"SCC Meeting: Hastings &#8211; Nebraska Democratic Party\" \/>\n<meta property=\"og:description\" content=\"Featured Caucus: Young Democrats \u00a0 Meeting location is at The Lark, 809 W. 2nd Street, in downtown Hastings\u00a0 \u00a0 Hotel block will open January 2nd \u00a0 My Place Hotel, 200 East 31st Street\u00a0 \u00a0 \u00a0 Rates $94.99 (single) and $104.99 (double) until August 31st, 2020. Rooms will then release to higher rate. The room block ... Read more\" \/>\n<meta property=\"og:url\" content=\"https:\/\/nebraskademocrats.org\/es\/event\/scc-meeting-crete\/\" \/>\n<meta property=\"og:site_name\" content=\"Nebraska Democratic Party\" \/>\n<meta property=\"article:publisher\" content=\"https:\/\/www.facebook.com\/NebraskaDemocraticParty\/\" \/>\n<meta property=\"article:modified_time\" content=\"2020-01-01T21:53:23+00:00\" \/>\n<meta property=\"og:image\" content=\"https:\/\/nebraskademocrats.org\/wp-content\/uploads\/2018\/09\/ne-dems-fb.jpg\" \/>\n\t<meta property=\"og:image:width\" content=\"1200\" \/>\n\t<meta property=\"og:image:height\" content=\"630\" \/>\n\t<meta property=\"og:image:type\" content=\"image\/jpeg\" \/>\n<meta name=\"twitter:card\" content=\"summary_large_image\" \/>\n<meta name=\"twitter:site\" content=\"@nebraskadems\" \/>\n<script type=\"application\/ld+json\" class=\"yoast-schema-graph\">{\"@context\":\"https:\\\/\\\/schema.org\",\"@graph\":[{\"@type\":\"WebPage\",\"@id\":\"https:\\\/\\\/nebraskademocrats.org\\\/event\\\/scc-meeting-crete\\\/\",\"url\":\"https:\\\/\\\/nebraskademocrats.org\\\/event\\\/scc-meeting-crete\\\/\",\"name\":\"SCC Meeting: Hastings &#8211; Nebraska Democratic Party\",\"isPartOf\":{\"@id\":\"https:\\\/\\\/nebraskademocrats.org\\\/#website\"},\"datePublished\":\"2019-03-15T19:15:29+00:00\",\"dateModified\":\"2020-01-01T21:53:23+00:00\",\"breadcrumb\":{\"@id\":\"https:\\\/\\\/nebraskademocrats.org\\\/event\\\/scc-meeting-crete\\\/#breadcrumb\"},\"inLanguage\":\"es\",\"potentialAction\":[{\"@type\":\"ReadAction\",\"target\":[\"https:\\\/\\\/nebraskademocrats.org\\\/event\\\/scc-meeting-crete\\\/\"]}]},{\"@type\":\"BreadcrumbList\",\"@id\":\"https:\\\/\\\/nebraskademocrats.org\\\/event\\\/scc-meeting-crete\\\/#breadcrumb\",\"itemListElement\":[{\"@type\":\"ListItem\",\"position\":1,\"name\":\"Home\",\"item\":\"https:\\\/\\\/nebraskademocrats.org\\\/\"},{\"@type\":\"ListItem\",\"position\":2,\"name\":\"Events\",\"item\":\"https:\\\/\\\/nebraskademocrats.org\\\/vi\\\/events\\\/\"},{\"@type\":\"ListItem\",\"position\":3,\"name\":\"SCC Meeting: Hastings\"}]},{\"@type\":\"WebSite\",\"@id\":\"https:\\\/\\\/nebraskademocrats.org\\\/#website\",\"url\":\"https:\\\/\\\/nebraskademocrats.org\\\/\",\"name\":\"Nebraska Democratic Party\",\"description\":\"Growing the Good Life for All Nebraskans\",\"publisher\":{\"@id\":\"https:\\\/\\\/nebraskademocrats.org\\\/#organization\"},\"potentialAction\":[{\"@type\":\"SearchAction\",\"target\":{\"@type\":\"EntryPoint\",\"urlTemplate\":\"https:\\\/\\\/nebraskademocrats.org\\\/?s={search_term_string}\"},\"query-input\":{\"@type\":\"PropertyValueSpecification\",\"valueRequired\":true,\"valueName\":\"search_term_string\"}}],\"inLanguage\":\"es\"},{\"@type\":\"Organization\",\"@id\":\"https:\\\/\\\/nebraskademocrats.org\\\/#organization\",\"name\":\"Nebraska Democratic Party\",\"url\":\"https:\\\/\\\/nebraskademocrats.org\\\/\",\"logo\":{\"@type\":\"ImageObject\",\"inLanguage\":\"es\",\"@id\":\"https:\\\/\\\/nebraskademocrats.org\\\/#\\\/schema\\\/logo\\\/image\\\/\",\"url\":\"https:\\\/\\\/nebraskadem.wpenginepowered.com\\\/wp-content\\\/uploads\\\/2016\\\/05\\\/NDP2.jpg\",\"contentUrl\":\"https:\\\/\\\/nebraskadem.wpenginepowered.com\\\/wp-content\\\/uploads\\\/2016\\\/05\\\/NDP2.jpg\",\"width\":1000,\"height\":396,\"caption\":\"Nebraska Democratic Party\"},\"image\":{\"@id\":\"https:\\\/\\\/nebraskademocrats.org\\\/#\\\/schema\\\/logo\\\/image\\\/\"},\"sameAs\":[\"https:\\\/\\\/www.facebook.com\\\/NebraskaDemocraticParty\\\/\",\"https:\\\/\\\/x.com\\\/nebraskadems\"]}]}<\/script>\n<!-- \/ Yoast SEO plugin. -->","yoast_head_json":{"title":"SCC Meeting: Hastings &#8211; Nebraska Democratic Party","robots":{"index":"index","follow":"follow","max-snippet":"max-snippet:-1","max-image-preview":"max-image-preview:large","max-video-preview":"max-video-preview:-1"},"canonical":"https:\/\/nebraskademocrats.org\/es\/event\/scc-meeting-crete\/","og_locale":"es_MX","og_type":"article","og_title":"SCC Meeting: Hastings &#8211; Nebraska Democratic Party","og_description":"Featured Caucus: Young Democrats \u00a0 Meeting location is at The Lark, 809 W. 2nd Street, in downtown Hastings\u00a0 \u00a0 Hotel block will open January 2nd \u00a0 My Place Hotel, 200 East 31st Street\u00a0 \u00a0 \u00a0 Rates $94.99 (single) and $104.99 (double) until August 31st, 2020. Rooms will then release to higher rate. The room block ... Read more","og_url":"https:\/\/nebraskademocrats.org\/es\/event\/scc-meeting-crete\/","og_site_name":"Nebraska Democratic Party","article_publisher":"https:\/\/www.facebook.com\/NebraskaDemocraticParty\/","article_modified_time":"2020-01-01T21:53:23+00:00","og_image":[{"width":1200,"height":630,"url":"https:\/\/nebraskademocrats.org\/wp-content\/uploads\/2018\/09\/ne-dems-fb.jpg","type":"image\/jpeg"}],"twitter_card":"summary_large_image","twitter_site":"@nebraskadems","schema":{"@context":"https:\/\/schema.org","@graph":[{"@type":"WebPage","@id":"https:\/\/nebraskademocrats.org\/event\/scc-meeting-crete\/","url":"https:\/\/nebraskademocrats.org\/event\/scc-meeting-crete\/","name":"SCC Meeting: Hastings &#8211; Nebraska Democratic Party","isPartOf":{"@id":"https:\/\/nebraskademocrats.org\/#website"},"datePublished":"2019-03-15T19:15:29+00:00","dateModified":"2020-01-01T21:53:23+00:00","breadcrumb":{"@id":"https:\/\/nebraskademocrats.org\/event\/scc-meeting-crete\/#breadcrumb"},"inLanguage":"es","potentialAction":[{"@type":"ReadAction","target":["https:\/\/nebraskademocrats.org\/event\/scc-meeting-crete\/"]}]},{"@type":"BreadcrumbList","@id":"https:\/\/nebraskademocrats.org\/event\/scc-meeting-crete\/#breadcrumb","itemListElement":[{"@type":"ListItem","position":1,"name":"Home","item":"https:\/\/nebraskademocrats.org\/"},{"@type":"ListItem","position":2,"name":"Events","item":"https:\/\/nebraskademocrats.org\/vi\/events\/"},{"@type":"ListItem","position":3,"name":"SCC Meeting: Hastings"}]},{"@type":"WebSite","@id":"https:\/\/nebraskademocrats.org\/#website","url":"https:\/\/nebraskademocrats.org\/","name":"Partido Dem\u00f3crata de Nebraska","description":"Cultivando la buena vida para todos los nebraskenses","publisher":{"@id":"https:\/\/nebraskademocrats.org\/#organization"},"potentialAction":[{"@type":"SearchAction","target":{"@type":"EntryPoint","urlTemplate":"https:\/\/nebraskademocrats.org\/?s={search_term_string}"},"query-input":{"@type":"PropertyValueSpecification","valueRequired":true,"valueName":"search_term_string"}}],"inLanguage":"es"},{"@type":"Organization","@id":"https:\/\/nebraskademocrats.org\/#organization","name":"Partido Dem\u00f3crata de Nebraska","url":"https:\/\/nebraskademocrats.org\/","logo":{"@type":"ImageObject","inLanguage":"es","@id":"https:\/\/nebraskademocrats.org\/#\/schema\/logo\/image\/","url":"https:\/\/nebraskadem.wpenginepowered.com\/wp-content\/uploads\/2016\/05\/NDP2.jpg","contentUrl":"https:\/\/nebraskadem.wpenginepowered.com\/wp-content\/uploads\/2016\/05\/NDP2.jpg","width":1000,"height":396,"caption":"Nebraska Democratic Party"},"image":{"@id":"https:\/\/nebraskademocrats.org\/#\/schema\/logo\/image\/"},"sameAs":["https:\/\/www.facebook.com\/NebraskaDemocraticParty\/","https:\/\/x.com\/nebraskadems"]}]}},"_links":{"self":[{"href":"https:\/\/nebraskademocrats.org\/es\/wp-json\/wp\/v2\/tribe_events\/8032","targetHints":{"allow":["GET"]}}],"collection":[{"href":"https:\/\/nebraskademocrats.org\/es\/wp-json\/wp\/v2\/tribe_events"}],"about":[{"href":"https:\/\/nebraskademocrats.org\/es\/wp-json\/wp\/v2\/types\/tribe_events"}],"author":[{"embeddable":true,"href":"https:\/\/nebraskademocrats.org\/es\/wp-json\/wp\/v2\/users\/17"}],"version-history":[{"count":0,"href":"https:\/\/nebraskademocrats.org\/es\/wp-json\/wp\/v2\/tribe_events\/8032\/revisions"}],"wp:attachment":[{"href":"https:\/\/nebraskademocrats.org\/es\/wp-json\/wp\/v2\/media?parent=8032"}],"wp:term":[{"taxonomy":"post_tag","embeddable":true,"href":"https:\/\/nebraskademocrats.org\/es\/wp-json\/wp\/v2\/tags?post=8032"},{"taxonomy":"tribe_events_cat","embeddable":true,"href":"https:\/\/nebraskademocrats.org\/es\/wp-json\/wp\/v2\/tribe_events_cat?post=8032"}],"curies":[{"name":"wp","href":"https:\/\/api.w.org\/{rel}","templated":true}]}}

Reunión del SCC: Hastings

<div class="" data-block="true" data-editor="6k9ak" data-offset-key="dgivd-0-0">
<div class="_1mf _1mj" data-offset-key="dgivd-0-0"><span data-offset-key="dgivd-0-0">Caucus destacado: jóvenes demócratas</span></div>
</div>
<div class="" data-block="true" data-editor="6k9ak" data-offset-key="1p0l9-0-0">
<div class="_1mf _1mj" data-offset-key="1p0l9-0-0"><span data-offset-key="1p0l9-0-0"> </span></div>
</div>
<div class="" data-block="true" data-editor="6k9ak" data-offset-key="3mgn4-0-0">
<div class="_1mf _1mj" data-offset-key="3mgn4-0-0"><span data-offset-key="3mgn4-0-0">El lugar de reunión es en The Lark, 809 W. 2nd Street, en el centro de Hastings </span></div>
</div>
<div class="" data-block="true" data-editor="6k9ak" data-offset-key="6i64k-0-0">
<div class="_1mf _1mj" data-offset-key="6i64k-0-0"><span data-offset-key="6i64k-0-0"> </span></div>
</div>
<div class="" data-block="true" data-editor="6k9ak" data-offset-key="6bjgc-0-0">
<div class="_1mf _1mj" data-offset-key="6bjgc-0-0">El hotel abrirá el 2 de enero</div>
</div>
<div class="" data-block="true" data-editor="6k9ak" data-offset-key="bk34m-0-0">
<div class="_1mf _1mj" data-offset-key="bk34m-0-0"><span data-offset-key="bk34m-0-0"> </span></div>
</div>
<div class="" data-block="true" data-editor="6k9ak" data-offset-key="4lr24-0-0">
<div class="_1mf _1mj" data-offset-key="4lr24-0-0"><span data-offset-key="4lr24-0-0"><a href="https://www.myplacehotels.com/my-place-hotel-hastings-ne?utm_source=Sojern&amp;utm_medium=SEM&amp;utm_campaign=Sojern&amp;gclid=CjwKCAiAo7HwBRBKEiwAvC_Q8VWV4amRaSobP2YogDdRWdm983k-BpCa3bJbZ5KmntWMfQBJIbOBRRoCjkEQAvD_BwE">My Place Hotel</a>, 200 East 31st Street   </span></div>
</div>
<div class="" data-block="true" data-editor="6k9ak" data-offset-key="1f53f-0-0">
<div class="_1mf _1mj" data-offset-key="1f53f-0-0"><span data-offset-key="1f53f-0-0"> </span></div>
</div>
<div class="" data-block="true" data-editor="6k9ak" data-offset-key="8loe3-0-0">
<div class="_1mf _1mj" data-offset-key="8loe3-0-0"><span data-offset-key="8loe3-0-0">Tarifas $94.99 (individual) y $104.99 (doble) hasta el 31 de agosto de 2020. Las habitaciones se liberarán a una tarifa más alta. El bloque de habitaciones está bajo el Partido Demócrata de Nebraska. Llame al 402-303-6060 para hacer reservaciones. </span></div>
</div>
<div class="" data-block="true" data-editor="6k9ak" data-offset-key="2bo97-0-0">
<div class="_1mf _1mj" data-offset-key="2bo97-0-0"><span data-offset-key="2bo97-0-0"> </span></div>
</div>
<div class="" data-block="true" data-editor="6k9ak" data-offset-key="2uml8-0-0">
<div class="_1mf _1mj" data-offset-key="2uml8-0-0"><span data-offset-key="2uml8-0-0">Publicaremos el enlace de entradas de comida y más información al menos 30 días antes de cada evento. Si tiene preguntas, envíe un correo electrónico: info@nebraskademocrats.org).</span></div>
</div>

<p>Featured Caucus: Young Democrats   Meeting location is at The Lark, 809 W. 2nd Street, in downtown Hastings    Hotel block will open January 2nd   My Place Hotel, 200 East 31st Street      Rates $94.99 (single) and $104.99 (double) until August 31st, 2020. Rooms will then release to higher rate. The room block &#8230; <a title="Reunión del SCC: Hastings" class="read-more" href="https://nebraskademocrats.org/es/event/scc-meeting-crete/" aria-label="More on SCC Meeting: Hastings">Lee mas</a></p>

Partido Demócrata de Nebraska
