{"id":8621,"date":"2019-06-14T14:04:26","date_gmt":"2019-06-14T19:04:26","guid":{"rendered":"https:\/\/nebraskadem.wpenginepowered.com\/?post_type=tribe_events&#038;p=8621"},"modified":"2019-06-14T14:04:26","modified_gmt":"2019-06-14T19:04:26","slug":"first-democratic-presidential-debates","status":"publish","type":"tribe_events","link":"https:\/\/nebraskademocrats.org\/es\/event\/first-democratic-presidential-debates\/","title":{"rendered":"Primeros debates presidenciales dem\u00f3cratas"},"content":{"rendered":"<p>Llegan los primeros debates primarios presidenciales dem\u00f3cratas\u00a0<strong>26 de junio y 27 de junio a las 8 pm CT cada noche.<\/strong>\u00a0Esta p\u00e1gina tiene informaci\u00f3n sobre los debates tambi\u00e9n en las fiestas TV Watch en Nebraska.<\/p>\n<div class=\"\" data-block=\"true\" data-editor=\"87pt6\" data-offset-key=\"68a8s-0-0\">\n<div class=\"_1mf _1mj\" data-offset-key=\"68a8s-0-0\"><span data-offset-key=\"68a8s-0-0\">El primer debate de este ciclo ser\u00e1 un evento emocionante que no querr\u00e1 perderse. Por lo tanto, aseg\u00farese de marcar su calendario ahora para las dos noches del primer debate oficial en la carrera por la nominaci\u00f3n del Partido Dem\u00f3crata. Escuchar\u00e1 de esta incre\u00edble lista de candidatos dem\u00f3cratas mientras comparten su visi\u00f3n de volver a encarrilar a nuestro pa\u00eds.<\/p>\n<p><\/span><strong><a href=\"https:\/\/nebraskadem.wpenginepowered.com\/blog\/first-democratic-presidential-debates-are-june-26th-and-27th\/\">LEE MAS.<\/a><\/strong><\/div>\n<\/div>","protected":false},"excerpt":{"rendered":"<p>The first Democratic presidential primary debates are coming\u00a0June 26 and Jun 27 at 8 p.m. CT each night.\u00a0This page has information about the debates as well at TV Watch Parties in Nebraska. The first debate of this cycle is going to be an exciting event that you won\u2019t want to miss out on. So, be &#8230; <a title=\"Primeros debates presidenciales dem\u00f3cratas\" class=\"read-more\" href=\"https:\/\/nebraskademocrats.org\/es\/event\/first-democratic-presidential-debates\/\" aria-label=\"More on First Democratic Presidential Debates\">Lee mas<\/a><\/p>","protected":false},"author":19,"featured_media":0,"template":"","meta":{"_acf_changed":false,"_exactmetrics_skip_tracking":false,"_exactmetrics_sitenote_active":false,"_exactmetrics_sitenote_note":"","_exactmetrics_sitenote_category":0,"_tribe_events_status":"","_tribe_events_status_reason":"","footnotes":""},"tags":[],"tribe_events_cat":[],"class_list":["post-8621","tribe_events","type-tribe_events","status-publish","hentry"],"acf":[],"yoast_head":"<!-- This site is optimized with the Yoast SEO plugin v27.5 - https:\/\/yoast.com\/product\/yoast-seo-wordpress\/ -->\n<title>First Democratic Presidential Debates &#8211; Nebraska Democratic Party<\/title>\n<meta name=\"robots\" content=\"index, follow, max-snippet:-1, max-image-preview:large, max-video-preview:-1\" \/>\n<link rel=\"canonical\" href=\"https:\/\/nebraskademocrats.org\/es\/event\/first-democratic-presidential-debates\/\" \/>\n<meta property=\"og:locale\" content=\"es_MX\" \/>\n<meta property=\"og:type\" content=\"article\" \/>\n<meta property=\"og:title\" content=\"First Democratic Presidential Debates &#8211; Nebraska Democratic Party\" \/>\n<meta property=\"og:description\" content=\"The first Democratic presidential primary debates are coming\u00a0June 26 and Jun 27 at 8 p.m. CT each night.\u00a0This page has information about the debates as well at TV Watch Parties in Nebraska. The first debate of this cycle is going to be an exciting event that you won\u2019t want to miss out on. So, be ... Read more\" \/>\n<meta property=\"og:url\" content=\"https:\/\/nebraskademocrats.org\/es\/event\/first-democratic-presidential-debates\/\" \/>\n<meta property=\"og:site_name\" content=\"Nebraska Democratic Party\" \/>\n<meta property=\"article:publisher\" content=\"https:\/\/www.facebook.com\/NebraskaDemocraticParty\/\" \/>\n<meta property=\"og:image\" content=\"https:\/\/nebraskademocrats.org\/wp-content\/uploads\/2018\/09\/ne-dems-fb.jpg\" \/>\n\t<meta property=\"og:image:width\" content=\"1200\" \/>\n\t<meta property=\"og:image:height\" content=\"630\" \/>\n\t<meta property=\"og:image:type\" content=\"image\/jpeg\" \/>\n<meta name=\"twitter:card\" content=\"summary_large_image\" \/>\n<meta name=\"twitter:site\" content=\"@nebraskadems\" \/>\n<meta name=\"twitter:label1\" content=\"Tiempo de lectura\" \/>\n\t<meta name=\"twitter:data1\" content=\"1 minuto\" \/>\n<script type=\"application\/ld+json\" class=\"yoast-schema-graph\">{\"@context\":\"https:\\\/\\\/schema.org\",\"@graph\":[{\"@type\":\"WebPage\",\"@id\":\"https:\\\/\\\/nebraskademocrats.org\\\/event\\\/first-democratic-presidential-debates\\\/\",\"url\":\"https:\\\/\\\/nebraskademocrats.org\\\/event\\\/first-democratic-presidential-debates\\\/\",\"name\":\"First Democratic Presidential Debates &#8211; Nebraska Democratic Party\",\"isPartOf\":{\"@id\":\"https:\\\/\\\/nebraskademocrats.org\\\/#website\"},\"datePublished\":\"2019-06-14T19:04:26+00:00\",\"breadcrumb\":{\"@id\":\"https:\\\/\\\/nebraskademocrats.org\\\/event\\\/first-democratic-presidential-debates\\\/#breadcrumb\"},\"inLanguage\":\"es\",\"potentialAction\":[{\"@type\":\"ReadAction\",\"target\":[\"https:\\\/\\\/nebraskademocrats.org\\\/event\\\/first-democratic-presidential-debates\\\/\"]}]},{\"@type\":\"BreadcrumbList\",\"@id\":\"https:\\\/\\\/nebraskademocrats.org\\\/event\\\/first-democratic-presidential-debates\\\/#breadcrumb\",\"itemListElement\":[{\"@type\":\"ListItem\",\"position\":1,\"name\":\"Home\",\"item\":\"https:\\\/\\\/nebraskademocrats.org\\\/\"},{\"@type\":\"ListItem\",\"position\":2,\"name\":\"Events\",\"item\":\"https:\\\/\\\/nebraskademocrats.org\\\/vi\\\/events\\\/\"},{\"@type\":\"ListItem\",\"position\":3,\"name\":\"First Democratic Presidential Debates\"}]},{\"@type\":\"WebSite\",\"@id\":\"https:\\\/\\\/nebraskademocrats.org\\\/#website\",\"url\":\"https:\\\/\\\/nebraskademocrats.org\\\/\",\"name\":\"Nebraska Democratic Party\",\"description\":\"Growing the Good Life for All Nebraskans\",\"publisher\":{\"@id\":\"https:\\\/\\\/nebraskademocrats.org\\\/#organization\"},\"potentialAction\":[{\"@type\":\"SearchAction\",\"target\":{\"@type\":\"EntryPoint\",\"urlTemplate\":\"https:\\\/\\\/nebraskademocrats.org\\\/?s={search_term_string}\"},\"query-input\":{\"@type\":\"PropertyValueSpecification\",\"valueRequired\":true,\"valueName\":\"search_term_string\"}}],\"inLanguage\":\"es\"},{\"@type\":\"Organization\",\"@id\":\"https:\\\/\\\/nebraskademocrats.org\\\/#organization\",\"name\":\"Nebraska Democratic Party\",\"url\":\"https:\\\/\\\/nebraskademocrats.org\\\/\",\"logo\":{\"@type\":\"ImageObject\",\"inLanguage\":\"es\",\"@id\":\"https:\\\/\\\/nebraskademocrats.org\\\/#\\\/schema\\\/logo\\\/image\\\/\",\"url\":\"https:\\\/\\\/nebraskadem.wpenginepowered.com\\\/wp-content\\\/uploads\\\/2016\\\/05\\\/NDP2.jpg\",\"contentUrl\":\"https:\\\/\\\/nebraskadem.wpenginepowered.com\\\/wp-content\\\/uploads\\\/2016\\\/05\\\/NDP2.jpg\",\"width\":1000,\"height\":396,\"caption\":\"Nebraska Democratic Party\"},\"image\":{\"@id\":\"https:\\\/\\\/nebraskademocrats.org\\\/#\\\/schema\\\/logo\\\/image\\\/\"},\"sameAs\":[\"https:\\\/\\\/www.facebook.com\\\/NebraskaDemocraticParty\\\/\",\"https:\\\/\\\/x.com\\\/nebraskadems\"]}]}<\/script>\n<!-- \/ Yoast SEO plugin. -->","yoast_head_json":{"title":"First Democratic Presidential Debates &#8211; Nebraska Democratic Party","robots":{"index":"index","follow":"follow","max-snippet":"max-snippet:-1","max-image-preview":"max-image-preview:large","max-video-preview":"max-video-preview:-1"},"canonical":"https:\/\/nebraskademocrats.org\/es\/event\/first-democratic-presidential-debates\/","og_locale":"es_MX","og_type":"article","og_title":"First Democratic Presidential Debates &#8211; Nebraska Democratic Party","og_description":"The first Democratic presidential primary debates are coming\u00a0June 26 and Jun 27 at 8 p.m. CT each night.\u00a0This page has information about the debates as well at TV Watch Parties in Nebraska. The first debate of this cycle is going to be an exciting event that you won\u2019t want to miss out on. So, be ... Read more","og_url":"https:\/\/nebraskademocrats.org\/es\/event\/first-democratic-presidential-debates\/","og_site_name":"Nebraska Democratic Party","article_publisher":"https:\/\/www.facebook.com\/NebraskaDemocraticParty\/","og_image":[{"width":1200,"height":630,"url":"https:\/\/nebraskademocrats.org\/wp-content\/uploads\/2018\/09\/ne-dems-fb.jpg","type":"image\/jpeg"}],"twitter_card":"summary_large_image","twitter_site":"@nebraskadems","twitter_misc":{"Tiempo de lectura":"1 minuto"},"schema":{"@context":"https:\/\/schema.org","@graph":[{"@type":"WebPage","@id":"https:\/\/nebraskademocrats.org\/event\/first-democratic-presidential-debates\/","url":"https:\/\/nebraskademocrats.org\/event\/first-democratic-presidential-debates\/","name":"First Democratic Presidential Debates &#8211; Nebraska Democratic Party","isPartOf":{"@id":"https:\/\/nebraskademocrats.org\/#website"},"datePublished":"2019-06-14T19:04:26+00:00","breadcrumb":{"@id":"https:\/\/nebraskademocrats.org\/event\/first-democratic-presidential-debates\/#breadcrumb"},"inLanguage":"es","potentialAction":[{"@type":"ReadAction","target":["https:\/\/nebraskademocrats.org\/event\/first-democratic-presidential-debates\/"]}]},{"@type":"BreadcrumbList","@id":"https:\/\/nebraskademocrats.org\/event\/first-democratic-presidential-debates\/#breadcrumb","itemListElement":[{"@type":"ListItem","position":1,"name":"Home","item":"https:\/\/nebraskademocrats.org\/"},{"@type":"ListItem","position":2,"name":"Events","item":"https:\/\/nebraskademocrats.org\/vi\/events\/"},{"@type":"ListItem","position":3,"name":"First Democratic Presidential Debates"}]},{"@type":"WebSite","@id":"https:\/\/nebraskademocrats.org\/#website","url":"https:\/\/nebraskademocrats.org\/","name":"Partido Dem\u00f3crata de Nebraska","description":"Cultivando la buena vida para todos los nebraskenses","publisher":{"@id":"https:\/\/nebraskademocrats.org\/#organization"},"potentialAction":[{"@type":"SearchAction","target":{"@type":"EntryPoint","urlTemplate":"https:\/\/nebraskademocrats.org\/?s={search_term_string}"},"query-input":{"@type":"PropertyValueSpecification","valueRequired":true,"valueName":"search_term_string"}}],"inLanguage":"es"},{"@type":"Organization","@id":"https:\/\/nebraskademocrats.org\/#organization","name":"Partido Dem\u00f3crata de Nebraska","url":"https:\/\/nebraskademocrats.org\/","logo":{"@type":"ImageObject","inLanguage":"es","@id":"https:\/\/nebraskademocrats.org\/#\/schema\/logo\/image\/","url":"https:\/\/nebraskadem.wpenginepowered.com\/wp-content\/uploads\/2016\/05\/NDP2.jpg","contentUrl":"https:\/\/nebraskadem.wpenginepowered.com\/wp-content\/uploads\/2016\/05\/NDP2.jpg","width":1000,"height":396,"caption":"Nebraska Democratic Party"},"image":{"@id":"https:\/\/nebraskademocrats.org\/#\/schema\/logo\/image\/"},"sameAs":["https:\/\/www.facebook.com\/NebraskaDemocraticParty\/","https:\/\/x.com\/nebraskadems"]}]}},"_links":{"self":[{"href":"https:\/\/nebraskademocrats.org\/es\/wp-json\/wp\/v2\/tribe_events\/8621","targetHints":{"allow":["GET"]}}],"collection":[{"href":"https:\/\/nebraskademocrats.org\/es\/wp-json\/wp\/v2\/tribe_events"}],"about":[{"href":"https:\/\/nebraskademocrats.org\/es\/wp-json\/wp\/v2\/types\/tribe_events"}],"author":[{"embeddable":true,"href":"https:\/\/nebraskademocrats.org\/es\/wp-json\/wp\/v2\/users\/19"}],"version-history":[{"count":0,"href":"https:\/\/nebraskademocrats.org\/es\/wp-json\/wp\/v2\/tribe_events\/8621\/revisions"}],"wp:attachment":[{"href":"https:\/\/nebraskademocrats.org\/es\/wp-json\/wp\/v2\/media?parent=8621"}],"wp:term":[{"taxonomy":"post_tag","embeddable":true,"href":"https:\/\/nebraskademocrats.org\/es\/wp-json\/wp\/v2\/tags?post=8621"},{"taxonomy":"tribe_events_cat","embeddable":true,"href":"https:\/\/nebraskademocrats.org\/es\/wp-json\/wp\/v2\/tribe_events_cat?post=8621"}],"curies":[{"name":"wp","href":"https:\/\/api.w.org\/{rel}","templated":true}]}}

Primeros debates presidenciales demócratas

<p>Llegan los primeros debates primarios presidenciales demócratas <strong>26 de junio y 27 de junio a las 8 pm CT cada noche.</strong> Esta página tiene información sobre los debates también en las fiestas TV Watch en Nebraska.</p>
<div class="" data-block="true" data-editor="87pt6" data-offset-key="68a8s-0-0">
<div class="_1mf _1mj" data-offset-key="68a8s-0-0"><span data-offset-key="68a8s-0-0">El primer debate de este ciclo será un evento emocionante que no querrá perderse. Por lo tanto, asegúrese de marcar su calendario ahora para las dos noches del primer debate oficial en la carrera por la nominación del Partido Demócrata. Escuchará de esta increíble lista de candidatos demócratas mientras comparten su visión de volver a encarrilar a nuestro país.</p>
<p></span><strong><a href="https://nebraskadem.wpenginepowered.com/blog/first-democratic-presidential-debates-are-june-26th-and-27th/">LEE MAS.</a></strong></div>
</div>

<p>The first Democratic presidential primary debates are coming June 26 and Jun 27 at 8 p.m. CT each night. This page has information about the debates as well at TV Watch Parties in Nebraska. The first debate of this cycle is going to be an exciting event that you won’t want to miss out on. So, be &#8230; <a title="Primeros debates presidenciales demócratas" class="read-more" href="https://nebraskademocrats.org/es/event/first-democratic-presidential-debates/" aria-label="More on First Democratic Presidential Debates">Lee mas</a></p>

Partido Demócrata de Nebraska
