{"id":8853,"date":"2019-07-03T09:15:02","date_gmt":"2019-07-03T14:15:02","guid":{"rendered":"https:\/\/nebraskadem.wpenginepowered.com\/?post_type=tribe_events&#038;p=8853"},"modified":"2019-07-03T09:15:02","modified_gmt":"2019-07-03T14:15:02","slug":"lights-for-liberty","status":"publish","type":"tribe_events","link":"https:\/\/nebraskademocrats.org\/es\/event\/lights-for-liberty\/","title":{"rendered":"Luces para la libertad"},"content":{"rendered":"<p>El viernes 12 de julio de 2019,\u00a0<strong>Luces para la libertad<\/strong>\u00a0est\u00e1 teniendo un\u00a0<strong>&quot;Vigilia para poner fin a los campos de detenci\u00f3n humana&quot;<\/strong>eso llevar\u00e1 a miles de estadounidenses a campos de detenci\u00f3n en todo el pa\u00eds, a las calles y a sus propios patios delanteros, para protestar por las condiciones inhumanas que enfrentan los refugiados.<\/p>\n<p>Lights for Liberty es una coalici\u00f3n de personas, muchas de las cuales son madres, dedicadas a los derechos humanos, y el principio fundamental detr\u00e1s de la democracia de que todos los seres humanos tienen derecho a la vida, la libertad y la dignidad.<\/p>\n<p>Se est\u00e1n asociando con comunidades y organizaciones nacionales, regionales y locales que creen que estos derechos fundamentales no son negociables y est\u00e1n dispuestos a protegerlos.<\/p>\n<p>Se puede encontrar m\u00e1s informaci\u00f3n en\u00a0<a href=\"https:\/\/l.facebook.com\/l.php?u=http%3A%2F%2Fwww.lightsforliberty.org%2F%3Ffbclid%3DIwAR2nWECtTecRm-zrDb0QRiNFlaL9a7U3GCsbvRwQqilvy-kFShAca8sAI1s&amp;h=AT0rlsVvdNZVuFRE1ko98F7Wo9-7S34QBRfQ0uwmW1OB_G1gC9A4g0VivEbjCyD-_Vu2JWrMJIJtX24gN_1IqwEjS-NFYb0eVpg3vtMuMTVE3E2rr5K_oB6Rtl7EJsmwEtg\" target=\"_blank\" rel=\"noopener nofollow\" data-lynx-mode=\"asynclazy\">www.lightsforliberty.org.<\/a><\/p>\n<p>Aqu\u00ed hay enlaces a los eventos planeados en Nebraska:<\/p>\n<p><strong><a href=\"https:\/\/www.facebook.com\/events\/2477860755593250\/\">Omaha<\/a><\/strong><\/p>\n<p><strong><a href=\"https:\/\/www.facebook.com\/events\/1168786469995337\/\">Lincoln<\/a><\/strong><\/p>\n<p><a href=\"https:\/\/www.facebook.com\/events\/422805428306108\/\">Grand Island<\/a><\/p>\n<p><strong><a href=\"https:\/\/www.facebook.com\/events\/631440577343979\/\">Wayne<\/a><\/strong><\/p>","protected":false},"excerpt":{"rendered":"<p>On Friday July 12th, 2019,\u00a0Lights for Liberty\u00a0is having a\u00a0\u201cVigil to End Human Detention Camps,\u201dthat will\u00a0 bring thousands of Americans to detention camps across the country, into the streets and into their own front yards, to protest the inhumane conditions faced by refugees. Lights for Liberty is a coalition of people, many of whom are mothers, &#8230; <a title=\"Luces para la libertad\" class=\"read-more\" href=\"https:\/\/nebraskademocrats.org\/es\/event\/lights-for-liberty\/\" aria-label=\"More on Lights for Liberty\">Lee mas<\/a><\/p>","protected":false},"author":19,"featured_media":0,"template":"","meta":{"_acf_changed":false,"_exactmetrics_skip_tracking":false,"_exactmetrics_sitenote_active":false,"_exactmetrics_sitenote_note":"","_exactmetrics_sitenote_category":0,"_tribe_events_status":"","_tribe_events_status_reason":"","footnotes":""},"tags":[],"tribe_events_cat":[],"class_list":["post-8853","tribe_events","type-tribe_events","status-publish","hentry"],"acf":[],"yoast_head":"<!-- This site is optimized with the Yoast SEO plugin v27.4 - https:\/\/yoast.com\/product\/yoast-seo-wordpress\/ -->\n<title>Lights for Liberty &#8211; Nebraska Democratic Party<\/title>\n<meta name=\"robots\" content=\"index, follow, max-snippet:-1, max-image-preview:large, max-video-preview:-1\" \/>\n<link rel=\"canonical\" href=\"https:\/\/nebraskademocrats.org\/es\/event\/lights-for-liberty\/\" \/>\n<meta property=\"og:locale\" content=\"es_MX\" \/>\n<meta property=\"og:type\" content=\"article\" \/>\n<meta property=\"og:title\" content=\"Lights for Liberty &#8211; Nebraska Democratic Party\" \/>\n<meta property=\"og:description\" content=\"On Friday July 12th, 2019,\u00a0Lights for Liberty\u00a0is having a\u00a0\u201cVigil to End Human Detention Camps,\u201dthat will\u00a0 bring thousands of Americans to detention camps across the country, into the streets and into their own front yards, to protest the inhumane conditions faced by refugees. Lights for Liberty is a coalition of people, many of whom are mothers, ... Read more\" \/>\n<meta property=\"og:url\" content=\"https:\/\/nebraskademocrats.org\/es\/event\/lights-for-liberty\/\" \/>\n<meta property=\"og:site_name\" content=\"Nebraska Democratic Party\" \/>\n<meta property=\"article:publisher\" content=\"https:\/\/www.facebook.com\/NebraskaDemocraticParty\/\" \/>\n<meta property=\"og:image\" content=\"https:\/\/nebraskademocrats.org\/wp-content\/uploads\/2018\/09\/ne-dems-fb.jpg\" \/>\n\t<meta property=\"og:image:width\" content=\"1200\" \/>\n\t<meta property=\"og:image:height\" content=\"630\" \/>\n\t<meta property=\"og:image:type\" content=\"image\/jpeg\" \/>\n<meta name=\"twitter:card\" content=\"summary_large_image\" \/>\n<meta name=\"twitter:site\" content=\"@nebraskadems\" \/>\n<meta name=\"twitter:label1\" content=\"Tiempo de lectura\" \/>\n\t<meta name=\"twitter:data1\" content=\"1 minuto\" \/>\n<script type=\"application\/ld+json\" class=\"yoast-schema-graph\">{\"@context\":\"https:\\\/\\\/schema.org\",\"@graph\":[{\"@type\":\"WebPage\",\"@id\":\"https:\\\/\\\/nebraskademocrats.org\\\/event\\\/lights-for-liberty\\\/\",\"url\":\"https:\\\/\\\/nebraskademocrats.org\\\/event\\\/lights-for-liberty\\\/\",\"name\":\"Lights for Liberty &#8211; Nebraska Democratic Party\",\"isPartOf\":{\"@id\":\"https:\\\/\\\/nebraskademocrats.org\\\/#website\"},\"datePublished\":\"2019-07-03T14:15:02+00:00\",\"breadcrumb\":{\"@id\":\"https:\\\/\\\/nebraskademocrats.org\\\/event\\\/lights-for-liberty\\\/#breadcrumb\"},\"inLanguage\":\"es\",\"potentialAction\":[{\"@type\":\"ReadAction\",\"target\":[\"https:\\\/\\\/nebraskademocrats.org\\\/event\\\/lights-for-liberty\\\/\"]}]},{\"@type\":\"BreadcrumbList\",\"@id\":\"https:\\\/\\\/nebraskademocrats.org\\\/event\\\/lights-for-liberty\\\/#breadcrumb\",\"itemListElement\":[{\"@type\":\"ListItem\",\"position\":1,\"name\":\"Home\",\"item\":\"https:\\\/\\\/nebraskademocrats.org\\\/\"},{\"@type\":\"ListItem\",\"position\":2,\"name\":\"Events\",\"item\":\"https:\\\/\\\/nebraskademocrats.org\\\/vi\\\/events\\\/\"},{\"@type\":\"ListItem\",\"position\":3,\"name\":\"Lights for Liberty\"}]},{\"@type\":\"WebSite\",\"@id\":\"https:\\\/\\\/nebraskademocrats.org\\\/#website\",\"url\":\"https:\\\/\\\/nebraskademocrats.org\\\/\",\"name\":\"Nebraska Democratic Party\",\"description\":\"Growing the Good Life for All Nebraskans\",\"publisher\":{\"@id\":\"https:\\\/\\\/nebraskademocrats.org\\\/#organization\"},\"potentialAction\":[{\"@type\":\"SearchAction\",\"target\":{\"@type\":\"EntryPoint\",\"urlTemplate\":\"https:\\\/\\\/nebraskademocrats.org\\\/?s={search_term_string}\"},\"query-input\":{\"@type\":\"PropertyValueSpecification\",\"valueRequired\":true,\"valueName\":\"search_term_string\"}}],\"inLanguage\":\"es\"},{\"@type\":\"Organization\",\"@id\":\"https:\\\/\\\/nebraskademocrats.org\\\/#organization\",\"name\":\"Nebraska Democratic Party\",\"url\":\"https:\\\/\\\/nebraskademocrats.org\\\/\",\"logo\":{\"@type\":\"ImageObject\",\"inLanguage\":\"es\",\"@id\":\"https:\\\/\\\/nebraskademocrats.org\\\/#\\\/schema\\\/logo\\\/image\\\/\",\"url\":\"https:\\\/\\\/nebraskadem.wpenginepowered.com\\\/wp-content\\\/uploads\\\/2016\\\/05\\\/NDP2.jpg\",\"contentUrl\":\"https:\\\/\\\/nebraskadem.wpenginepowered.com\\\/wp-content\\\/uploads\\\/2016\\\/05\\\/NDP2.jpg\",\"width\":1000,\"height\":396,\"caption\":\"Nebraska Democratic Party\"},\"image\":{\"@id\":\"https:\\\/\\\/nebraskademocrats.org\\\/#\\\/schema\\\/logo\\\/image\\\/\"},\"sameAs\":[\"https:\\\/\\\/www.facebook.com\\\/NebraskaDemocraticParty\\\/\",\"https:\\\/\\\/x.com\\\/nebraskadems\"]}]}<\/script>\n<!-- \/ Yoast SEO plugin. -->","yoast_head_json":{"title":"Lights for Liberty &#8211; Nebraska Democratic Party","robots":{"index":"index","follow":"follow","max-snippet":"max-snippet:-1","max-image-preview":"max-image-preview:large","max-video-preview":"max-video-preview:-1"},"canonical":"https:\/\/nebraskademocrats.org\/es\/event\/lights-for-liberty\/","og_locale":"es_MX","og_type":"article","og_title":"Lights for Liberty &#8211; Nebraska Democratic Party","og_description":"On Friday July 12th, 2019,\u00a0Lights for Liberty\u00a0is having a\u00a0\u201cVigil to End Human Detention Camps,\u201dthat will\u00a0 bring thousands of Americans to detention camps across the country, into the streets and into their own front yards, to protest the inhumane conditions faced by refugees. Lights for Liberty is a coalition of people, many of whom are mothers, ... Read more","og_url":"https:\/\/nebraskademocrats.org\/es\/event\/lights-for-liberty\/","og_site_name":"Nebraska Democratic Party","article_publisher":"https:\/\/www.facebook.com\/NebraskaDemocraticParty\/","og_image":[{"width":1200,"height":630,"url":"https:\/\/nebraskademocrats.org\/wp-content\/uploads\/2018\/09\/ne-dems-fb.jpg","type":"image\/jpeg"}],"twitter_card":"summary_large_image","twitter_site":"@nebraskadems","twitter_misc":{"Tiempo de lectura":"1 minuto"},"schema":{"@context":"https:\/\/schema.org","@graph":[{"@type":"WebPage","@id":"https:\/\/nebraskademocrats.org\/event\/lights-for-liberty\/","url":"https:\/\/nebraskademocrats.org\/event\/lights-for-liberty\/","name":"Lights for Liberty &#8211; Nebraska Democratic Party","isPartOf":{"@id":"https:\/\/nebraskademocrats.org\/#website"},"datePublished":"2019-07-03T14:15:02+00:00","breadcrumb":{"@id":"https:\/\/nebraskademocrats.org\/event\/lights-for-liberty\/#breadcrumb"},"inLanguage":"es","potentialAction":[{"@type":"ReadAction","target":["https:\/\/nebraskademocrats.org\/event\/lights-for-liberty\/"]}]},{"@type":"BreadcrumbList","@id":"https:\/\/nebraskademocrats.org\/event\/lights-for-liberty\/#breadcrumb","itemListElement":[{"@type":"ListItem","position":1,"name":"Home","item":"https:\/\/nebraskademocrats.org\/"},{"@type":"ListItem","position":2,"name":"Events","item":"https:\/\/nebraskademocrats.org\/vi\/events\/"},{"@type":"ListItem","position":3,"name":"Lights for Liberty"}]},{"@type":"WebSite","@id":"https:\/\/nebraskademocrats.org\/#website","url":"https:\/\/nebraskademocrats.org\/","name":"Partido Dem\u00f3crata de Nebraska","description":"Cultivando la buena vida para todos los nebraskenses","publisher":{"@id":"https:\/\/nebraskademocrats.org\/#organization"},"potentialAction":[{"@type":"SearchAction","target":{"@type":"EntryPoint","urlTemplate":"https:\/\/nebraskademocrats.org\/?s={search_term_string}"},"query-input":{"@type":"PropertyValueSpecification","valueRequired":true,"valueName":"search_term_string"}}],"inLanguage":"es"},{"@type":"Organization","@id":"https:\/\/nebraskademocrats.org\/#organization","name":"Partido Dem\u00f3crata de Nebraska","url":"https:\/\/nebraskademocrats.org\/","logo":{"@type":"ImageObject","inLanguage":"es","@id":"https:\/\/nebraskademocrats.org\/#\/schema\/logo\/image\/","url":"https:\/\/nebraskadem.wpenginepowered.com\/wp-content\/uploads\/2016\/05\/NDP2.jpg","contentUrl":"https:\/\/nebraskadem.wpenginepowered.com\/wp-content\/uploads\/2016\/05\/NDP2.jpg","width":1000,"height":396,"caption":"Nebraska Democratic Party"},"image":{"@id":"https:\/\/nebraskademocrats.org\/#\/schema\/logo\/image\/"},"sameAs":["https:\/\/www.facebook.com\/NebraskaDemocraticParty\/","https:\/\/x.com\/nebraskadems"]}]}},"_links":{"self":[{"href":"https:\/\/nebraskademocrats.org\/es\/wp-json\/wp\/v2\/tribe_events\/8853","targetHints":{"allow":["GET"]}}],"collection":[{"href":"https:\/\/nebraskademocrats.org\/es\/wp-json\/wp\/v2\/tribe_events"}],"about":[{"href":"https:\/\/nebraskademocrats.org\/es\/wp-json\/wp\/v2\/types\/tribe_events"}],"author":[{"embeddable":true,"href":"https:\/\/nebraskademocrats.org\/es\/wp-json\/wp\/v2\/users\/19"}],"version-history":[{"count":0,"href":"https:\/\/nebraskademocrats.org\/es\/wp-json\/wp\/v2\/tribe_events\/8853\/revisions"}],"wp:attachment":[{"href":"https:\/\/nebraskademocrats.org\/es\/wp-json\/wp\/v2\/media?parent=8853"}],"wp:term":[{"taxonomy":"post_tag","embeddable":true,"href":"https:\/\/nebraskademocrats.org\/es\/wp-json\/wp\/v2\/tags?post=8853"},{"taxonomy":"tribe_events_cat","embeddable":true,"href":"https:\/\/nebraskademocrats.org\/es\/wp-json\/wp\/v2\/tribe_events_cat?post=8853"}],"curies":[{"name":"wp","href":"https:\/\/api.w.org\/{rel}","templated":true}]}}

<p>El viernes 12 de julio de 2019, <strong>Luces para la libertad</strong> está teniendo un <strong>&quot;Vigilia para poner fin a los campos de detención humana&quot;</strong>eso llevará a miles de estadounidenses a campos de detención en todo el país, a las calles y a sus propios patios delanteros, para protestar por las condiciones inhumanas que enfrentan los refugiados.</p>
<p>Lights for Liberty es una coalición de personas, muchas de las cuales son madres, dedicadas a los derechos humanos, y el principio fundamental detrás de la democracia de que todos los seres humanos tienen derecho a la vida, la libertad y la dignidad.</p>
<p>Se están asociando con comunidades y organizaciones nacionales, regionales y locales que creen que estos derechos fundamentales no son negociables y están dispuestos a protegerlos.</p>
<p>Se puede encontrar más información en <a href="https://l.facebook.com/l.php?u=http%3A%2F%2Fwww.lightsforliberty.org%2F%3Ffbclid%3DIwAR2nWECtTecRm-zrDb0QRiNFlaL9a7U3GCsbvRwQqilvy-kFShAca8sAI1s&amp;h=AT0rlsVvdNZVuFRE1ko98F7Wo9-7S34QBRfQ0uwmW1OB_G1gC9A4g0VivEbjCyD-_Vu2JWrMJIJtX24gN_1IqwEjS-NFYb0eVpg3vtMuMTVE3E2rr5K_oB6Rtl7EJsmwEtg" target="_blank" rel="noopener nofollow" data-lynx-mode="asynclazy">www.lightsforliberty.org.</a></p>
<p>Aquí hay enlaces a los eventos planeados en Nebraska:</p>
<p><strong><a href="https://www.facebook.com/events/2477860755593250/">Omaha</a></strong></p>
<p><strong><a href="https://www.facebook.com/events/1168786469995337/">Lincoln</a></strong></p>
<p><a href="https://www.facebook.com/events/422805428306108/">Grand Island</a></p>
<p><strong><a href="https://www.facebook.com/events/631440577343979/">Wayne</a></strong></p>

Partido Demócrata de Nebraska
