{"id":9340,"date":"2019-07-23T12:37:50","date_gmt":"2019-07-23T17:37:50","guid":{"rendered":"https:\/\/nebraskadem.wpenginepowered.com\/?post_type=tribe_events&#038;p=9340"},"modified":"2019-07-23T12:37:59","modified_gmt":"2019-07-23T17:37:59","slug":"grant-sorrell-for-ops-board-kickoff-event","status":"publish","type":"tribe_events","link":"https:\/\/nebraskademocrats.org\/es\/event\/grant-sorrell-for-ops-board-kickoff-event\/","title":{"rendered":"Grant Sorrell para el evento de lanzamiento de la Junta de OPS"},"content":{"rendered":"<div class=\"_63eu\">\n<div class=\"_63ew\" data-testid=\"event-permalink-details\">\n<p>\u00a1\u00danase a Grant Sorrell mientras comienza su campa\u00f1a para la Junta de Educaci\u00f3n de las Escuelas P\u00fablicas de Omaha!<\/p>\n<p>Alojado por:<br \/>\nEl senador Mike y la se\u00f1ora Amy McDonnell<br \/>\nEl concejal Chris y la se\u00f1ora Jennifer Jerram<br \/>\nEx alcalde Mike Fahey<br \/>\nMrs. Deborah y Mr. Joe Neary<br \/>\nDr. Michael y la Sra. Shirley Sorrell<br \/>\nSr. Eric Burden<br \/>\nDr. James H. Sorrell<br \/>\nSr. Eric y Sra. Trisha Behrens<br \/>\nSr. John y Jeff Fox<br \/>\nDr. Paul Landow<br \/>\nSr. John y Sra. Kerri Sorrell<br \/>\nSr. Rick Clark<br \/>\nLos Dres. Emily y Joe Braun<br \/>\nSr. Blake y Sra. Cathy Sorrell<br \/>\nSr. Evan Schmeits y Sra. Abbey Klein<\/p>\n<p>Si no puede asistir, considere apoyar la campa\u00f1a de Grant en l\u00ednea: <a href=\"https:\/\/l.facebook.com\/l.php?u=https%3A%2F%2Fsecure.actblue.com%2Fdonate%2Fgrant-sorrell-for-ops-board-1%3Ffbclid%3DIwAR3Fei0Hsg2tvi9lzaH1C0W4L6jrxXGP5R4-zPzXuCiBiEmYkCTXW9TbcUc&amp;h=AT0DO8pHUI7AHwUSNHhZtWz_R5UQApi8bUFJF1vQh-IyTymixh24mqZ0J25g3oPym-37mEAiAmVlOLrY6LJOoSj70IO5ZmyRdV00MVvOXayX1IJC3Ki6VogKSu8_tr4Xuw\" target=\"_blank\" rel=\"nofollow noopener\" data-lynx-mode=\"hover\">https:\/\/secure.actblue.com\/donate\/grant-sorrell-for-ops-board-1<\/a><\/p>\n<\/div>\n<\/div>","protected":false},"excerpt":{"rendered":"<p>Join Grant Sorrell as he kicks off his campaign for the Omaha Public Schools Board of Education! Hosted by: Senator Mike and Mrs. Amy McDonnell Councilman Chris and Mrs. Jennifer Jerram Former Mayor Mike Fahey Mrs. Deborah and Mr. Joe Neary Dr. Michael and Mrs. Shirley Sorrell Mr. Eric Burden Dr. James H. Sorrell Mr. &#8230; <a title=\"Grant Sorrell para el evento de lanzamiento de la Junta de OPS\" class=\"read-more\" href=\"https:\/\/nebraskademocrats.org\/es\/event\/grant-sorrell-for-ops-board-kickoff-event\/\" aria-label=\"More on Grant Sorrell for OPS Board Kickoff Event\">Lee mas<\/a><\/p>","protected":false},"author":19,"featured_media":0,"template":"","meta":{"_acf_changed":false,"_exactmetrics_skip_tracking":false,"_exactmetrics_sitenote_active":false,"_exactmetrics_sitenote_note":"","_exactmetrics_sitenote_category":0,"_tribe_events_status":"","_tribe_events_status_reason":"","footnotes":""},"tags":[],"tribe_events_cat":[],"class_list":["post-9340","tribe_events","type-tribe_events","status-publish","hentry"],"acf":[],"yoast_head":"<!-- This site is optimized with the Yoast SEO plugin v27.4 - https:\/\/yoast.com\/product\/yoast-seo-wordpress\/ -->\n<title>Grant Sorrell for OPS Board Kickoff Event &#8211; Nebraska Democratic Party<\/title>\n<meta name=\"robots\" content=\"index, follow, max-snippet:-1, max-image-preview:large, max-video-preview:-1\" \/>\n<link rel=\"canonical\" href=\"https:\/\/nebraskademocrats.org\/es\/event\/grant-sorrell-for-ops-board-kickoff-event\/\" \/>\n<meta property=\"og:locale\" content=\"es_MX\" \/>\n<meta property=\"og:type\" content=\"article\" \/>\n<meta property=\"og:title\" content=\"Grant Sorrell for OPS Board Kickoff Event &#8211; Nebraska Democratic Party\" \/>\n<meta property=\"og:description\" content=\"Join Grant Sorrell as he kicks off his campaign for the Omaha Public Schools Board of Education! Hosted by: Senator Mike and Mrs. Amy McDonnell Councilman Chris and Mrs. Jennifer Jerram Former Mayor Mike Fahey Mrs. Deborah and Mr. Joe Neary Dr. Michael and Mrs. Shirley Sorrell Mr. Eric Burden Dr. James H. Sorrell Mr. ... Read more\" \/>\n<meta property=\"og:url\" content=\"https:\/\/nebraskademocrats.org\/es\/event\/grant-sorrell-for-ops-board-kickoff-event\/\" \/>\n<meta property=\"og:site_name\" content=\"Nebraska Democratic Party\" \/>\n<meta property=\"article:publisher\" content=\"https:\/\/www.facebook.com\/NebraskaDemocraticParty\/\" \/>\n<meta property=\"article:modified_time\" content=\"2019-07-23T17:37:59+00:00\" \/>\n<meta property=\"og:image\" content=\"https:\/\/nebraskademocrats.org\/wp-content\/uploads\/2018\/09\/ne-dems-fb.jpg\" \/>\n\t<meta property=\"og:image:width\" content=\"1200\" \/>\n\t<meta property=\"og:image:height\" content=\"630\" \/>\n\t<meta property=\"og:image:type\" content=\"image\/jpeg\" \/>\n<meta name=\"twitter:card\" content=\"summary_large_image\" \/>\n<meta name=\"twitter:site\" content=\"@nebraskadems\" \/>\n<meta name=\"twitter:label1\" content=\"Tiempo de lectura\" \/>\n\t<meta name=\"twitter:data1\" content=\"1 minuto\" \/>\n<script type=\"application\/ld+json\" class=\"yoast-schema-graph\">{\"@context\":\"https:\\\/\\\/schema.org\",\"@graph\":[{\"@type\":\"WebPage\",\"@id\":\"https:\\\/\\\/nebraskademocrats.org\\\/event\\\/grant-sorrell-for-ops-board-kickoff-event\\\/\",\"url\":\"https:\\\/\\\/nebraskademocrats.org\\\/event\\\/grant-sorrell-for-ops-board-kickoff-event\\\/\",\"name\":\"Grant Sorrell for OPS Board Kickoff Event &#8211; Nebraska Democratic Party\",\"isPartOf\":{\"@id\":\"https:\\\/\\\/nebraskademocrats.org\\\/#website\"},\"datePublished\":\"2019-07-23T17:37:50+00:00\",\"dateModified\":\"2019-07-23T17:37:59+00:00\",\"breadcrumb\":{\"@id\":\"https:\\\/\\\/nebraskademocrats.org\\\/event\\\/grant-sorrell-for-ops-board-kickoff-event\\\/#breadcrumb\"},\"inLanguage\":\"es\",\"potentialAction\":[{\"@type\":\"ReadAction\",\"target\":[\"https:\\\/\\\/nebraskademocrats.org\\\/event\\\/grant-sorrell-for-ops-board-kickoff-event\\\/\"]}]},{\"@type\":\"BreadcrumbList\",\"@id\":\"https:\\\/\\\/nebraskademocrats.org\\\/event\\\/grant-sorrell-for-ops-board-kickoff-event\\\/#breadcrumb\",\"itemListElement\":[{\"@type\":\"ListItem\",\"position\":1,\"name\":\"Home\",\"item\":\"https:\\\/\\\/nebraskademocrats.org\\\/\"},{\"@type\":\"ListItem\",\"position\":2,\"name\":\"Events\",\"item\":\"https:\\\/\\\/nebraskademocrats.org\\\/vi\\\/events\\\/\"},{\"@type\":\"ListItem\",\"position\":3,\"name\":\"Grant Sorrell for OPS Board Kickoff Event\"}]},{\"@type\":\"WebSite\",\"@id\":\"https:\\\/\\\/nebraskademocrats.org\\\/#website\",\"url\":\"https:\\\/\\\/nebraskademocrats.org\\\/\",\"name\":\"Nebraska Democratic Party\",\"description\":\"Growing the Good Life for All Nebraskans\",\"publisher\":{\"@id\":\"https:\\\/\\\/nebraskademocrats.org\\\/#organization\"},\"potentialAction\":[{\"@type\":\"SearchAction\",\"target\":{\"@type\":\"EntryPoint\",\"urlTemplate\":\"https:\\\/\\\/nebraskademocrats.org\\\/?s={search_term_string}\"},\"query-input\":{\"@type\":\"PropertyValueSpecification\",\"valueRequired\":true,\"valueName\":\"search_term_string\"}}],\"inLanguage\":\"es\"},{\"@type\":\"Organization\",\"@id\":\"https:\\\/\\\/nebraskademocrats.org\\\/#organization\",\"name\":\"Nebraska Democratic Party\",\"url\":\"https:\\\/\\\/nebraskademocrats.org\\\/\",\"logo\":{\"@type\":\"ImageObject\",\"inLanguage\":\"es\",\"@id\":\"https:\\\/\\\/nebraskademocrats.org\\\/#\\\/schema\\\/logo\\\/image\\\/\",\"url\":\"https:\\\/\\\/nebraskadem.wpenginepowered.com\\\/wp-content\\\/uploads\\\/2016\\\/05\\\/NDP2.jpg\",\"contentUrl\":\"https:\\\/\\\/nebraskadem.wpenginepowered.com\\\/wp-content\\\/uploads\\\/2016\\\/05\\\/NDP2.jpg\",\"width\":1000,\"height\":396,\"caption\":\"Nebraska Democratic Party\"},\"image\":{\"@id\":\"https:\\\/\\\/nebraskademocrats.org\\\/#\\\/schema\\\/logo\\\/image\\\/\"},\"sameAs\":[\"https:\\\/\\\/www.facebook.com\\\/NebraskaDemocraticParty\\\/\",\"https:\\\/\\\/x.com\\\/nebraskadems\"]}]}<\/script>\n<!-- \/ Yoast SEO plugin. -->","yoast_head_json":{"title":"Grant Sorrell for OPS Board Kickoff Event &#8211; Nebraska Democratic Party","robots":{"index":"index","follow":"follow","max-snippet":"max-snippet:-1","max-image-preview":"max-image-preview:large","max-video-preview":"max-video-preview:-1"},"canonical":"https:\/\/nebraskademocrats.org\/es\/event\/grant-sorrell-for-ops-board-kickoff-event\/","og_locale":"es_MX","og_type":"article","og_title":"Grant Sorrell for OPS Board Kickoff Event &#8211; Nebraska Democratic Party","og_description":"Join Grant Sorrell as he kicks off his campaign for the Omaha Public Schools Board of Education! Hosted by: Senator Mike and Mrs. Amy McDonnell Councilman Chris and Mrs. Jennifer Jerram Former Mayor Mike Fahey Mrs. Deborah and Mr. Joe Neary Dr. Michael and Mrs. Shirley Sorrell Mr. Eric Burden Dr. James H. Sorrell Mr. ... Read more","og_url":"https:\/\/nebraskademocrats.org\/es\/event\/grant-sorrell-for-ops-board-kickoff-event\/","og_site_name":"Nebraska Democratic Party","article_publisher":"https:\/\/www.facebook.com\/NebraskaDemocraticParty\/","article_modified_time":"2019-07-23T17:37:59+00:00","og_image":[{"width":1200,"height":630,"url":"https:\/\/nebraskademocrats.org\/wp-content\/uploads\/2018\/09\/ne-dems-fb.jpg","type":"image\/jpeg"}],"twitter_card":"summary_large_image","twitter_site":"@nebraskadems","twitter_misc":{"Tiempo de lectura":"1 minuto"},"schema":{"@context":"https:\/\/schema.org","@graph":[{"@type":"WebPage","@id":"https:\/\/nebraskademocrats.org\/event\/grant-sorrell-for-ops-board-kickoff-event\/","url":"https:\/\/nebraskademocrats.org\/event\/grant-sorrell-for-ops-board-kickoff-event\/","name":"Grant Sorrell for OPS Board Kickoff Event &#8211; Nebraska Democratic Party","isPartOf":{"@id":"https:\/\/nebraskademocrats.org\/#website"},"datePublished":"2019-07-23T17:37:50+00:00","dateModified":"2019-07-23T17:37:59+00:00","breadcrumb":{"@id":"https:\/\/nebraskademocrats.org\/event\/grant-sorrell-for-ops-board-kickoff-event\/#breadcrumb"},"inLanguage":"es","potentialAction":[{"@type":"ReadAction","target":["https:\/\/nebraskademocrats.org\/event\/grant-sorrell-for-ops-board-kickoff-event\/"]}]},{"@type":"BreadcrumbList","@id":"https:\/\/nebraskademocrats.org\/event\/grant-sorrell-for-ops-board-kickoff-event\/#breadcrumb","itemListElement":[{"@type":"ListItem","position":1,"name":"Home","item":"https:\/\/nebraskademocrats.org\/"},{"@type":"ListItem","position":2,"name":"Events","item":"https:\/\/nebraskademocrats.org\/vi\/events\/"},{"@type":"ListItem","position":3,"name":"Grant Sorrell for OPS Board Kickoff Event"}]},{"@type":"WebSite","@id":"https:\/\/nebraskademocrats.org\/#website","url":"https:\/\/nebraskademocrats.org\/","name":"Partido Dem\u00f3crata de Nebraska","description":"Cultivando la buena vida para todos los nebraskenses","publisher":{"@id":"https:\/\/nebraskademocrats.org\/#organization"},"potentialAction":[{"@type":"SearchAction","target":{"@type":"EntryPoint","urlTemplate":"https:\/\/nebraskademocrats.org\/?s={search_term_string}"},"query-input":{"@type":"PropertyValueSpecification","valueRequired":true,"valueName":"search_term_string"}}],"inLanguage":"es"},{"@type":"Organization","@id":"https:\/\/nebraskademocrats.org\/#organization","name":"Partido Dem\u00f3crata de Nebraska","url":"https:\/\/nebraskademocrats.org\/","logo":{"@type":"ImageObject","inLanguage":"es","@id":"https:\/\/nebraskademocrats.org\/#\/schema\/logo\/image\/","url":"https:\/\/nebraskadem.wpenginepowered.com\/wp-content\/uploads\/2016\/05\/NDP2.jpg","contentUrl":"https:\/\/nebraskadem.wpenginepowered.com\/wp-content\/uploads\/2016\/05\/NDP2.jpg","width":1000,"height":396,"caption":"Nebraska Democratic Party"},"image":{"@id":"https:\/\/nebraskademocrats.org\/#\/schema\/logo\/image\/"},"sameAs":["https:\/\/www.facebook.com\/NebraskaDemocraticParty\/","https:\/\/x.com\/nebraskadems"]}]}},"_links":{"self":[{"href":"https:\/\/nebraskademocrats.org\/es\/wp-json\/wp\/v2\/tribe_events\/9340","targetHints":{"allow":["GET"]}}],"collection":[{"href":"https:\/\/nebraskademocrats.org\/es\/wp-json\/wp\/v2\/tribe_events"}],"about":[{"href":"https:\/\/nebraskademocrats.org\/es\/wp-json\/wp\/v2\/types\/tribe_events"}],"author":[{"embeddable":true,"href":"https:\/\/nebraskademocrats.org\/es\/wp-json\/wp\/v2\/users\/19"}],"version-history":[{"count":0,"href":"https:\/\/nebraskademocrats.org\/es\/wp-json\/wp\/v2\/tribe_events\/9340\/revisions"}],"wp:attachment":[{"href":"https:\/\/nebraskademocrats.org\/es\/wp-json\/wp\/v2\/media?parent=9340"}],"wp:term":[{"taxonomy":"post_tag","embeddable":true,"href":"https:\/\/nebraskademocrats.org\/es\/wp-json\/wp\/v2\/tags?post=9340"},{"taxonomy":"tribe_events_cat","embeddable":true,"href":"https:\/\/nebraskademocrats.org\/es\/wp-json\/wp\/v2\/tribe_events_cat?post=9340"}],"curies":[{"name":"wp","href":"https:\/\/api.w.org\/{rel}","templated":true}]}}

<div class="_63eu">
<div class="_63ew" data-testid="event-permalink-details">
<p>¡Únase a Grant Sorrell mientras comienza su campaña para la Junta de Educación de las Escuelas Públicas de Omaha!</p>
<p>Alojado por:<br />
El senador Mike y la señora Amy McDonnell<br />
El concejal Chris y la señora Jennifer Jerram<br />
Ex alcalde Mike Fahey<br />
Mrs. Deborah y Mr. Joe Neary<br />
Dr. Michael y la Sra. Shirley Sorrell<br />
Sr. Eric Burden<br />
Dr. James H. Sorrell<br />
Sr. Eric y Sra. Trisha Behrens<br />
Sr. John y Jeff Fox<br />
Dr. Paul Landow<br />
Sr. John y Sra. Kerri Sorrell<br />
Sr. Rick Clark<br />
Los Dres. Emily y Joe Braun<br />
Sr. Blake y Sra. Cathy Sorrell<br />
Sr. Evan Schmeits y Sra. Abbey Klein</p>
<p>Si no puede asistir, considere apoyar la campaña de Grant en línea: <a href="https://l.facebook.com/l.php?u=https%3A%2F%2Fsecure.actblue.com%2Fdonate%2Fgrant-sorrell-for-ops-board-1%3Ffbclid%3DIwAR3Fei0Hsg2tvi9lzaH1C0W4L6jrxXGP5R4-zPzXuCiBiEmYkCTXW9TbcUc&amp;h=AT0DO8pHUI7AHwUSNHhZtWz_R5UQApi8bUFJF1vQh-IyTymixh24mqZ0J25g3oPym-37mEAiAmVlOLrY6LJOoSj70IO5ZmyRdV00MVvOXayX1IJC3Ki6VogKSu8_tr4Xuw" target="_blank" rel="nofollow noopener" data-lynx-mode="hover">https://secure.actblue.com/donate/grant-sorrell-for-ops-board-1</a></p>
</div>
</div>

Partido Demócrata de Nebraska
