{"id":9971,"date":"2019-09-12T08:40:00","date_gmt":"2019-09-12T13:40:00","guid":{"rendered":"https:\/\/nebraskadem.wpenginepowered.com\/?post_type=tribe_events&#038;p=9971"},"modified":"2019-09-23T10:34:07","modified_gmt":"2019-09-23T15:34:07","slug":"ndp-black-caucus-fundraiser","status":"publish","type":"tribe_events","link":"https:\/\/nebraskademocrats.org\/es\/event\/ndp-black-caucus-fundraiser\/","title":{"rendered":"NDP Black Caucus Fundraiser"},"content":{"rendered":"<p>7 a 9 pm - Oradora invitada Nina Turner (Copresidenta nacional de la Campa\u00f1a Bernie Sanders y colaboradora de CNN) y Panel<br \/>\n9 a 11 pm - M\u00fasica en vivo<\/p>\n<p><a href=\"https:\/\/secure.actblue.com\/donate\/bigblueweekend\"><strong>Los boletos son $30 se pueden comprar aqu\u00ed.<\/strong><\/a><\/p>\n<p>Con la bendici\u00f3n de la familia Danner, el NDP Black Caucus quisiera honrar a un individuo afroamericano en la comunidad con el Primer Premio Anual del Senador Edward Danner.<\/p>\n<p>Env\u00ede informaci\u00f3n para nominar a alguien que tenga o contin\u00fae perjudicando a la comunidad a trav\u00e9s del servicio comunitario dentro y fuera de la oficina, tuvo \/ tiene un impacto mientras estaba en la oficina o dentro del partido y los logros generales de la vida que afectan a la comunidad afroamericana cuando se trata de votar derechos y \/ o justicia social en la comunidad.<\/p>\n<p><strong><a href=\"https:\/\/l.facebook.com\/l.php?u=https%3A%2F%2Fwww.nebraskalegislature.gov%2Feducation%2Fdanner.php%3Ffbclid%3DIwAR2hkDvacz-D5dhoHVqvDTDEbArRKO_-2yddHNsrIr8NNtjyBk2V30NuyX4&amp;h=AT2kthrCtlg9NSEoBJAZedwSBSzifzriIXz39vk6htm6pYgC_oPslELnvgS6GNJlBI6Esc-Nz1DKxeUsRcfrznDNURYVjzhr7Df-NiuZcvTOKob5O0UBfj2C-oW3RLJ0bA\">Lea m\u00e1s sobre el senador Edward Danner.<\/a><\/strong><\/p>\n<p>La fecha l\u00edmite para la presentaci\u00f3n de nominaciones es el 30 de septiembre de 2019 a las 5 p.m. CT.<\/p>\n<p>Por favor complete la informaci\u00f3n a continuaci\u00f3n. Puede enviar el premio a m\u00e1s de una persona, pero deber\u00e1 completar un formulario por nominaci\u00f3n.<\/p>\n<p>Si prefieres <strong><a href=\"https:\/\/docs.google.com\/forms\/d\/e\/1FAIpQLSezJNPQQ89w-8D9Z-hZ2DvdhxHQCeImP2EYZFFpRxolOCWxRw\/viewform?fbclid=IwAR3TxCVO6gfOYySVhdGf7V3BAuNY5YOpHElauqOPTTeEhfSw-x_8_k8IaYs\">imprime este formulario,<\/a><\/strong> Puede enviar la informaci\u00f3n por correo (Partido Democr\u00e1tico de Nebraska, 3701 O St., Suite 200, Lincoln, NE, 68510).<\/p>","protected":false},"excerpt":{"rendered":"<p>7 to 9 p.m. &#8212; Guest Speaker Nina Turner (National Co-Chair of Bernie Sanders Campaign &amp; CNN contributor) and Panel 9 to 11 p.m. &#8212; Live Music Tickets are $30 can be purchased here. With the blessing of the Danner family, the NDP Black Caucus would like to honor an African American individual in the &#8230; <a title=\"NDP Black Caucus Fundraiser\" class=\"read-more\" href=\"https:\/\/nebraskademocrats.org\/es\/event\/ndp-black-caucus-fundraiser\/\" aria-label=\"More on NDP Black Caucus Fundraiser\">Lee mas<\/a><\/p>","protected":false},"author":19,"featured_media":0,"template":"","meta":{"_acf_changed":false,"_exactmetrics_skip_tracking":false,"_exactmetrics_sitenote_active":false,"_exactmetrics_sitenote_note":"","_exactmetrics_sitenote_category":0,"_tribe_events_status":"","_tribe_events_status_reason":"","footnotes":""},"tags":[],"tribe_events_cat":[],"class_list":["post-9971","tribe_events","type-tribe_events","status-publish","hentry"],"acf":[],"yoast_head":"<!-- This site is optimized with the Yoast SEO plugin v27.4 - https:\/\/yoast.com\/product\/yoast-seo-wordpress\/ -->\n<title>NDP Black Caucus Fundraiser &#8211; Nebraska Democratic Party<\/title>\n<meta name=\"robots\" content=\"index, follow, max-snippet:-1, max-image-preview:large, max-video-preview:-1\" \/>\n<link rel=\"canonical\" href=\"https:\/\/nebraskademocrats.org\/es\/event\/ndp-black-caucus-fundraiser\/\" \/>\n<meta property=\"og:locale\" content=\"es_MX\" \/>\n<meta property=\"og:type\" content=\"article\" \/>\n<meta property=\"og:title\" content=\"NDP Black Caucus Fundraiser &#8211; Nebraska Democratic Party\" \/>\n<meta property=\"og:description\" content=\"7 to 9 p.m. &#8212; Guest Speaker Nina Turner (National Co-Chair of Bernie Sanders Campaign &amp; CNN contributor) and Panel 9 to 11 p.m. &#8212; Live Music Tickets are $30 can be purchased here. With the blessing of the Danner family, the NDP Black Caucus would like to honor an African American individual in the ... Read more\" \/>\n<meta property=\"og:url\" content=\"https:\/\/nebraskademocrats.org\/es\/event\/ndp-black-caucus-fundraiser\/\" \/>\n<meta property=\"og:site_name\" content=\"Nebraska Democratic Party\" \/>\n<meta property=\"article:publisher\" content=\"https:\/\/www.facebook.com\/NebraskaDemocraticParty\/\" \/>\n<meta property=\"article:modified_time\" content=\"2019-09-23T15:34:07+00:00\" \/>\n<meta property=\"og:image\" content=\"https:\/\/nebraskademocrats.org\/wp-content\/uploads\/2018\/09\/ne-dems-fb.jpg\" \/>\n\t<meta property=\"og:image:width\" content=\"1200\" \/>\n\t<meta property=\"og:image:height\" content=\"630\" \/>\n\t<meta property=\"og:image:type\" content=\"image\/jpeg\" \/>\n<meta name=\"twitter:card\" content=\"summary_large_image\" \/>\n<meta name=\"twitter:site\" content=\"@nebraskadems\" \/>\n<meta name=\"twitter:label1\" content=\"Tiempo de lectura\" \/>\n\t<meta name=\"twitter:data1\" content=\"1 minuto\" \/>\n<script type=\"application\/ld+json\" class=\"yoast-schema-graph\">{\"@context\":\"https:\\\/\\\/schema.org\",\"@graph\":[{\"@type\":\"WebPage\",\"@id\":\"https:\\\/\\\/nebraskademocrats.org\\\/event\\\/ndp-black-caucus-fundraiser\\\/\",\"url\":\"https:\\\/\\\/nebraskademocrats.org\\\/event\\\/ndp-black-caucus-fundraiser\\\/\",\"name\":\"NDP Black Caucus Fundraiser &#8211; Nebraska Democratic Party\",\"isPartOf\":{\"@id\":\"https:\\\/\\\/nebraskademocrats.org\\\/#website\"},\"datePublished\":\"2019-09-12T13:40:00+00:00\",\"dateModified\":\"2019-09-23T15:34:07+00:00\",\"breadcrumb\":{\"@id\":\"https:\\\/\\\/nebraskademocrats.org\\\/event\\\/ndp-black-caucus-fundraiser\\\/#breadcrumb\"},\"inLanguage\":\"es\",\"potentialAction\":[{\"@type\":\"ReadAction\",\"target\":[\"https:\\\/\\\/nebraskademocrats.org\\\/event\\\/ndp-black-caucus-fundraiser\\\/\"]}]},{\"@type\":\"BreadcrumbList\",\"@id\":\"https:\\\/\\\/nebraskademocrats.org\\\/event\\\/ndp-black-caucus-fundraiser\\\/#breadcrumb\",\"itemListElement\":[{\"@type\":\"ListItem\",\"position\":1,\"name\":\"Home\",\"item\":\"https:\\\/\\\/nebraskademocrats.org\\\/\"},{\"@type\":\"ListItem\",\"position\":2,\"name\":\"Events\",\"item\":\"https:\\\/\\\/nebraskademocrats.org\\\/vi\\\/events\\\/\"},{\"@type\":\"ListItem\",\"position\":3,\"name\":\"NDP Black Caucus Fundraiser\"}]},{\"@type\":\"WebSite\",\"@id\":\"https:\\\/\\\/nebraskademocrats.org\\\/#website\",\"url\":\"https:\\\/\\\/nebraskademocrats.org\\\/\",\"name\":\"Nebraska Democratic Party\",\"description\":\"Growing the Good Life for All Nebraskans\",\"publisher\":{\"@id\":\"https:\\\/\\\/nebraskademocrats.org\\\/#organization\"},\"potentialAction\":[{\"@type\":\"SearchAction\",\"target\":{\"@type\":\"EntryPoint\",\"urlTemplate\":\"https:\\\/\\\/nebraskademocrats.org\\\/?s={search_term_string}\"},\"query-input\":{\"@type\":\"PropertyValueSpecification\",\"valueRequired\":true,\"valueName\":\"search_term_string\"}}],\"inLanguage\":\"es\"},{\"@type\":\"Organization\",\"@id\":\"https:\\\/\\\/nebraskademocrats.org\\\/#organization\",\"name\":\"Nebraska Democratic Party\",\"url\":\"https:\\\/\\\/nebraskademocrats.org\\\/\",\"logo\":{\"@type\":\"ImageObject\",\"inLanguage\":\"es\",\"@id\":\"https:\\\/\\\/nebraskademocrats.org\\\/#\\\/schema\\\/logo\\\/image\\\/\",\"url\":\"https:\\\/\\\/nebraskadem.wpenginepowered.com\\\/wp-content\\\/uploads\\\/2016\\\/05\\\/NDP2.jpg\",\"contentUrl\":\"https:\\\/\\\/nebraskadem.wpenginepowered.com\\\/wp-content\\\/uploads\\\/2016\\\/05\\\/NDP2.jpg\",\"width\":1000,\"height\":396,\"caption\":\"Nebraska Democratic Party\"},\"image\":{\"@id\":\"https:\\\/\\\/nebraskademocrats.org\\\/#\\\/schema\\\/logo\\\/image\\\/\"},\"sameAs\":[\"https:\\\/\\\/www.facebook.com\\\/NebraskaDemocraticParty\\\/\",\"https:\\\/\\\/x.com\\\/nebraskadems\"]}]}<\/script>\n<!-- \/ Yoast SEO plugin. -->","yoast_head_json":{"title":"NDP Black Caucus Fundraiser &#8211; Nebraska Democratic Party","robots":{"index":"index","follow":"follow","max-snippet":"max-snippet:-1","max-image-preview":"max-image-preview:large","max-video-preview":"max-video-preview:-1"},"canonical":"https:\/\/nebraskademocrats.org\/es\/event\/ndp-black-caucus-fundraiser\/","og_locale":"es_MX","og_type":"article","og_title":"NDP Black Caucus Fundraiser &#8211; Nebraska Democratic Party","og_description":"7 to 9 p.m. &#8212; Guest Speaker Nina Turner (National Co-Chair of Bernie Sanders Campaign &amp; CNN contributor) and Panel 9 to 11 p.m. &#8212; Live Music Tickets are $30 can be purchased here. With the blessing of the Danner family, the NDP Black Caucus would like to honor an African American individual in the ... Read more","og_url":"https:\/\/nebraskademocrats.org\/es\/event\/ndp-black-caucus-fundraiser\/","og_site_name":"Nebraska Democratic Party","article_publisher":"https:\/\/www.facebook.com\/NebraskaDemocraticParty\/","article_modified_time":"2019-09-23T15:34:07+00:00","og_image":[{"width":1200,"height":630,"url":"https:\/\/nebraskademocrats.org\/wp-content\/uploads\/2018\/09\/ne-dems-fb.jpg","type":"image\/jpeg"}],"twitter_card":"summary_large_image","twitter_site":"@nebraskadems","twitter_misc":{"Tiempo de lectura":"1 minuto"},"schema":{"@context":"https:\/\/schema.org","@graph":[{"@type":"WebPage","@id":"https:\/\/nebraskademocrats.org\/event\/ndp-black-caucus-fundraiser\/","url":"https:\/\/nebraskademocrats.org\/event\/ndp-black-caucus-fundraiser\/","name":"NDP Black Caucus Fundraiser &#8211; Nebraska Democratic Party","isPartOf":{"@id":"https:\/\/nebraskademocrats.org\/#website"},"datePublished":"2019-09-12T13:40:00+00:00","dateModified":"2019-09-23T15:34:07+00:00","breadcrumb":{"@id":"https:\/\/nebraskademocrats.org\/event\/ndp-black-caucus-fundraiser\/#breadcrumb"},"inLanguage":"es","potentialAction":[{"@type":"ReadAction","target":["https:\/\/nebraskademocrats.org\/event\/ndp-black-caucus-fundraiser\/"]}]},{"@type":"BreadcrumbList","@id":"https:\/\/nebraskademocrats.org\/event\/ndp-black-caucus-fundraiser\/#breadcrumb","itemListElement":[{"@type":"ListItem","position":1,"name":"Home","item":"https:\/\/nebraskademocrats.org\/"},{"@type":"ListItem","position":2,"name":"Events","item":"https:\/\/nebraskademocrats.org\/vi\/events\/"},{"@type":"ListItem","position":3,"name":"NDP Black Caucus Fundraiser"}]},{"@type":"WebSite","@id":"https:\/\/nebraskademocrats.org\/#website","url":"https:\/\/nebraskademocrats.org\/","name":"Partido Dem\u00f3crata de Nebraska","description":"Cultivando la buena vida para todos los nebraskenses","publisher":{"@id":"https:\/\/nebraskademocrats.org\/#organization"},"potentialAction":[{"@type":"SearchAction","target":{"@type":"EntryPoint","urlTemplate":"https:\/\/nebraskademocrats.org\/?s={search_term_string}"},"query-input":{"@type":"PropertyValueSpecification","valueRequired":true,"valueName":"search_term_string"}}],"inLanguage":"es"},{"@type":"Organization","@id":"https:\/\/nebraskademocrats.org\/#organization","name":"Partido Dem\u00f3crata de Nebraska","url":"https:\/\/nebraskademocrats.org\/","logo":{"@type":"ImageObject","inLanguage":"es","@id":"https:\/\/nebraskademocrats.org\/#\/schema\/logo\/image\/","url":"https:\/\/nebraskadem.wpenginepowered.com\/wp-content\/uploads\/2016\/05\/NDP2.jpg","contentUrl":"https:\/\/nebraskadem.wpenginepowered.com\/wp-content\/uploads\/2016\/05\/NDP2.jpg","width":1000,"height":396,"caption":"Nebraska Democratic Party"},"image":{"@id":"https:\/\/nebraskademocrats.org\/#\/schema\/logo\/image\/"},"sameAs":["https:\/\/www.facebook.com\/NebraskaDemocraticParty\/","https:\/\/x.com\/nebraskadems"]}]}},"_links":{"self":[{"href":"https:\/\/nebraskademocrats.org\/es\/wp-json\/wp\/v2\/tribe_events\/9971","targetHints":{"allow":["GET"]}}],"collection":[{"href":"https:\/\/nebraskademocrats.org\/es\/wp-json\/wp\/v2\/tribe_events"}],"about":[{"href":"https:\/\/nebraskademocrats.org\/es\/wp-json\/wp\/v2\/types\/tribe_events"}],"author":[{"embeddable":true,"href":"https:\/\/nebraskademocrats.org\/es\/wp-json\/wp\/v2\/users\/19"}],"version-history":[{"count":0,"href":"https:\/\/nebraskademocrats.org\/es\/wp-json\/wp\/v2\/tribe_events\/9971\/revisions"}],"wp:attachment":[{"href":"https:\/\/nebraskademocrats.org\/es\/wp-json\/wp\/v2\/media?parent=9971"}],"wp:term":[{"taxonomy":"post_tag","embeddable":true,"href":"https:\/\/nebraskademocrats.org\/es\/wp-json\/wp\/v2\/tags?post=9971"},{"taxonomy":"tribe_events_cat","embeddable":true,"href":"https:\/\/nebraskademocrats.org\/es\/wp-json\/wp\/v2\/tribe_events_cat?post=9971"}],"curies":[{"name":"wp","href":"https:\/\/api.w.org\/{rel}","templated":true}]}}

<p>7 a 9 pm - Oradora invitada Nina Turner (Copresidenta nacional de la Campaña Bernie Sanders y colaboradora de CNN) y Panel<br />
9 a 11 pm - Música en vivo</p>
<p><a href="https://secure.actblue.com/donate/bigblueweekend"><strong>Los boletos son $30 se pueden comprar aquí.</strong></a></p>
<p>Con la bendición de la familia Danner, el NDP Black Caucus quisiera honrar a un individuo afroamericano en la comunidad con el Primer Premio Anual del Senador Edward Danner.</p>
<p>Envíe información para nominar a alguien que tenga o continúe perjudicando a la comunidad a través del servicio comunitario dentro y fuera de la oficina, tuvo / tiene un impacto mientras estaba en la oficina o dentro del partido y los logros generales de la vida que afectan a la comunidad afroamericana cuando se trata de votar derechos y / o justicia social en la comunidad.</p>
<p><strong><a href="https://l.facebook.com/l.php?u=https%3A%2F%2Fwww.nebraskalegislature.gov%2Feducation%2Fdanner.php%3Ffbclid%3DIwAR2hkDvacz-D5dhoHVqvDTDEbArRKO_-2yddHNsrIr8NNtjyBk2V30NuyX4&amp;h=AT2kthrCtlg9NSEoBJAZedwSBSzifzriIXz39vk6htm6pYgC_oPslELnvgS6GNJlBI6Esc-Nz1DKxeUsRcfrznDNURYVjzhr7Df-NiuZcvTOKob5O0UBfj2C-oW3RLJ0bA">Lea más sobre el senador Edward Danner.</a></strong></p>
<p>La fecha límite para la presentación de nominaciones es el 30 de septiembre de 2019 a las 5 p.m. CT.</p>
<p>Por favor complete la información a continuación. Puede enviar el premio a más de una persona, pero deberá completar un formulario por nominación.</p>
<p>Si prefieres <strong><a href="https://docs.google.com/forms/d/e/1FAIpQLSezJNPQQ89w-8D9Z-hZ2DvdhxHQCeImP2EYZFFpRxolOCWxRw/viewform?fbclid=IwAR3TxCVO6gfOYySVhdGf7V3BAuNY5YOpHElauqOPTTeEhfSw-x_8_k8IaYs">imprime este formulario,</a></strong> Puede enviar la información por correo (Partido Democrático de Nebraska, 3701 O St., Suite 200, Lincoln, NE, 68510).</p>

Partido Demócrata de Nebraska
