{"id":21525,"date":"2020-07-15T15:55:11","date_gmt":"2020-07-15T20:55:11","guid":{"rendered":"https:\/\/nebraskadem.wpenginepowered.com\/event\/welcome-to-the-party-call\/"},"modified":"2020-07-21T18:38:35","modified_gmt":"2020-07-21T23:38:35","slug":"welcome-to-the-party-call","status":"publish","type":"tribe_events","link":"https:\/\/nebraskademocrats.org\/su\/event\/welcome-to-the-party-call\/","title":{"rendered":"Sambutan-ka-Pesta Telepon"},"content":{"rendered":"<p>NDP ngamimitian nelepon mingguan Wilujeng sumping-ka-P\u00e9sta pikeun Dems anu hoyong langkung aub dina p\u00e9sta \u00e9ta. Panggilan Welcome-to-the-Party inaugural Salasa kamari sareng \u00e9ta hebat pisan! Ka hareup, urang bakal nyiarkeun aranjeunna dina Facebook langsung. Anjeun tiasa ngiluan saloba telepon ieu anu anjeun pikahoyong. Kami nampilkeun spiker anu b\u00e9da dina unggal telepon.<\/p>\n<p>Anjeun tiasa ngadaptar pikeun gabung dina Telepon Wilujeng sumping-ka-P\u00e9sta (unggal Salasa tabuh 6 sonten CT) di: <a href=\"https:\/\/nebraskadem.wpenginepowered.com\/welcome\">nebraskademocrats.org\/welcome<\/a><\/p>\n<p>Upami anjeun hoyong ningali siaran tiheula urang Welcome-to-the-Party call anjeun tiasa nonton di dieu: <a href=\"https:\/\/www.facebook.com\/NebraskaDemocraticParty\/videos\/199451594839585\/\">https:\/\/www.facebook.com\/NebraskaDemocraticParty\/videos\/199451594839585\/<\/a><\/p>","protected":false},"excerpt":{"rendered":"<p>The NDP started Welcome-to-the-Party weekly calls for Dems who want to be more involved in the party. The inaugural Welcome-to-the-Party Call was last Tuesday and it was fantastic! Going forward, we will be broadcasting them on Facebook live. You can join as many of these calls as you want. We feature different speakers on each &#8230; <a title=\"Sambutan-ka-Pesta Telepon\" class=\"read-more\" href=\"https:\/\/nebraskademocrats.org\/su\/event\/welcome-to-the-party-call\/\" aria-label=\"More on Welcome-to-the-Party Call\">Maca deui<\/a><\/p>","protected":false},"author":17,"featured_media":0,"template":"","meta":{"_acf_changed":false,"_exactmetrics_skip_tracking":false,"_exactmetrics_sitenote_active":false,"_exactmetrics_sitenote_note":"","_exactmetrics_sitenote_category":0,"_tribe_events_status":"","_tribe_events_status_reason":"","footnotes":""},"tags":[],"tribe_events_cat":[69],"class_list":["post-21525","tribe_events","type-tribe_events","status-publish","hentry","tribe_events_cat-we-the-people","cat_we-the-people"],"acf":[],"yoast_head":"<!-- This site is optimized with the Yoast SEO plugin v27.5 - https:\/\/yoast.com\/product\/yoast-seo-wordpress\/ -->\n<title>Welcome-to-the-Party Call &#8211; Nebraska Democratic Party<\/title>\n<meta name=\"robots\" content=\"index, follow, max-snippet:-1, max-image-preview:large, max-video-preview:-1\" \/>\n<link rel=\"canonical\" href=\"https:\/\/nebraskademocrats.org\/su\/event\/welcome-to-the-party-call\/\" \/>\n<meta property=\"og:locale\" content=\"en_US\" \/>\n<meta property=\"og:type\" content=\"article\" \/>\n<meta property=\"og:title\" content=\"Welcome-to-the-Party Call &#8211; Nebraska Democratic Party\" \/>\n<meta property=\"og:description\" content=\"The NDP started Welcome-to-the-Party weekly calls for Dems who want to be more involved in the party. The inaugural Welcome-to-the-Party Call was last Tuesday and it was fantastic! Going forward, we will be broadcasting them on Facebook live. You can join as many of these calls as you want. We feature different speakers on each ... Read more\" \/>\n<meta property=\"og:url\" content=\"https:\/\/nebraskademocrats.org\/su\/event\/welcome-to-the-party-call\/\" \/>\n<meta property=\"og:site_name\" content=\"Nebraska Democratic Party\" \/>\n<meta property=\"article:publisher\" content=\"https:\/\/www.facebook.com\/NebraskaDemocraticParty\/\" \/>\n<meta property=\"article:modified_time\" content=\"2020-07-21T23:38:35+00:00\" \/>\n<meta property=\"og:image\" content=\"https:\/\/nebraskademocrats.org\/wp-content\/uploads\/2018\/09\/ne-dems-fb.jpg\" \/>\n\t<meta property=\"og:image:width\" content=\"1200\" \/>\n\t<meta property=\"og:image:height\" content=\"630\" \/>\n\t<meta property=\"og:image:type\" content=\"image\/jpeg\" \/>\n<meta name=\"twitter:card\" content=\"summary_large_image\" \/>\n<meta name=\"twitter:site\" content=\"@nebraskadems\" \/>\n<script type=\"application\/ld+json\" class=\"yoast-schema-graph\">{\"@context\":\"https:\\\/\\\/schema.org\",\"@graph\":[{\"@type\":\"WebPage\",\"@id\":\"https:\\\/\\\/nebraskademocrats.org\\\/su\\\/event\\\/welcome-to-the-party-call\\\/\",\"url\":\"https:\\\/\\\/nebraskademocrats.org\\\/su\\\/event\\\/welcome-to-the-party-call\\\/\",\"name\":\"Welcome-to-the-Party Call &#8211; Nebraska Democratic Party\",\"isPartOf\":{\"@id\":\"https:\\\/\\\/nebraskademocrats.org\\\/#website\"},\"datePublished\":\"2020-07-15T20:55:11+00:00\",\"dateModified\":\"2020-07-21T23:38:35+00:00\",\"breadcrumb\":{\"@id\":\"https:\\\/\\\/nebraskademocrats.org\\\/su\\\/event\\\/welcome-to-the-party-call\\\/#breadcrumb\"},\"inLanguage\":\"su\",\"potentialAction\":[{\"@type\":\"ReadAction\",\"target\":[\"https:\\\/\\\/nebraskademocrats.org\\\/su\\\/event\\\/welcome-to-the-party-call\\\/\"]}]},{\"@type\":\"BreadcrumbList\",\"@id\":\"https:\\\/\\\/nebraskademocrats.org\\\/su\\\/event\\\/welcome-to-the-party-call\\\/#breadcrumb\",\"itemListElement\":[{\"@type\":\"ListItem\",\"position\":1,\"name\":\"Home\",\"item\":\"https:\\\/\\\/nebraskademocrats.org\\\/\"},{\"@type\":\"ListItem\",\"position\":2,\"name\":\"Events\",\"item\":\"https:\\\/\\\/nebraskademocrats.org\\\/vi\\\/events\\\/\"},{\"@type\":\"ListItem\",\"position\":3,\"name\":\"Welcome-to-the-Party Call\"}]},{\"@type\":\"WebSite\",\"@id\":\"https:\\\/\\\/nebraskademocrats.org\\\/#website\",\"url\":\"https:\\\/\\\/nebraskademocrats.org\\\/\",\"name\":\"Nebraska Democratic Party\",\"description\":\"Growing the Good Life for All Nebraskans\",\"publisher\":{\"@id\":\"https:\\\/\\\/nebraskademocrats.org\\\/#organization\"},\"potentialAction\":[{\"@type\":\"SearchAction\",\"target\":{\"@type\":\"EntryPoint\",\"urlTemplate\":\"https:\\\/\\\/nebraskademocrats.org\\\/?s={search_term_string}\"},\"query-input\":{\"@type\":\"PropertyValueSpecification\",\"valueRequired\":true,\"valueName\":\"search_term_string\"}}],\"inLanguage\":\"su\"},{\"@type\":\"Organization\",\"@id\":\"https:\\\/\\\/nebraskademocrats.org\\\/#organization\",\"name\":\"Nebraska Democratic Party\",\"url\":\"https:\\\/\\\/nebraskademocrats.org\\\/\",\"logo\":{\"@type\":\"ImageObject\",\"inLanguage\":\"su\",\"@id\":\"https:\\\/\\\/nebraskademocrats.org\\\/#\\\/schema\\\/logo\\\/image\\\/\",\"url\":\"https:\\\/\\\/nebraskadem.wpenginepowered.com\\\/wp-content\\\/uploads\\\/2016\\\/05\\\/NDP2.jpg\",\"contentUrl\":\"https:\\\/\\\/nebraskadem.wpenginepowered.com\\\/wp-content\\\/uploads\\\/2016\\\/05\\\/NDP2.jpg\",\"width\":1000,\"height\":396,\"caption\":\"Nebraska Democratic Party\"},\"image\":{\"@id\":\"https:\\\/\\\/nebraskademocrats.org\\\/#\\\/schema\\\/logo\\\/image\\\/\"},\"sameAs\":[\"https:\\\/\\\/www.facebook.com\\\/NebraskaDemocraticParty\\\/\",\"https:\\\/\\\/x.com\\\/nebraskadems\"]}]}<\/script>\n<!-- \/ Yoast SEO plugin. -->","yoast_head_json":{"title":"Welcome-to-the-Party Call &#8211; Nebraska Democratic Party","robots":{"index":"index","follow":"follow","max-snippet":"max-snippet:-1","max-image-preview":"max-image-preview:large","max-video-preview":"max-video-preview:-1"},"canonical":"https:\/\/nebraskademocrats.org\/su\/event\/welcome-to-the-party-call\/","og_locale":"en_US","og_type":"article","og_title":"Welcome-to-the-Party Call &#8211; Nebraska Democratic Party","og_description":"The NDP started Welcome-to-the-Party weekly calls for Dems who want to be more involved in the party. The inaugural Welcome-to-the-Party Call was last Tuesday and it was fantastic! Going forward, we will be broadcasting them on Facebook live. You can join as many of these calls as you want. We feature different speakers on each ... Read more","og_url":"https:\/\/nebraskademocrats.org\/su\/event\/welcome-to-the-party-call\/","og_site_name":"Nebraska Democratic Party","article_publisher":"https:\/\/www.facebook.com\/NebraskaDemocraticParty\/","article_modified_time":"2020-07-21T23:38:35+00:00","og_image":[{"width":1200,"height":630,"url":"https:\/\/nebraskademocrats.org\/wp-content\/uploads\/2018\/09\/ne-dems-fb.jpg","type":"image\/jpeg"}],"twitter_card":"summary_large_image","twitter_site":"@nebraskadems","schema":{"@context":"https:\/\/schema.org","@graph":[{"@type":"WebPage","@id":"https:\/\/nebraskademocrats.org\/su\/event\/welcome-to-the-party-call\/","url":"https:\/\/nebraskademocrats.org\/su\/event\/welcome-to-the-party-call\/","name":"Welcome-to-the-Party Call &#8211; Nebraska Democratic Party","isPartOf":{"@id":"https:\/\/nebraskademocrats.org\/#website"},"datePublished":"2020-07-15T20:55:11+00:00","dateModified":"2020-07-21T23:38:35+00:00","breadcrumb":{"@id":"https:\/\/nebraskademocrats.org\/su\/event\/welcome-to-the-party-call\/#breadcrumb"},"inLanguage":"su","potentialAction":[{"@type":"ReadAction","target":["https:\/\/nebraskademocrats.org\/su\/event\/welcome-to-the-party-call\/"]}]},{"@type":"BreadcrumbList","@id":"https:\/\/nebraskademocrats.org\/su\/event\/welcome-to-the-party-call\/#breadcrumb","itemListElement":[{"@type":"ListItem","position":1,"name":"Home","item":"https:\/\/nebraskademocrats.org\/"},{"@type":"ListItem","position":2,"name":"Events","item":"https:\/\/nebraskademocrats.org\/vi\/events\/"},{"@type":"ListItem","position":3,"name":"Welcome-to-the-Party Call"}]},{"@type":"WebSite","@id":"https:\/\/nebraskademocrats.org\/#website","url":"https:\/\/nebraskademocrats.org\/","name":"Nebraska Democratic Party","description":"Tumuwuh Kahirupan Anu Sa\u00e9 pikeun Sadayana Nebraskan","publisher":{"@id":"https:\/\/nebraskademocrats.org\/#organization"},"potentialAction":[{"@type":"SearchAction","target":{"@type":"EntryPoint","urlTemplate":"https:\/\/nebraskademocrats.org\/?s={search_term_string}"},"query-input":{"@type":"PropertyValueSpecification","valueRequired":true,"valueName":"search_term_string"}}],"inLanguage":"su"},{"@type":"Organization","@id":"https:\/\/nebraskademocrats.org\/#organization","name":"Nebraska Democratic Party","url":"https:\/\/nebraskademocrats.org\/","logo":{"@type":"ImageObject","inLanguage":"su","@id":"https:\/\/nebraskademocrats.org\/#\/schema\/logo\/image\/","url":"https:\/\/nebraskadem.wpenginepowered.com\/wp-content\/uploads\/2016\/05\/NDP2.jpg","contentUrl":"https:\/\/nebraskadem.wpenginepowered.com\/wp-content\/uploads\/2016\/05\/NDP2.jpg","width":1000,"height":396,"caption":"Nebraska Democratic Party"},"image":{"@id":"https:\/\/nebraskademocrats.org\/#\/schema\/logo\/image\/"},"sameAs":["https:\/\/www.facebook.com\/NebraskaDemocraticParty\/","https:\/\/x.com\/nebraskadems"]}]}},"_links":{"self":[{"href":"https:\/\/nebraskademocrats.org\/su\/wp-json\/wp\/v2\/tribe_events\/21525","targetHints":{"allow":["GET"]}}],"collection":[{"href":"https:\/\/nebraskademocrats.org\/su\/wp-json\/wp\/v2\/tribe_events"}],"about":[{"href":"https:\/\/nebraskademocrats.org\/su\/wp-json\/wp\/v2\/types\/tribe_events"}],"author":[{"embeddable":true,"href":"https:\/\/nebraskademocrats.org\/su\/wp-json\/wp\/v2\/users\/17"}],"version-history":[{"count":0,"href":"https:\/\/nebraskademocrats.org\/su\/wp-json\/wp\/v2\/tribe_events\/21525\/revisions"}],"wp:attachment":[{"href":"https:\/\/nebraskademocrats.org\/su\/wp-json\/wp\/v2\/media?parent=21525"}],"wp:term":[{"taxonomy":"post_tag","embeddable":true,"href":"https:\/\/nebraskademocrats.org\/su\/wp-json\/wp\/v2\/tags?post=21525"},{"taxonomy":"tribe_events_cat","embeddable":true,"href":"https:\/\/nebraskademocrats.org\/su\/wp-json\/wp\/v2\/tribe_events_cat?post=21525"}],"curies":[{"name":"wp","href":"https:\/\/api.w.org\/{rel}","templated":true}]}}

<p>NDP ngamimitian nelepon mingguan Wilujeng sumping-ka-Pésta pikeun Dems anu hoyong langkung aub dina pésta éta. Panggilan Welcome-to-the-Party inaugural Salasa kamari sareng éta hebat pisan! Ka hareup, urang bakal nyiarkeun aranjeunna dina Facebook langsung. Anjeun tiasa ngiluan saloba telepon ieu anu anjeun pikahoyong. Kami nampilkeun spiker anu béda dina unggal telepon.</p>
<p>Anjeun tiasa ngadaptar pikeun gabung dina Telepon Wilujeng sumping-ka-Pésta (unggal Salasa tabuh 6 sonten CT) di: <a href="https://nebraskadem.wpenginepowered.com/welcome">nebraskademocrats.org/welcome</a></p>
<p>Upami anjeun hoyong ningali siaran tiheula urang Welcome-to-the-Party call anjeun tiasa nonton di dieu: <a href="https://www.facebook.com/NebraskaDemocraticParty/videos/199451594839585/">https://www.facebook.com/NebraskaDemocraticParty/videos/199451594839585/</a></p>

Tumuwuh Kahirupan Anu Saé pikeun Sadayana Nebraskan
