{"id":22444,"date":"2020-08-06T12:38:47","date_gmt":"2020-08-06T17:38:47","guid":{"rendered":"https:\/\/nebraskadem.wpenginepowered.com\/event\/morrison-exon-annual-event-at-home-with-nebraska-democrats\/"},"modified":"2020-09-02T08:47:37","modified_gmt":"2020-09-02T13:47:37","slug":"morrison-exon-annual-event-at-home-with-nebraska-democrats","status":"publish","type":"tribe_events","link":"https:\/\/nebraskademocrats.org\/su\/event\/morrison-exon-annual-event-at-home-with-nebraska-democrats\/","title":{"rendered":"Acara Tahunan Morrison Exon Di Bumi sareng Nebraska Demokrat"},"content":{"rendered":"<p>Nebraska Democratic Party bangga ngumumkeun y\u00e9n Sen. Elizabeth Warren ti Massachusetts sareng Rep. Deb Haaland ti New Mexico bakal judul acara pengumpulan dana taunan Morrison Exon partai dina 27 S\u00e9pt\u00e9mber 2020.<\/p>\n<p>T\u00e9ma taun ieu nya\u00e9ta &quot;Di Bumi sareng Demokrat Nebraska.&quot;<\/p>\n<p>VIP Receptions, 5:30 pm CT<\/p>\n<p>Acara Utama sareng Panyatur Keynote sareng Penghargaan, 6 sonten CT<\/p>\n<p>Acara penggalangan dana Morrison Exon bakal online taun ayeuna kusabab pandemi anu lumangsung.<\/p>\n<p>T\u00e9ma taun ieu nya\u00e9ta &quot;Di Bumi sareng Demokrat Nebraska.&quot;<\/p>\n<p>M\u00e9s\u00e9r Tiket, Tab\u00e9l VIP sareng parios sponsor di dieu:<br \/>\n<a href=\"https:\/\/secure.actblue.com\/donate\/meathome\" target=\"_blank\" rel=\"nofollow noopener noreferrer\">https:\/\/secure.actblue.com\/donate\/meathome<\/a><\/p>\n<p>Inpormasi lengkep: <a href=\"https:\/\/nebraskadem.wpenginepowered.com\/athome\/\" target=\"_blank\" rel=\"nofollow noopener noreferrer\">https:\/\/nebraskadem.wpenginepowered.com\/athome\/<\/a><\/p>","protected":false},"excerpt":{"rendered":"<p>The Nebraska Democratic Party is proud to announce that Sen. Elizabeth Warren of Massachusetts and Rep. Deb Haaland of New Mexico will headline the party\u2019s Morrison Exon annual fundraising event on Sept 27, 2020. The theme this year is \u201cAt Home with Nebraska Democrats.\u201d VIP Receptions, 5:30 p.m. CT Main Event with Keynote Speakers and &#8230; <a title=\"Acara Tahunan Morrison Exon Di Bumi sareng Nebraska Demokrat\" class=\"read-more\" href=\"https:\/\/nebraskademocrats.org\/su\/event\/morrison-exon-annual-event-at-home-with-nebraska-democrats\/\" aria-label=\"More on Morrison Exon Annual Event At Home with Nebraska Democrats\">Maca deui<\/a><\/p>","protected":false},"author":17,"featured_media":0,"template":"","meta":{"_acf_changed":false,"_exactmetrics_skip_tracking":false,"_exactmetrics_sitenote_active":false,"_exactmetrics_sitenote_note":"","_exactmetrics_sitenote_category":0,"_tribe_events_status":"","_tribe_events_status_reason":"","footnotes":""},"tags":[],"tribe_events_cat":[69],"class_list":["post-22444","tribe_events","type-tribe_events","status-publish","hentry","tribe_events_cat-we-the-people","cat_we-the-people"],"acf":[],"yoast_head":"<!-- This site is optimized with the Yoast SEO plugin v27.4 - https:\/\/yoast.com\/product\/yoast-seo-wordpress\/ -->\n<title>Morrison Exon Annual Event At Home with Nebraska Democrats &#8211; Nebraska Democratic Party<\/title>\n<meta name=\"robots\" content=\"index, follow, max-snippet:-1, max-image-preview:large, max-video-preview:-1\" \/>\n<link rel=\"canonical\" href=\"https:\/\/nebraskademocrats.org\/su\/event\/morrison-exon-annual-event-at-home-with-nebraska-democrats\/\" \/>\n<meta property=\"og:locale\" content=\"en_US\" \/>\n<meta property=\"og:type\" content=\"article\" \/>\n<meta property=\"og:title\" content=\"Morrison Exon Annual Event At Home with Nebraska Democrats &#8211; Nebraska Democratic Party\" \/>\n<meta property=\"og:description\" content=\"The Nebraska Democratic Party is proud to announce that Sen. Elizabeth Warren of Massachusetts and Rep. Deb Haaland of New Mexico will headline the party\u2019s Morrison Exon annual fundraising event on Sept 27, 2020. The theme this year is \u201cAt Home with Nebraska Democrats.\u201d VIP Receptions, 5:30 p.m. CT Main Event with Keynote Speakers and ... Read more\" \/>\n<meta property=\"og:url\" content=\"https:\/\/nebraskademocrats.org\/su\/event\/morrison-exon-annual-event-at-home-with-nebraska-democrats\/\" \/>\n<meta property=\"og:site_name\" content=\"Nebraska Democratic Party\" \/>\n<meta property=\"article:publisher\" content=\"https:\/\/www.facebook.com\/NebraskaDemocraticParty\/\" \/>\n<meta property=\"article:modified_time\" content=\"2020-09-02T13:47:37+00:00\" \/>\n<meta property=\"og:image\" content=\"https:\/\/nebraskademocrats.org\/wp-content\/uploads\/2018\/09\/ne-dems-fb.jpg\" \/>\n\t<meta property=\"og:image:width\" content=\"1200\" \/>\n\t<meta property=\"og:image:height\" content=\"630\" \/>\n\t<meta property=\"og:image:type\" content=\"image\/jpeg\" \/>\n<meta name=\"twitter:card\" content=\"summary_large_image\" \/>\n<meta name=\"twitter:site\" content=\"@nebraskadems\" \/>\n<meta name=\"twitter:label1\" content=\"Est. reading time\" \/>\n\t<meta name=\"twitter:data1\" content=\"1 minute\" \/>\n<script type=\"application\/ld+json\" class=\"yoast-schema-graph\">{\"@context\":\"https:\\\/\\\/schema.org\",\"@graph\":[{\"@type\":\"WebPage\",\"@id\":\"https:\\\/\\\/nebraskademocrats.org\\\/event\\\/morrison-exon-annual-event-at-home-with-nebraska-democrats\\\/\",\"url\":\"https:\\\/\\\/nebraskademocrats.org\\\/event\\\/morrison-exon-annual-event-at-home-with-nebraska-democrats\\\/\",\"name\":\"Morrison Exon Annual Event At Home with Nebraska Democrats &#8211; Nebraska Democratic Party\",\"isPartOf\":{\"@id\":\"https:\\\/\\\/nebraskademocrats.org\\\/#website\"},\"datePublished\":\"2020-08-06T17:38:47+00:00\",\"dateModified\":\"2020-09-02T13:47:37+00:00\",\"breadcrumb\":{\"@id\":\"https:\\\/\\\/nebraskademocrats.org\\\/event\\\/morrison-exon-annual-event-at-home-with-nebraska-democrats\\\/#breadcrumb\"},\"inLanguage\":\"su\",\"potentialAction\":[{\"@type\":\"ReadAction\",\"target\":[\"https:\\\/\\\/nebraskademocrats.org\\\/event\\\/morrison-exon-annual-event-at-home-with-nebraska-democrats\\\/\"]}]},{\"@type\":\"BreadcrumbList\",\"@id\":\"https:\\\/\\\/nebraskademocrats.org\\\/event\\\/morrison-exon-annual-event-at-home-with-nebraska-democrats\\\/#breadcrumb\",\"itemListElement\":[{\"@type\":\"ListItem\",\"position\":1,\"name\":\"Home\",\"item\":\"https:\\\/\\\/nebraskademocrats.org\\\/\"},{\"@type\":\"ListItem\",\"position\":2,\"name\":\"Events\",\"item\":\"https:\\\/\\\/nebraskademocrats.org\\\/vi\\\/events\\\/\"},{\"@type\":\"ListItem\",\"position\":3,\"name\":\"Morrison Exon Annual Event At Home with Nebraska Democrats\"}]},{\"@type\":\"WebSite\",\"@id\":\"https:\\\/\\\/nebraskademocrats.org\\\/#website\",\"url\":\"https:\\\/\\\/nebraskademocrats.org\\\/\",\"name\":\"Nebraska Democratic Party\",\"description\":\"Growing the Good Life for All Nebraskans\",\"publisher\":{\"@id\":\"https:\\\/\\\/nebraskademocrats.org\\\/#organization\"},\"potentialAction\":[{\"@type\":\"SearchAction\",\"target\":{\"@type\":\"EntryPoint\",\"urlTemplate\":\"https:\\\/\\\/nebraskademocrats.org\\\/?s={search_term_string}\"},\"query-input\":{\"@type\":\"PropertyValueSpecification\",\"valueRequired\":true,\"valueName\":\"search_term_string\"}}],\"inLanguage\":\"su\"},{\"@type\":\"Organization\",\"@id\":\"https:\\\/\\\/nebraskademocrats.org\\\/#organization\",\"name\":\"Nebraska Democratic Party\",\"url\":\"https:\\\/\\\/nebraskademocrats.org\\\/\",\"logo\":{\"@type\":\"ImageObject\",\"inLanguage\":\"su\",\"@id\":\"https:\\\/\\\/nebraskademocrats.org\\\/#\\\/schema\\\/logo\\\/image\\\/\",\"url\":\"https:\\\/\\\/nebraskadem.wpenginepowered.com\\\/wp-content\\\/uploads\\\/2016\\\/05\\\/NDP2.jpg\",\"contentUrl\":\"https:\\\/\\\/nebraskadem.wpenginepowered.com\\\/wp-content\\\/uploads\\\/2016\\\/05\\\/NDP2.jpg\",\"width\":1000,\"height\":396,\"caption\":\"Nebraska Democratic Party\"},\"image\":{\"@id\":\"https:\\\/\\\/nebraskademocrats.org\\\/#\\\/schema\\\/logo\\\/image\\\/\"},\"sameAs\":[\"https:\\\/\\\/www.facebook.com\\\/NebraskaDemocraticParty\\\/\",\"https:\\\/\\\/x.com\\\/nebraskadems\"]}]}<\/script>\n<!-- \/ Yoast SEO plugin. -->","yoast_head_json":{"title":"Morrison Exon Annual Event At Home with Nebraska Democrats &#8211; Nebraska Democratic Party","robots":{"index":"index","follow":"follow","max-snippet":"max-snippet:-1","max-image-preview":"max-image-preview:large","max-video-preview":"max-video-preview:-1"},"canonical":"https:\/\/nebraskademocrats.org\/su\/event\/morrison-exon-annual-event-at-home-with-nebraska-democrats\/","og_locale":"en_US","og_type":"article","og_title":"Morrison Exon Annual Event At Home with Nebraska Democrats &#8211; Nebraska Democratic Party","og_description":"The Nebraska Democratic Party is proud to announce that Sen. Elizabeth Warren of Massachusetts and Rep. Deb Haaland of New Mexico will headline the party\u2019s Morrison Exon annual fundraising event on Sept 27, 2020. The theme this year is \u201cAt Home with Nebraska Democrats.\u201d VIP Receptions, 5:30 p.m. CT Main Event with Keynote Speakers and ... Read more","og_url":"https:\/\/nebraskademocrats.org\/su\/event\/morrison-exon-annual-event-at-home-with-nebraska-democrats\/","og_site_name":"Nebraska Democratic Party","article_publisher":"https:\/\/www.facebook.com\/NebraskaDemocraticParty\/","article_modified_time":"2020-09-02T13:47:37+00:00","og_image":[{"width":1200,"height":630,"url":"https:\/\/nebraskademocrats.org\/wp-content\/uploads\/2018\/09\/ne-dems-fb.jpg","type":"image\/jpeg"}],"twitter_card":"summary_large_image","twitter_site":"@nebraskadems","twitter_misc":{"Est. reading time":"1 minute"},"schema":{"@context":"https:\/\/schema.org","@graph":[{"@type":"WebPage","@id":"https:\/\/nebraskademocrats.org\/event\/morrison-exon-annual-event-at-home-with-nebraska-democrats\/","url":"https:\/\/nebraskademocrats.org\/event\/morrison-exon-annual-event-at-home-with-nebraska-democrats\/","name":"Morrison Exon Annual Event At Home with Nebraska Democrats &#8211; Nebraska Democratic Party","isPartOf":{"@id":"https:\/\/nebraskademocrats.org\/#website"},"datePublished":"2020-08-06T17:38:47+00:00","dateModified":"2020-09-02T13:47:37+00:00","breadcrumb":{"@id":"https:\/\/nebraskademocrats.org\/event\/morrison-exon-annual-event-at-home-with-nebraska-democrats\/#breadcrumb"},"inLanguage":"su","potentialAction":[{"@type":"ReadAction","target":["https:\/\/nebraskademocrats.org\/event\/morrison-exon-annual-event-at-home-with-nebraska-democrats\/"]}]},{"@type":"BreadcrumbList","@id":"https:\/\/nebraskademocrats.org\/event\/morrison-exon-annual-event-at-home-with-nebraska-democrats\/#breadcrumb","itemListElement":[{"@type":"ListItem","position":1,"name":"Home","item":"https:\/\/nebraskademocrats.org\/"},{"@type":"ListItem","position":2,"name":"Events","item":"https:\/\/nebraskademocrats.org\/vi\/events\/"},{"@type":"ListItem","position":3,"name":"Morrison Exon Annual Event At Home with Nebraska Democrats"}]},{"@type":"WebSite","@id":"https:\/\/nebraskademocrats.org\/#website","url":"https:\/\/nebraskademocrats.org\/","name":"Nebraska Democratic Party","description":"Tumuwuh Kahirupan Anu Sa\u00e9 pikeun Sadayana Nebraskan","publisher":{"@id":"https:\/\/nebraskademocrats.org\/#organization"},"potentialAction":[{"@type":"SearchAction","target":{"@type":"EntryPoint","urlTemplate":"https:\/\/nebraskademocrats.org\/?s={search_term_string}"},"query-input":{"@type":"PropertyValueSpecification","valueRequired":true,"valueName":"search_term_string"}}],"inLanguage":"su"},{"@type":"Organization","@id":"https:\/\/nebraskademocrats.org\/#organization","name":"Nebraska Democratic Party","url":"https:\/\/nebraskademocrats.org\/","logo":{"@type":"ImageObject","inLanguage":"su","@id":"https:\/\/nebraskademocrats.org\/#\/schema\/logo\/image\/","url":"https:\/\/nebraskadem.wpenginepowered.com\/wp-content\/uploads\/2016\/05\/NDP2.jpg","contentUrl":"https:\/\/nebraskadem.wpenginepowered.com\/wp-content\/uploads\/2016\/05\/NDP2.jpg","width":1000,"height":396,"caption":"Nebraska Democratic Party"},"image":{"@id":"https:\/\/nebraskademocrats.org\/#\/schema\/logo\/image\/"},"sameAs":["https:\/\/www.facebook.com\/NebraskaDemocraticParty\/","https:\/\/x.com\/nebraskadems"]}]}},"_links":{"self":[{"href":"https:\/\/nebraskademocrats.org\/su\/wp-json\/wp\/v2\/tribe_events\/22444","targetHints":{"allow":["GET"]}}],"collection":[{"href":"https:\/\/nebraskademocrats.org\/su\/wp-json\/wp\/v2\/tribe_events"}],"about":[{"href":"https:\/\/nebraskademocrats.org\/su\/wp-json\/wp\/v2\/types\/tribe_events"}],"author":[{"embeddable":true,"href":"https:\/\/nebraskademocrats.org\/su\/wp-json\/wp\/v2\/users\/17"}],"version-history":[{"count":0,"href":"https:\/\/nebraskademocrats.org\/su\/wp-json\/wp\/v2\/tribe_events\/22444\/revisions"}],"wp:attachment":[{"href":"https:\/\/nebraskademocrats.org\/su\/wp-json\/wp\/v2\/media?parent=22444"}],"wp:term":[{"taxonomy":"post_tag","embeddable":true,"href":"https:\/\/nebraskademocrats.org\/su\/wp-json\/wp\/v2\/tags?post=22444"},{"taxonomy":"tribe_events_cat","embeddable":true,"href":"https:\/\/nebraskademocrats.org\/su\/wp-json\/wp\/v2\/tribe_events_cat?post=22444"}],"curies":[{"name":"wp","href":"https:\/\/api.w.org\/{rel}","templated":true}]}}

<p>Nebraska Democratic Party bangga ngumumkeun yén Sen. Elizabeth Warren ti Massachusetts sareng Rep. Deb Haaland ti New Mexico bakal judul acara pengumpulan dana taunan Morrison Exon partai dina 27 Séptémber 2020.</p>
<p>Téma taun ieu nyaéta &quot;Di Bumi sareng Demokrat Nebraska.&quot;</p>
<p>VIP Receptions, 5:30 pm CT</p>
<p>Acara Utama sareng Panyatur Keynote sareng Penghargaan, 6 sonten CT</p>
<p>Acara penggalangan dana Morrison Exon bakal online taun ayeuna kusabab pandemi anu lumangsung.</p>
<p>Téma taun ieu nyaéta &quot;Di Bumi sareng Demokrat Nebraska.&quot;</p>
<p>Mésér Tiket, Tabél VIP sareng parios sponsor di dieu:<br />
<a href="https://secure.actblue.com/donate/meathome" target="_blank" rel="nofollow noopener noreferrer">https://secure.actblue.com/donate/meathome</a></p>
<p>Inpormasi lengkep: <a href="https://nebraskadem.wpenginepowered.com/athome/" target="_blank" rel="nofollow noopener noreferrer">https://nebraskadem.wpenginepowered.com/athome/</a></p>

Tumuwuh Kahirupan Anu Saé pikeun Sadayana Nebraskan
