{"id":8853,"date":"2019-07-03T09:15:02","date_gmt":"2019-07-03T14:15:02","guid":{"rendered":"https:\/\/nebraskadem.wpenginepowered.com\/?post_type=tribe_events&#038;p=8853"},"modified":"2019-07-03T09:15:02","modified_gmt":"2019-07-03T14:15:02","slug":"lights-for-liberty","status":"publish","type":"tribe_events","link":"https:\/\/nebraskademocrats.org\/su\/event\/lights-for-liberty\/","title":{"rendered":"Lampu pikeun Liberty"},"content":{"rendered":"<p>Dina Jumaah 12 Juli 2019,\u00a0<strong>Lampu pikeun Liberty<\/strong>\u00a0nya\u00e9ta ngabogaan a\u00a0<strong>&quot;Waspada pikeun ngeureunkeun Kamp Tahanan Manusa,&quot;<\/strong>anu bakal mawa r\u00e9buan urang Amerika ka kubu tahanan sakuliah nagara, kana jalan jeung ka buruan hareup sorangan, pikeun prot\u00e9s kaayaan inhumane Nyanghareupan ku pangungsi.<\/p>\n<p>Lights for Liberty mangrupakeun koalisi jalma, loba nu ibu, dedicated ka HAM, jeung prinsip dasar balik d\u00e9mokrasi y\u00e9n sakab\u00e9h manusa boga hak pikeun hirup, kamerdikaan jeung martabat.<\/p>\n<p>Aranjeunna gaw\u00e9 bareng sareng komunitas nasional, r\u00e9gional sareng lokal sareng organisasi anu yakin y\u00e9n hak-hak dasar ieu henteu tiasa ditawar sareng da\u00e9k ngajagi aranjeunna.<\/p>\n<p>Inpo nu leuwih lengkep bisa kapanggih dina\u00a0<a href=\"https:\/\/l.facebook.com\/l.php?u=http%3A%2F%2Fwww.lightsforliberty.org%2F%3Ffbclid%3DIwAR2nWECtTecRm-zrDb0QRiNFlaL9a7U3GCsbvRwQqilvy-kFShAca8sAI1s&amp;h=AT0rlsVvdNZVuFRE1ko98F7Wo9-7S34QBRfQ0uwmW1OB_G1gC9A4g0VivEbjCyD-_Vu2JWrMJIJtX24gN_1IqwEjS-NFYb0eVpg3vtMuMTVE3E2rr5K_oB6Rtl7EJsmwEtg\" target=\"_blank\" rel=\"noopener nofollow\" data-lynx-mode=\"asynclazy\">www.lightsforliberty.org.<\/a><\/p>\n<p>Ieu tautan kana acara anu direncanakeun di Nebraska:<\/p>\n<p><strong><a href=\"https:\/\/www.facebook.com\/events\/2477860755593250\/\">Omaha<\/a><\/strong><\/p>\n<p><strong><a href=\"https:\/\/www.facebook.com\/events\/1168786469995337\/\">Lincoln<\/a><\/strong><\/p>\n<p><a href=\"https:\/\/www.facebook.com\/events\/422805428306108\/\">Grand Island<\/a><\/p>\n<p><strong><a href=\"https:\/\/www.facebook.com\/events\/631440577343979\/\">Wayne<\/a><\/strong><\/p>","protected":false},"excerpt":{"rendered":"<p>On Friday July 12th, 2019,\u00a0Lights for Liberty\u00a0is having a\u00a0\u201cVigil to End Human Detention Camps,\u201dthat will\u00a0 bring thousands of Americans to detention camps across the country, into the streets and into their own front yards, to protest the inhumane conditions faced by refugees. Lights for Liberty is a coalition of people, many of whom are mothers, &#8230; <a title=\"Lampu pikeun Liberty\" class=\"read-more\" href=\"https:\/\/nebraskademocrats.org\/su\/event\/lights-for-liberty\/\" aria-label=\"More on Lights for Liberty\">Maca deui<\/a><\/p>","protected":false},"author":19,"featured_media":0,"template":"","meta":{"_acf_changed":false,"_exactmetrics_skip_tracking":false,"_exactmetrics_sitenote_active":false,"_exactmetrics_sitenote_note":"","_exactmetrics_sitenote_category":0,"_tribe_events_status":"","_tribe_events_status_reason":"","footnotes":""},"tags":[],"tribe_events_cat":[],"class_list":["post-8853","tribe_events","type-tribe_events","status-publish","hentry"],"acf":[],"yoast_head":"<!-- This site is optimized with the Yoast SEO plugin v27.4 - https:\/\/yoast.com\/product\/yoast-seo-wordpress\/ -->\n<title>Lights for Liberty &#8211; Nebraska Democratic Party<\/title>\n<meta name=\"robots\" content=\"index, follow, max-snippet:-1, max-image-preview:large, max-video-preview:-1\" \/>\n<link rel=\"canonical\" href=\"https:\/\/nebraskademocrats.org\/su\/event\/lights-for-liberty\/\" \/>\n<meta property=\"og:locale\" content=\"en_US\" \/>\n<meta property=\"og:type\" content=\"article\" \/>\n<meta property=\"og:title\" content=\"Lights for Liberty &#8211; Nebraska Democratic Party\" \/>\n<meta property=\"og:description\" content=\"On Friday July 12th, 2019,\u00a0Lights for Liberty\u00a0is having a\u00a0\u201cVigil to End Human Detention Camps,\u201dthat will\u00a0 bring thousands of Americans to detention camps across the country, into the streets and into their own front yards, to protest the inhumane conditions faced by refugees. Lights for Liberty is a coalition of people, many of whom are mothers, ... Read more\" \/>\n<meta property=\"og:url\" content=\"https:\/\/nebraskademocrats.org\/su\/event\/lights-for-liberty\/\" \/>\n<meta property=\"og:site_name\" content=\"Nebraska Democratic Party\" \/>\n<meta property=\"article:publisher\" content=\"https:\/\/www.facebook.com\/NebraskaDemocraticParty\/\" \/>\n<meta property=\"og:image\" content=\"https:\/\/nebraskademocrats.org\/wp-content\/uploads\/2018\/09\/ne-dems-fb.jpg\" \/>\n\t<meta property=\"og:image:width\" content=\"1200\" \/>\n\t<meta property=\"og:image:height\" content=\"630\" \/>\n\t<meta property=\"og:image:type\" content=\"image\/jpeg\" \/>\n<meta name=\"twitter:card\" content=\"summary_large_image\" \/>\n<meta name=\"twitter:site\" content=\"@nebraskadems\" \/>\n<meta name=\"twitter:label1\" content=\"Est. reading time\" \/>\n\t<meta name=\"twitter:data1\" content=\"1 minute\" \/>\n<script type=\"application\/ld+json\" class=\"yoast-schema-graph\">{\"@context\":\"https:\\\/\\\/schema.org\",\"@graph\":[{\"@type\":\"WebPage\",\"@id\":\"https:\\\/\\\/nebraskademocrats.org\\\/event\\\/lights-for-liberty\\\/\",\"url\":\"https:\\\/\\\/nebraskademocrats.org\\\/event\\\/lights-for-liberty\\\/\",\"name\":\"Lights for Liberty &#8211; Nebraska Democratic Party\",\"isPartOf\":{\"@id\":\"https:\\\/\\\/nebraskademocrats.org\\\/#website\"},\"datePublished\":\"2019-07-03T14:15:02+00:00\",\"breadcrumb\":{\"@id\":\"https:\\\/\\\/nebraskademocrats.org\\\/event\\\/lights-for-liberty\\\/#breadcrumb\"},\"inLanguage\":\"su\",\"potentialAction\":[{\"@type\":\"ReadAction\",\"target\":[\"https:\\\/\\\/nebraskademocrats.org\\\/event\\\/lights-for-liberty\\\/\"]}]},{\"@type\":\"BreadcrumbList\",\"@id\":\"https:\\\/\\\/nebraskademocrats.org\\\/event\\\/lights-for-liberty\\\/#breadcrumb\",\"itemListElement\":[{\"@type\":\"ListItem\",\"position\":1,\"name\":\"Home\",\"item\":\"https:\\\/\\\/nebraskademocrats.org\\\/\"},{\"@type\":\"ListItem\",\"position\":2,\"name\":\"Events\",\"item\":\"https:\\\/\\\/nebraskademocrats.org\\\/vi\\\/events\\\/\"},{\"@type\":\"ListItem\",\"position\":3,\"name\":\"Lights for Liberty\"}]},{\"@type\":\"WebSite\",\"@id\":\"https:\\\/\\\/nebraskademocrats.org\\\/#website\",\"url\":\"https:\\\/\\\/nebraskademocrats.org\\\/\",\"name\":\"Nebraska Democratic Party\",\"description\":\"Growing the Good Life for All Nebraskans\",\"publisher\":{\"@id\":\"https:\\\/\\\/nebraskademocrats.org\\\/#organization\"},\"potentialAction\":[{\"@type\":\"SearchAction\",\"target\":{\"@type\":\"EntryPoint\",\"urlTemplate\":\"https:\\\/\\\/nebraskademocrats.org\\\/?s={search_term_string}\"},\"query-input\":{\"@type\":\"PropertyValueSpecification\",\"valueRequired\":true,\"valueName\":\"search_term_string\"}}],\"inLanguage\":\"su\"},{\"@type\":\"Organization\",\"@id\":\"https:\\\/\\\/nebraskademocrats.org\\\/#organization\",\"name\":\"Nebraska Democratic Party\",\"url\":\"https:\\\/\\\/nebraskademocrats.org\\\/\",\"logo\":{\"@type\":\"ImageObject\",\"inLanguage\":\"su\",\"@id\":\"https:\\\/\\\/nebraskademocrats.org\\\/#\\\/schema\\\/logo\\\/image\\\/\",\"url\":\"https:\\\/\\\/nebraskadem.wpenginepowered.com\\\/wp-content\\\/uploads\\\/2016\\\/05\\\/NDP2.jpg\",\"contentUrl\":\"https:\\\/\\\/nebraskadem.wpenginepowered.com\\\/wp-content\\\/uploads\\\/2016\\\/05\\\/NDP2.jpg\",\"width\":1000,\"height\":396,\"caption\":\"Nebraska Democratic Party\"},\"image\":{\"@id\":\"https:\\\/\\\/nebraskademocrats.org\\\/#\\\/schema\\\/logo\\\/image\\\/\"},\"sameAs\":[\"https:\\\/\\\/www.facebook.com\\\/NebraskaDemocraticParty\\\/\",\"https:\\\/\\\/x.com\\\/nebraskadems\"]}]}<\/script>\n<!-- \/ Yoast SEO plugin. -->","yoast_head_json":{"title":"Lights for Liberty &#8211; Nebraska Democratic Party","robots":{"index":"index","follow":"follow","max-snippet":"max-snippet:-1","max-image-preview":"max-image-preview:large","max-video-preview":"max-video-preview:-1"},"canonical":"https:\/\/nebraskademocrats.org\/su\/event\/lights-for-liberty\/","og_locale":"en_US","og_type":"article","og_title":"Lights for Liberty &#8211; Nebraska Democratic Party","og_description":"On Friday July 12th, 2019,\u00a0Lights for Liberty\u00a0is having a\u00a0\u201cVigil to End Human Detention Camps,\u201dthat will\u00a0 bring thousands of Americans to detention camps across the country, into the streets and into their own front yards, to protest the inhumane conditions faced by refugees. Lights for Liberty is a coalition of people, many of whom are mothers, ... Read more","og_url":"https:\/\/nebraskademocrats.org\/su\/event\/lights-for-liberty\/","og_site_name":"Nebraska Democratic Party","article_publisher":"https:\/\/www.facebook.com\/NebraskaDemocraticParty\/","og_image":[{"width":1200,"height":630,"url":"https:\/\/nebraskademocrats.org\/wp-content\/uploads\/2018\/09\/ne-dems-fb.jpg","type":"image\/jpeg"}],"twitter_card":"summary_large_image","twitter_site":"@nebraskadems","twitter_misc":{"Est. reading time":"1 minute"},"schema":{"@context":"https:\/\/schema.org","@graph":[{"@type":"WebPage","@id":"https:\/\/nebraskademocrats.org\/event\/lights-for-liberty\/","url":"https:\/\/nebraskademocrats.org\/event\/lights-for-liberty\/","name":"Lights for Liberty &#8211; Nebraska Democratic Party","isPartOf":{"@id":"https:\/\/nebraskademocrats.org\/#website"},"datePublished":"2019-07-03T14:15:02+00:00","breadcrumb":{"@id":"https:\/\/nebraskademocrats.org\/event\/lights-for-liberty\/#breadcrumb"},"inLanguage":"su","potentialAction":[{"@type":"ReadAction","target":["https:\/\/nebraskademocrats.org\/event\/lights-for-liberty\/"]}]},{"@type":"BreadcrumbList","@id":"https:\/\/nebraskademocrats.org\/event\/lights-for-liberty\/#breadcrumb","itemListElement":[{"@type":"ListItem","position":1,"name":"Home","item":"https:\/\/nebraskademocrats.org\/"},{"@type":"ListItem","position":2,"name":"Events","item":"https:\/\/nebraskademocrats.org\/vi\/events\/"},{"@type":"ListItem","position":3,"name":"Lights for Liberty"}]},{"@type":"WebSite","@id":"https:\/\/nebraskademocrats.org\/#website","url":"https:\/\/nebraskademocrats.org\/","name":"Nebraska Democratic Party","description":"Tumuwuh Kahirupan Anu Sa\u00e9 pikeun Sadayana Nebraskan","publisher":{"@id":"https:\/\/nebraskademocrats.org\/#organization"},"potentialAction":[{"@type":"SearchAction","target":{"@type":"EntryPoint","urlTemplate":"https:\/\/nebraskademocrats.org\/?s={search_term_string}"},"query-input":{"@type":"PropertyValueSpecification","valueRequired":true,"valueName":"search_term_string"}}],"inLanguage":"su"},{"@type":"Organization","@id":"https:\/\/nebraskademocrats.org\/#organization","name":"Nebraska Democratic Party","url":"https:\/\/nebraskademocrats.org\/","logo":{"@type":"ImageObject","inLanguage":"su","@id":"https:\/\/nebraskademocrats.org\/#\/schema\/logo\/image\/","url":"https:\/\/nebraskadem.wpenginepowered.com\/wp-content\/uploads\/2016\/05\/NDP2.jpg","contentUrl":"https:\/\/nebraskadem.wpenginepowered.com\/wp-content\/uploads\/2016\/05\/NDP2.jpg","width":1000,"height":396,"caption":"Nebraska Democratic Party"},"image":{"@id":"https:\/\/nebraskademocrats.org\/#\/schema\/logo\/image\/"},"sameAs":["https:\/\/www.facebook.com\/NebraskaDemocraticParty\/","https:\/\/x.com\/nebraskadems"]}]}},"_links":{"self":[{"href":"https:\/\/nebraskademocrats.org\/su\/wp-json\/wp\/v2\/tribe_events\/8853","targetHints":{"allow":["GET"]}}],"collection":[{"href":"https:\/\/nebraskademocrats.org\/su\/wp-json\/wp\/v2\/tribe_events"}],"about":[{"href":"https:\/\/nebraskademocrats.org\/su\/wp-json\/wp\/v2\/types\/tribe_events"}],"author":[{"embeddable":true,"href":"https:\/\/nebraskademocrats.org\/su\/wp-json\/wp\/v2\/users\/19"}],"version-history":[{"count":0,"href":"https:\/\/nebraskademocrats.org\/su\/wp-json\/wp\/v2\/tribe_events\/8853\/revisions"}],"wp:attachment":[{"href":"https:\/\/nebraskademocrats.org\/su\/wp-json\/wp\/v2\/media?parent=8853"}],"wp:term":[{"taxonomy":"post_tag","embeddable":true,"href":"https:\/\/nebraskademocrats.org\/su\/wp-json\/wp\/v2\/tags?post=8853"},{"taxonomy":"tribe_events_cat","embeddable":true,"href":"https:\/\/nebraskademocrats.org\/su\/wp-json\/wp\/v2\/tribe_events_cat?post=8853"}],"curies":[{"name":"wp","href":"https:\/\/api.w.org\/{rel}","templated":true}]}}

<p>Dina Jumaah 12 Juli 2019, <strong>Lampu pikeun Liberty</strong> nyaéta ngabogaan a <strong>&quot;Waspada pikeun ngeureunkeun Kamp Tahanan Manusa,&quot;</strong>anu bakal mawa rébuan urang Amerika ka kubu tahanan sakuliah nagara, kana jalan jeung ka buruan hareup sorangan, pikeun protés kaayaan inhumane Nyanghareupan ku pangungsi.</p>
<p>Lights for Liberty mangrupakeun koalisi jalma, loba nu ibu, dedicated ka HAM, jeung prinsip dasar balik démokrasi yén sakabéh manusa boga hak pikeun hirup, kamerdikaan jeung martabat.</p>
<p>Aranjeunna gawé bareng sareng komunitas nasional, régional sareng lokal sareng organisasi anu yakin yén hak-hak dasar ieu henteu tiasa ditawar sareng daék ngajagi aranjeunna.</p>
<p>Inpo nu leuwih lengkep bisa kapanggih dina <a href="https://l.facebook.com/l.php?u=http%3A%2F%2Fwww.lightsforliberty.org%2F%3Ffbclid%3DIwAR2nWECtTecRm-zrDb0QRiNFlaL9a7U3GCsbvRwQqilvy-kFShAca8sAI1s&amp;h=AT0rlsVvdNZVuFRE1ko98F7Wo9-7S34QBRfQ0uwmW1OB_G1gC9A4g0VivEbjCyD-_Vu2JWrMJIJtX24gN_1IqwEjS-NFYb0eVpg3vtMuMTVE3E2rr5K_oB6Rtl7EJsmwEtg" target="_blank" rel="noopener nofollow" data-lynx-mode="asynclazy">www.lightsforliberty.org.</a></p>
<p>Ieu tautan kana acara anu direncanakeun di Nebraska:</p>
<p><strong><a href="https://www.facebook.com/events/2477860755593250/">Omaha</a></strong></p>
<p><strong><a href="https://www.facebook.com/events/1168786469995337/">Lincoln</a></strong></p>
<p><a href="https://www.facebook.com/events/422805428306108/">Grand Island</a></p>
<p><strong><a href="https://www.facebook.com/events/631440577343979/">Wayne</a></strong></p>

Tumuwuh Kahirupan Anu Saé pikeun Sadayana Nebraskan
