{"id":11773,"date":"2020-02-12T11:57:05","date_gmt":"2020-02-12T17:57:05","guid":{"rendered":"https:\/\/nebraskadem.wpenginepowered.com\/event\/10th-democratic-presidential-debate-2\/"},"modified":"2020-02-25T21:24:09","modified_gmt":"2020-02-26T03:24:09","slug":"10th-democratic-presidential-debate-2","status":"publish","type":"tribe_events","link":"https:\/\/nebraskademocrats.org\/vi\/event\/10th-democratic-presidential-debate-2\/","title":{"rendered":"Cu\u1ed9c tranh lu\u1eadn t\u1ed5ng th\u1ed1ng l\u1ea7n th\u1ee9 10 c\u1ee7a \u0111\u1ea3ng D\u00e2n ch\u1ee7"},"content":{"rendered":"<p>CBS News v\u00e0 Vi\u1ec7n Da \u0111en c\u1ee7a Qu\u1ed1c h\u1ed9i s\u1ebd \u0111\u1ed3ng t\u1ed5 ch\u1ee9c cu\u1ed9c tranh lu\u1eadn l\u1ea7n th\u1ee9 m\u01b0\u1eddi c\u1ee7a \u0111\u1ea3ng D\u00e2n ch\u1ee7 t\u1ea1i Trung t\u00e2m Gaillard \u1edf Charleston, Nam Carolina. Twitter s\u1ebd l\u00e0 m\u1ed9t \u0111\u1ed1i t\u00e1c tranh lu\u1eadn. Ti\u00eau ch\u00ed \u0111\u00e1nh gi\u00e1, \u0111\u1ecbnh d\u1ea1ng v\u00e0 ng\u01b0\u1eddi ki\u1ec3m duy\u1ec7t s\u1ebd \u0111\u01b0\u1ee3c c\u00f4ng b\u1ed1 v\u00e0o m\u1ed9t ng\u00e0y trong t\u01b0\u01a1ng lai.<\/p>","protected":false},"excerpt":{"rendered":"<p>CBS News v\u00e0 Vi\u1ec7n Da \u0111en c\u1ee7a Qu\u1ed1c h\u1ed9i s\u1ebd \u0111\u1ed3ng t\u1ed5 ch\u1ee9c cu\u1ed9c tranh lu\u1eadn l\u1ea7n th\u1ee9 m\u01b0\u1eddi c\u1ee7a \u0111\u1ea3ng D\u00e2n ch\u1ee7 t\u1ea1i Trung t\u00e2m Gaillard \u1edf Charleston, Nam Carolina. Twitter s\u1ebd l\u00e0 m\u1ed9t \u0111\u1ed1i t\u00e1c tranh lu\u1eadn. Ti\u00eau ch\u00ed \u0111\u00e1nh gi\u00e1, \u0111\u1ecbnh d\u1ea1ng v\u00e0 ng\u01b0\u1eddi ki\u1ec3m duy\u1ec7t s\u1ebd \u0111\u01b0\u1ee3c c\u00f4ng b\u1ed1 v\u00e0o m\u1ed9t ng\u00e0y trong t\u01b0\u01a1ng lai.<\/p>","protected":false},"author":17,"featured_media":0,"template":"","meta":{"_acf_changed":false,"_exactmetrics_skip_tracking":false,"_exactmetrics_sitenote_active":false,"_exactmetrics_sitenote_note":"","_exactmetrics_sitenote_category":0,"_tribe_events_status":"","_tribe_events_status_reason":"","footnotes":""},"tags":[],"tribe_events_cat":[69],"class_list":["post-11773","tribe_events","type-tribe_events","status-publish","hentry","tribe_events_cat-we-the-people","cat_we-the-people"],"acf":[],"yoast_head":"<!-- This site is optimized with the Yoast SEO plugin v27.4 - https:\/\/yoast.com\/product\/yoast-seo-wordpress\/ -->\n<title>10th Democratic Presidential Debate &#8211; Nebraska Democratic Party<\/title>\n<meta name=\"robots\" content=\"index, follow, max-snippet:-1, max-image-preview:large, max-video-preview:-1\" \/>\n<link rel=\"canonical\" href=\"https:\/\/nebraskademocrats.org\/vi\/event\/10th-democratic-presidential-debate-2\/\" \/>\n<meta property=\"og:locale\" content=\"vi_VN\" \/>\n<meta property=\"og:type\" content=\"article\" \/>\n<meta property=\"og:title\" content=\"10th Democratic Presidential Debate &#8211; Nebraska Democratic Party\" \/>\n<meta property=\"og:description\" content=\"CBS News and the Congressional Black Caucus Institute will co-host the tenth Democratic debate at The Gaillard Center in Charleston, South Carolina. Twitter will be a debate partner. Qualification criteria, format, and moderators will be announced at a future date.\" \/>\n<meta property=\"og:url\" content=\"https:\/\/nebraskademocrats.org\/vi\/event\/10th-democratic-presidential-debate-2\/\" \/>\n<meta property=\"og:site_name\" content=\"Nebraska Democratic Party\" \/>\n<meta property=\"article:publisher\" content=\"https:\/\/www.facebook.com\/NebraskaDemocraticParty\/\" \/>\n<meta property=\"article:modified_time\" content=\"2020-02-26T03:24:09+00:00\" \/>\n<meta property=\"og:image\" content=\"https:\/\/nebraskademocrats.org\/wp-content\/uploads\/2018\/09\/ne-dems-fb.jpg\" \/>\n\t<meta property=\"og:image:width\" content=\"1200\" \/>\n\t<meta property=\"og:image:height\" content=\"630\" \/>\n\t<meta property=\"og:image:type\" content=\"image\/jpeg\" \/>\n<meta name=\"twitter:card\" content=\"summary_large_image\" \/>\n<meta name=\"twitter:site\" content=\"@nebraskadems\" \/>\n<script type=\"application\/ld+json\" class=\"yoast-schema-graph\">{\"@context\":\"https:\\\/\\\/schema.org\",\"@graph\":[{\"@type\":\"WebPage\",\"@id\":\"https:\\\/\\\/nebraskademocrats.org\\\/event\\\/10th-democratic-presidential-debate-2\\\/\",\"url\":\"https:\\\/\\\/nebraskademocrats.org\\\/event\\\/10th-democratic-presidential-debate-2\\\/\",\"name\":\"10th Democratic Presidential Debate &#8211; Nebraska Democratic Party\",\"isPartOf\":{\"@id\":\"https:\\\/\\\/nebraskademocrats.org\\\/#website\"},\"datePublished\":\"2020-02-12T17:57:05+00:00\",\"dateModified\":\"2020-02-26T03:24:09+00:00\",\"breadcrumb\":{\"@id\":\"https:\\\/\\\/nebraskademocrats.org\\\/event\\\/10th-democratic-presidential-debate-2\\\/#breadcrumb\"},\"inLanguage\":\"vi\",\"potentialAction\":[{\"@type\":\"ReadAction\",\"target\":[\"https:\\\/\\\/nebraskademocrats.org\\\/event\\\/10th-democratic-presidential-debate-2\\\/\"]}]},{\"@type\":\"BreadcrumbList\",\"@id\":\"https:\\\/\\\/nebraskademocrats.org\\\/event\\\/10th-democratic-presidential-debate-2\\\/#breadcrumb\",\"itemListElement\":[{\"@type\":\"ListItem\",\"position\":1,\"name\":\"Home\",\"item\":\"https:\\\/\\\/nebraskademocrats.org\\\/\"},{\"@type\":\"ListItem\",\"position\":2,\"name\":\"Events\",\"item\":\"https:\\\/\\\/nebraskademocrats.org\\\/vi\\\/events\\\/\"},{\"@type\":\"ListItem\",\"position\":3,\"name\":\"10th Democratic Presidential Debate\"}]},{\"@type\":\"WebSite\",\"@id\":\"https:\\\/\\\/nebraskademocrats.org\\\/#website\",\"url\":\"https:\\\/\\\/nebraskademocrats.org\\\/\",\"name\":\"Nebraska Democratic Party\",\"description\":\"Growing the Good Life for All Nebraskans\",\"publisher\":{\"@id\":\"https:\\\/\\\/nebraskademocrats.org\\\/#organization\"},\"potentialAction\":[{\"@type\":\"SearchAction\",\"target\":{\"@type\":\"EntryPoint\",\"urlTemplate\":\"https:\\\/\\\/nebraskademocrats.org\\\/?s={search_term_string}\"},\"query-input\":{\"@type\":\"PropertyValueSpecification\",\"valueRequired\":true,\"valueName\":\"search_term_string\"}}],\"inLanguage\":\"vi\"},{\"@type\":\"Organization\",\"@id\":\"https:\\\/\\\/nebraskademocrats.org\\\/#organization\",\"name\":\"Nebraska Democratic Party\",\"url\":\"https:\\\/\\\/nebraskademocrats.org\\\/\",\"logo\":{\"@type\":\"ImageObject\",\"inLanguage\":\"vi\",\"@id\":\"https:\\\/\\\/nebraskademocrats.org\\\/#\\\/schema\\\/logo\\\/image\\\/\",\"url\":\"https:\\\/\\\/nebraskadem.wpenginepowered.com\\\/wp-content\\\/uploads\\\/2016\\\/05\\\/NDP2.jpg\",\"contentUrl\":\"https:\\\/\\\/nebraskadem.wpenginepowered.com\\\/wp-content\\\/uploads\\\/2016\\\/05\\\/NDP2.jpg\",\"width\":1000,\"height\":396,\"caption\":\"Nebraska Democratic Party\"},\"image\":{\"@id\":\"https:\\\/\\\/nebraskademocrats.org\\\/#\\\/schema\\\/logo\\\/image\\\/\"},\"sameAs\":[\"https:\\\/\\\/www.facebook.com\\\/NebraskaDemocraticParty\\\/\",\"https:\\\/\\\/x.com\\\/nebraskadems\"]}]}<\/script>\n<!-- \/ Yoast SEO plugin. -->","yoast_head_json":{"title":"10th Democratic Presidential Debate &#8211; Nebraska Democratic Party","robots":{"index":"index","follow":"follow","max-snippet":"max-snippet:-1","max-image-preview":"max-image-preview:large","max-video-preview":"max-video-preview:-1"},"canonical":"https:\/\/nebraskademocrats.org\/vi\/event\/10th-democratic-presidential-debate-2\/","og_locale":"vi_VN","og_type":"article","og_title":"10th Democratic Presidential Debate &#8211; Nebraska Democratic Party","og_description":"CBS News and the Congressional Black Caucus Institute will co-host the tenth Democratic debate at The Gaillard Center in Charleston, South Carolina. Twitter will be a debate partner. Qualification criteria, format, and moderators will be announced at a future date.","og_url":"https:\/\/nebraskademocrats.org\/vi\/event\/10th-democratic-presidential-debate-2\/","og_site_name":"Nebraska Democratic Party","article_publisher":"https:\/\/www.facebook.com\/NebraskaDemocraticParty\/","article_modified_time":"2020-02-26T03:24:09+00:00","og_image":[{"width":1200,"height":630,"url":"https:\/\/nebraskademocrats.org\/wp-content\/uploads\/2018\/09\/ne-dems-fb.jpg","type":"image\/jpeg"}],"twitter_card":"summary_large_image","twitter_site":"@nebraskadems","schema":{"@context":"https:\/\/schema.org","@graph":[{"@type":"WebPage","@id":"https:\/\/nebraskademocrats.org\/event\/10th-democratic-presidential-debate-2\/","url":"https:\/\/nebraskademocrats.org\/event\/10th-democratic-presidential-debate-2\/","name":"10th Democratic Presidential Debate &#8211; Nebraska Democratic Party","isPartOf":{"@id":"https:\/\/nebraskademocrats.org\/#website"},"datePublished":"2020-02-12T17:57:05+00:00","dateModified":"2020-02-26T03:24:09+00:00","breadcrumb":{"@id":"https:\/\/nebraskademocrats.org\/event\/10th-democratic-presidential-debate-2\/#breadcrumb"},"inLanguage":"vi","potentialAction":[{"@type":"ReadAction","target":["https:\/\/nebraskademocrats.org\/event\/10th-democratic-presidential-debate-2\/"]}]},{"@type":"BreadcrumbList","@id":"https:\/\/nebraskademocrats.org\/event\/10th-democratic-presidential-debate-2\/#breadcrumb","itemListElement":[{"@type":"ListItem","position":1,"name":"Home","item":"https:\/\/nebraskademocrats.org\/"},{"@type":"ListItem","position":2,"name":"Events","item":"https:\/\/nebraskademocrats.org\/vi\/events\/"},{"@type":"ListItem","position":3,"name":"10th Democratic Presidential Debate"}]},{"@type":"WebSite","@id":"https:\/\/nebraskademocrats.org\/#website","url":"https:\/\/nebraskademocrats.org\/","name":"Nebraska Democratic Party","description":"Ph\u00e1t tri\u1ec3n cu\u1ed9c s\u1ed1ng t\u1ed1t \u0111\u1eb9p cho t\u1ea5t c\u1ea3 Nebraskans","publisher":{"@id":"https:\/\/nebraskademocrats.org\/#organization"},"potentialAction":[{"@type":"SearchAction","target":{"@type":"EntryPoint","urlTemplate":"https:\/\/nebraskademocrats.org\/?s={search_term_string}"},"query-input":{"@type":"PropertyValueSpecification","valueRequired":true,"valueName":"search_term_string"}}],"inLanguage":"vi"},{"@type":"Organization","@id":"https:\/\/nebraskademocrats.org\/#organization","name":"Nebraska Democratic Party","url":"https:\/\/nebraskademocrats.org\/","logo":{"@type":"ImageObject","inLanguage":"vi","@id":"https:\/\/nebraskademocrats.org\/#\/schema\/logo\/image\/","url":"https:\/\/nebraskadem.wpenginepowered.com\/wp-content\/uploads\/2016\/05\/NDP2.jpg","contentUrl":"https:\/\/nebraskadem.wpenginepowered.com\/wp-content\/uploads\/2016\/05\/NDP2.jpg","width":1000,"height":396,"caption":"Nebraska Democratic Party"},"image":{"@id":"https:\/\/nebraskademocrats.org\/#\/schema\/logo\/image\/"},"sameAs":["https:\/\/www.facebook.com\/NebraskaDemocraticParty\/","https:\/\/x.com\/nebraskadems"]}]}},"_links":{"self":[{"href":"https:\/\/nebraskademocrats.org\/vi\/wp-json\/wp\/v2\/tribe_events\/11773","targetHints":{"allow":["GET"]}}],"collection":[{"href":"https:\/\/nebraskademocrats.org\/vi\/wp-json\/wp\/v2\/tribe_events"}],"about":[{"href":"https:\/\/nebraskademocrats.org\/vi\/wp-json\/wp\/v2\/types\/tribe_events"}],"author":[{"embeddable":true,"href":"https:\/\/nebraskademocrats.org\/vi\/wp-json\/wp\/v2\/users\/17"}],"version-history":[{"count":0,"href":"https:\/\/nebraskademocrats.org\/vi\/wp-json\/wp\/v2\/tribe_events\/11773\/revisions"}],"wp:attachment":[{"href":"https:\/\/nebraskademocrats.org\/vi\/wp-json\/wp\/v2\/media?parent=11773"}],"wp:term":[{"taxonomy":"post_tag","embeddable":true,"href":"https:\/\/nebraskademocrats.org\/vi\/wp-json\/wp\/v2\/tags?post=11773"},{"taxonomy":"tribe_events_cat","embeddable":true,"href":"https:\/\/nebraskademocrats.org\/vi\/wp-json\/wp\/v2\/tribe_events_cat?post=11773"}],"curies":[{"name":"wp","href":"https:\/\/api.w.org\/{rel}","templated":true}]}}

Cuộc tranh luận tổng thống lần thứ 10 của đảng Dân chủ

<p>CBS News và Viện Da đen của Quốc hội sẽ đồng tổ chức cuộc tranh luận lần thứ mười của đảng Dân chủ tại Trung tâm Gaillard ở Charleston, Nam Carolina. Twitter sẽ là một đối tác tranh luận. Tiêu chí đánh giá, định dạng và người kiểm duyệt sẽ được công bố vào một ngày trong tương lai.</p>

Phát triển cuộc sống tốt đẹp cho tất cả Nebraskans
