{"id":8699,"date":"2019-06-20T13:14:57","date_gmt":"2019-06-20T18:14:57","guid":{"rendered":"https:\/\/nebraskadem.wpenginepowered.com\/?post_type=tribe_events&#038;p=8699"},"modified":"2019-09-27T09:05:40","modified_gmt":"2019-09-27T14:05:40","slug":"county-conventions","status":"publish","type":"tribe_events","link":"https:\/\/nebraskademocrats.org\/vi\/event\/county-conventions\/","title":{"rendered":"C\u00e1c quy \u01b0\u1edbc c\u1ee7a H\u1ea1t"},"content":{"rendered":"<div>Th\u1eddi h\u1ea1n \u0111\u1ec3 c\u00e1c B\u00ean c\u1ee7a Qu\u1eadn t\u1ed5 ch\u1ee9c H\u1ed9i ngh\u1ecb Qu\u1eadn c\u1ee7a h\u1ecd l\u00e0 t\u1eeb ng\u00e0y 14 \u0111\u1ebfn ng\u00e0y 24 th\u00e1ng 5 n\u0103m 2020. C\u00e1c Qu\u1eadn kh\u00f4ng th\u1ec3 \u0111i tr\u01b0\u1edbc ho\u1eb7c sau c\u1eeda s\u1ed5 n\u00e0y. \u0110\u00e2y l\u00e0 n\u01a1i m\u1ecdi ng\u01b0\u1eddi c\u00f3 th\u1ec3 b\u1eaft \u0111\u1ea7u qu\u00e1 tr\u00ecnh tr\u1edf th\u00e0nh \u0110\u1ea1i bi\u1ec3u Qu\u1ed1c gia tham gia C\u00f4ng \u01b0\u1edbc Qu\u1ed1c gia.<\/div>\n<div><\/div>\n<div><b>\u00a0<\/b><\/div>","protected":false},"excerpt":{"rendered":"<p>Th\u1eddi h\u1ea1n \u0111\u1ec3 c\u00e1c B\u00ean c\u1ee7a Qu\u1eadn t\u1ed5 ch\u1ee9c H\u1ed9i ngh\u1ecb Qu\u1eadn c\u1ee7a h\u1ecd l\u00e0 t\u1eeb ng\u00e0y 14 \u0111\u1ebfn ng\u00e0y 24 th\u00e1ng 5 n\u0103m 2020. C\u00e1c Qu\u1eadn kh\u00f4ng th\u1ec3 \u0111i tr\u01b0\u1edbc ho\u1eb7c sau c\u1eeda s\u1ed5 n\u00e0y. \u0110\u00e2y l\u00e0 n\u01a1i m\u1ecdi ng\u01b0\u1eddi c\u00f3 th\u1ec3 b\u1eaft \u0111\u1ea7u qu\u00e1 tr\u00ecnh tr\u1edf th\u00e0nh \u0110\u1ea1i bi\u1ec3u Qu\u1ed1c gia tham gia C\u00f4ng \u01b0\u1edbc Qu\u1ed1c gia. \u00a0<\/p>","protected":false},"author":19,"featured_media":0,"template":"","meta":{"_acf_changed":false,"_exactmetrics_skip_tracking":false,"_exactmetrics_sitenote_active":false,"_exactmetrics_sitenote_note":"","_exactmetrics_sitenote_category":0,"_tribe_events_status":"","_tribe_events_status_reason":"","footnotes":""},"tags":[],"tribe_events_cat":[],"class_list":["post-8699","tribe_events","type-tribe_events","status-publish","hentry"],"acf":[],"yoast_head":"<!-- This site is optimized with the Yoast SEO plugin v27.4 - https:\/\/yoast.com\/product\/yoast-seo-wordpress\/ -->\n<title>County Conventions &#8211; Nebraska Democratic Party<\/title>\n<meta name=\"robots\" content=\"index, follow, max-snippet:-1, max-image-preview:large, max-video-preview:-1\" \/>\n<link rel=\"canonical\" href=\"https:\/\/nebraskademocrats.org\/vi\/event\/county-conventions\/\" \/>\n<meta property=\"og:locale\" content=\"vi_VN\" \/>\n<meta property=\"og:type\" content=\"article\" \/>\n<meta property=\"og:title\" content=\"County Conventions &#8211; Nebraska Democratic Party\" \/>\n<meta property=\"og:description\" content=\"The window for County Parties to hold their County Convention is May 14-24, 2020. Counties cannot go before or after this window. This is where people can start the process to become a State Delegate to the National Convention. \u00a0\" \/>\n<meta property=\"og:url\" content=\"https:\/\/nebraskademocrats.org\/vi\/event\/county-conventions\/\" \/>\n<meta property=\"og:site_name\" content=\"Nebraska Democratic Party\" \/>\n<meta property=\"article:publisher\" content=\"https:\/\/www.facebook.com\/NebraskaDemocraticParty\/\" \/>\n<meta property=\"article:modified_time\" content=\"2019-09-27T14:05:40+00:00\" \/>\n<meta property=\"og:image\" content=\"https:\/\/nebraskademocrats.org\/wp-content\/uploads\/2018\/09\/ne-dems-fb.jpg\" \/>\n\t<meta property=\"og:image:width\" content=\"1200\" \/>\n\t<meta property=\"og:image:height\" content=\"630\" \/>\n\t<meta property=\"og:image:type\" content=\"image\/jpeg\" \/>\n<meta name=\"twitter:card\" content=\"summary_large_image\" \/>\n<meta name=\"twitter:site\" content=\"@nebraskadems\" \/>\n<script type=\"application\/ld+json\" class=\"yoast-schema-graph\">{\"@context\":\"https:\\\/\\\/schema.org\",\"@graph\":[{\"@type\":\"WebPage\",\"@id\":\"https:\\\/\\\/nebraskademocrats.org\\\/event\\\/county-conventions\\\/\",\"url\":\"https:\\\/\\\/nebraskademocrats.org\\\/event\\\/county-conventions\\\/\",\"name\":\"County Conventions &#8211; Nebraska Democratic Party\",\"isPartOf\":{\"@id\":\"https:\\\/\\\/nebraskademocrats.org\\\/#website\"},\"datePublished\":\"2019-06-20T18:14:57+00:00\",\"dateModified\":\"2019-09-27T14:05:40+00:00\",\"breadcrumb\":{\"@id\":\"https:\\\/\\\/nebraskademocrats.org\\\/event\\\/county-conventions\\\/#breadcrumb\"},\"inLanguage\":\"vi\",\"potentialAction\":[{\"@type\":\"ReadAction\",\"target\":[\"https:\\\/\\\/nebraskademocrats.org\\\/event\\\/county-conventions\\\/\"]}]},{\"@type\":\"BreadcrumbList\",\"@id\":\"https:\\\/\\\/nebraskademocrats.org\\\/event\\\/county-conventions\\\/#breadcrumb\",\"itemListElement\":[{\"@type\":\"ListItem\",\"position\":1,\"name\":\"Home\",\"item\":\"https:\\\/\\\/nebraskademocrats.org\\\/\"},{\"@type\":\"ListItem\",\"position\":2,\"name\":\"Events\",\"item\":\"https:\\\/\\\/nebraskademocrats.org\\\/vi\\\/events\\\/\"},{\"@type\":\"ListItem\",\"position\":3,\"name\":\"County Conventions\"}]},{\"@type\":\"WebSite\",\"@id\":\"https:\\\/\\\/nebraskademocrats.org\\\/#website\",\"url\":\"https:\\\/\\\/nebraskademocrats.org\\\/\",\"name\":\"Nebraska Democratic Party\",\"description\":\"Growing the Good Life for All Nebraskans\",\"publisher\":{\"@id\":\"https:\\\/\\\/nebraskademocrats.org\\\/#organization\"},\"potentialAction\":[{\"@type\":\"SearchAction\",\"target\":{\"@type\":\"EntryPoint\",\"urlTemplate\":\"https:\\\/\\\/nebraskademocrats.org\\\/?s={search_term_string}\"},\"query-input\":{\"@type\":\"PropertyValueSpecification\",\"valueRequired\":true,\"valueName\":\"search_term_string\"}}],\"inLanguage\":\"vi\"},{\"@type\":\"Organization\",\"@id\":\"https:\\\/\\\/nebraskademocrats.org\\\/#organization\",\"name\":\"Nebraska Democratic Party\",\"url\":\"https:\\\/\\\/nebraskademocrats.org\\\/\",\"logo\":{\"@type\":\"ImageObject\",\"inLanguage\":\"vi\",\"@id\":\"https:\\\/\\\/nebraskademocrats.org\\\/#\\\/schema\\\/logo\\\/image\\\/\",\"url\":\"https:\\\/\\\/nebraskadem.wpenginepowered.com\\\/wp-content\\\/uploads\\\/2016\\\/05\\\/NDP2.jpg\",\"contentUrl\":\"https:\\\/\\\/nebraskadem.wpenginepowered.com\\\/wp-content\\\/uploads\\\/2016\\\/05\\\/NDP2.jpg\",\"width\":1000,\"height\":396,\"caption\":\"Nebraska Democratic Party\"},\"image\":{\"@id\":\"https:\\\/\\\/nebraskademocrats.org\\\/#\\\/schema\\\/logo\\\/image\\\/\"},\"sameAs\":[\"https:\\\/\\\/www.facebook.com\\\/NebraskaDemocraticParty\\\/\",\"https:\\\/\\\/x.com\\\/nebraskadems\"]}]}<\/script>\n<!-- \/ Yoast SEO plugin. -->","yoast_head_json":{"title":"County Conventions &#8211; Nebraska Democratic Party","robots":{"index":"index","follow":"follow","max-snippet":"max-snippet:-1","max-image-preview":"max-image-preview:large","max-video-preview":"max-video-preview:-1"},"canonical":"https:\/\/nebraskademocrats.org\/vi\/event\/county-conventions\/","og_locale":"vi_VN","og_type":"article","og_title":"County Conventions &#8211; Nebraska Democratic Party","og_description":"The window for County Parties to hold their County Convention is May 14-24, 2020. Counties cannot go before or after this window. This is where people can start the process to become a State Delegate to the National Convention. \u00a0","og_url":"https:\/\/nebraskademocrats.org\/vi\/event\/county-conventions\/","og_site_name":"Nebraska Democratic Party","article_publisher":"https:\/\/www.facebook.com\/NebraskaDemocraticParty\/","article_modified_time":"2019-09-27T14:05:40+00:00","og_image":[{"width":1200,"height":630,"url":"https:\/\/nebraskademocrats.org\/wp-content\/uploads\/2018\/09\/ne-dems-fb.jpg","type":"image\/jpeg"}],"twitter_card":"summary_large_image","twitter_site":"@nebraskadems","schema":{"@context":"https:\/\/schema.org","@graph":[{"@type":"WebPage","@id":"https:\/\/nebraskademocrats.org\/event\/county-conventions\/","url":"https:\/\/nebraskademocrats.org\/event\/county-conventions\/","name":"County Conventions &#8211; Nebraska Democratic Party","isPartOf":{"@id":"https:\/\/nebraskademocrats.org\/#website"},"datePublished":"2019-06-20T18:14:57+00:00","dateModified":"2019-09-27T14:05:40+00:00","breadcrumb":{"@id":"https:\/\/nebraskademocrats.org\/event\/county-conventions\/#breadcrumb"},"inLanguage":"vi","potentialAction":[{"@type":"ReadAction","target":["https:\/\/nebraskademocrats.org\/event\/county-conventions\/"]}]},{"@type":"BreadcrumbList","@id":"https:\/\/nebraskademocrats.org\/event\/county-conventions\/#breadcrumb","itemListElement":[{"@type":"ListItem","position":1,"name":"Home","item":"https:\/\/nebraskademocrats.org\/"},{"@type":"ListItem","position":2,"name":"Events","item":"https:\/\/nebraskademocrats.org\/vi\/events\/"},{"@type":"ListItem","position":3,"name":"County Conventions"}]},{"@type":"WebSite","@id":"https:\/\/nebraskademocrats.org\/#website","url":"https:\/\/nebraskademocrats.org\/","name":"Nebraska Democratic Party","description":"Ph\u00e1t tri\u1ec3n cu\u1ed9c s\u1ed1ng t\u1ed1t \u0111\u1eb9p cho t\u1ea5t c\u1ea3 Nebraskans","publisher":{"@id":"https:\/\/nebraskademocrats.org\/#organization"},"potentialAction":[{"@type":"SearchAction","target":{"@type":"EntryPoint","urlTemplate":"https:\/\/nebraskademocrats.org\/?s={search_term_string}"},"query-input":{"@type":"PropertyValueSpecification","valueRequired":true,"valueName":"search_term_string"}}],"inLanguage":"vi"},{"@type":"Organization","@id":"https:\/\/nebraskademocrats.org\/#organization","name":"Nebraska Democratic Party","url":"https:\/\/nebraskademocrats.org\/","logo":{"@type":"ImageObject","inLanguage":"vi","@id":"https:\/\/nebraskademocrats.org\/#\/schema\/logo\/image\/","url":"https:\/\/nebraskadem.wpenginepowered.com\/wp-content\/uploads\/2016\/05\/NDP2.jpg","contentUrl":"https:\/\/nebraskadem.wpenginepowered.com\/wp-content\/uploads\/2016\/05\/NDP2.jpg","width":1000,"height":396,"caption":"Nebraska Democratic Party"},"image":{"@id":"https:\/\/nebraskademocrats.org\/#\/schema\/logo\/image\/"},"sameAs":["https:\/\/www.facebook.com\/NebraskaDemocraticParty\/","https:\/\/x.com\/nebraskadems"]}]}},"_links":{"self":[{"href":"https:\/\/nebraskademocrats.org\/vi\/wp-json\/wp\/v2\/tribe_events\/8699","targetHints":{"allow":["GET"]}}],"collection":[{"href":"https:\/\/nebraskademocrats.org\/vi\/wp-json\/wp\/v2\/tribe_events"}],"about":[{"href":"https:\/\/nebraskademocrats.org\/vi\/wp-json\/wp\/v2\/types\/tribe_events"}],"author":[{"embeddable":true,"href":"https:\/\/nebraskademocrats.org\/vi\/wp-json\/wp\/v2\/users\/19"}],"version-history":[{"count":0,"href":"https:\/\/nebraskademocrats.org\/vi\/wp-json\/wp\/v2\/tribe_events\/8699\/revisions"}],"wp:attachment":[{"href":"https:\/\/nebraskademocrats.org\/vi\/wp-json\/wp\/v2\/media?parent=8699"}],"wp:term":[{"taxonomy":"post_tag","embeddable":true,"href":"https:\/\/nebraskademocrats.org\/vi\/wp-json\/wp\/v2\/tags?post=8699"},{"taxonomy":"tribe_events_cat","embeddable":true,"href":"https:\/\/nebraskademocrats.org\/vi\/wp-json\/wp\/v2\/tribe_events_cat?post=8699"}],"curies":[{"name":"wp","href":"https:\/\/api.w.org\/{rel}","templated":true}]}}

Các quy ước của Hạt

<div>Thời hạn để các Bên của Quận tổ chức Hội nghị Quận của họ là từ ngày 14 đến ngày 24 tháng 5 năm 2020. Các Quận không thể đi trước hoặc sau cửa sổ này. Đây là nơi mọi người có thể bắt đầu quá trình trở thành Đại biểu Quốc gia tham gia Công ước Quốc gia.</div>
<div></div>
<div><b> </b></div>

<p>Thời hạn để các Bên của Quận tổ chức Hội nghị Quận của họ là từ ngày 14 đến ngày 24 tháng 5 năm 2020. Các Quận không thể đi trước hoặc sau cửa sổ này. Đây là nơi mọi người có thể bắt đầu quá trình trở thành Đại biểu Quốc gia tham gia Công ước Quốc gia.  </p>

Phát triển cuộc sống tốt đẹp cho tất cả Nebraskans
